| Back to Multiple platform build/check report for BioC 3.17: simplified long |
|
This page was generated on 2023-10-16 11:37:15 -0400 (Mon, 16 Oct 2023).
| Hostname | OS | Arch (*) | R version | Installed pkgs |
|---|---|---|---|---|
| nebbiolo1 | Linux (Ubuntu 22.04.2 LTS) | x86_64 | 4.3.1 (2023-06-16) -- "Beagle Scouts" | 4626 |
| palomino3 | Windows Server 2022 Datacenter | x64 | 4.3.1 (2023-06-16 ucrt) -- "Beagle Scouts" | 4379 |
| merida1 | macOS 12.6.4 Monterey | x86_64 | 4.3.1 (2023-06-16) -- "Beagle Scouts" | 4395 |
| Click on any hostname to see more info about the system (e.g. compilers) (*) as reported by 'uname -p', except on Windows and Mac OS X | ||||
| Package 1232/2230 | Hostname | OS / Arch | INSTALL | BUILD | CHECK | BUILD BIN | ||||||||
| mina 1.8.0 (landing page) Rui Guan
| nebbiolo1 | Linux (Ubuntu 22.04.2 LTS) / x86_64 | OK | OK | WARNINGS | |||||||||
| palomino3 | Windows Server 2022 Datacenter / x64 | OK | OK | WARNINGS | OK | |||||||||
| merida1 | macOS 12.6.4 Monterey / x86_64 | OK | OK | WARNINGS | OK | |||||||||
| kjohnson2 | macOS 12.6.1 Monterey / arm64 | see weekly results here | ||||||||||||
|
To the developers/maintainers of the mina package: - Allow up to 24 hours (and sometimes 48 hours) for your latest push to git@git.bioconductor.org:packages/mina.git to reflect on this report. See Troubleshooting Build Report for more information. - Use the following Renviron settings to reproduce errors and warnings. - If 'R CMD check' started to fail recently on the Linux builder(s) over a missing dependency, add the missing dependency to 'Suggests:' in your DESCRIPTION file. See Renviron.bioc for more information. |
| Package: mina |
| Version: 1.8.0 |
| Command: /Library/Frameworks/R.framework/Resources/bin/R CMD check --install=check:mina.install-out.txt --library=/Library/Frameworks/R.framework/Resources/library --no-vignettes --timings mina_1.8.0.tar.gz |
| StartedAt: 2023-10-16 03:54:50 -0400 (Mon, 16 Oct 2023) |
| EndedAt: 2023-10-16 04:03:15 -0400 (Mon, 16 Oct 2023) |
| EllapsedTime: 504.8 seconds |
| RetCode: 0 |
| Status: WARNINGS |
| CheckDir: mina.Rcheck |
| Warnings: 1 |
##############################################################################
##############################################################################
###
### Running command:
###
### /Library/Frameworks/R.framework/Resources/bin/R CMD check --install=check:mina.install-out.txt --library=/Library/Frameworks/R.framework/Resources/library --no-vignettes --timings mina_1.8.0.tar.gz
###
##############################################################################
##############################################################################
* using log directory ‘/Users/biocbuild/bbs-3.17-bioc/meat/mina.Rcheck’
* using R version 4.3.1 (2023-06-16)
* using platform: x86_64-apple-darwin20 (64-bit)
* R was compiled by
Apple clang version 14.0.3 (clang-1403.0.22.14.1)
GNU Fortran (GCC) 12.2.0
* running under: macOS Monterey 12.6.4
* using session charset: UTF-8
* using option ‘--no-vignettes’
* checking for file ‘mina/DESCRIPTION’ ... OK
* this is package ‘mina’ version ‘1.8.0’
* package encoding: UTF-8
* checking package namespace information ... OK
* checking package dependencies ... OK
* checking if this is a source package ... OK
* checking if there is a namespace ... OK
* checking for hidden files and directories ... OK
* checking for portable file names ... OK
* checking for sufficient/correct file permissions ... OK
* checking whether package ‘mina’ can be installed ... OK
* used C++ compiler: ‘Apple clang version 14.0.0 (clang-1400.0.29.202)’
* used SDK: ‘MacOSX11.3.sdk’
* checking installed package size ... NOTE
installed size is 8.0Mb
sub-directories of 1Mb or more:
data 7.4Mb
* checking package directory ... OK
* checking ‘build’ directory ... OK
* checking DESCRIPTION meta-information ... OK
* checking top-level files ... OK
* checking for left-over files ... OK
* checking index information ... OK
* checking package subdirectories ... OK
* checking R files for non-ASCII characters ... OK
* checking R files for syntax errors ... OK
* checking whether the package can be loaded ... OK
* checking whether the package can be loaded with stated dependencies ... OK
* checking whether the package can be unloaded cleanly ... OK
* checking whether the namespace can be loaded with stated dependencies ... OK
* checking whether the namespace can be unloaded cleanly ... OK
* checking dependencies in R code ... OK
* checking S3 generic/method consistency ... OK
* checking replacement functions ... OK
* checking foreign function calls ... OK
* checking R code for possible problems ... NOTE
sparcc: no visible binding for global variable ‘i’
net_dis_pcoa,character: no visible binding for global variable ‘y’
net_dis_pcoa,character: no visible binding for global variable ‘Group’
net_dis_plot,mina: no visible binding for global variable ‘Group1’
net_dis_plot,mina: no visible binding for global variable ‘Group2’
net_dis_plot,mina: no visible binding for global variable ‘Distance’
net_dis_plot,mina: no visible binding for global variable ‘Sig’
Undefined global functions or variables:
Distance Group Group1 Group2 Sig i y
* checking Rd files ... OK
* checking Rd metadata ... OK
* checking Rd cross-references ... OK
* checking for missing documentation entries ... OK
* checking for code/documentation mismatches ... OK
* checking Rd \usage sections ... OK
* checking Rd contents ... OK
* checking for unstated dependencies in examples ... OK
* checking contents of ‘data’ directory ... OK
* checking data for non-ASCII characters ... OK
* checking LazyData ... WARNING
LazyData DB of 7.4 MB without LazyDataCompression set
See §1.1.6 of 'Writing R Extensions'
* checking data for ASCII and uncompressed saves ... OK
* checking line endings in C/C++/Fortran sources/headers ... OK
* checking compiled code ... NOTE
Note: information on .o files is not available
* checking files in ‘vignettes’ ... OK
* checking examples ... OK
Examples with CPU (user + system) or elapsed time > 5s
user system elapsed
net_dis_plot 52.939 8.579 74.807
net_dis-mina 27.646 4.686 40.710
dis_stat_accessor 21.574 2.992 32.090
com_plot-mina 21.177 2.753 5.184
net_cls-mina 21.242 0.543 29.258
bs_pm-mina 12.796 1.463 15.376
net_cls 11.515 0.523 17.435
net_cls-matrix 11.120 0.233 14.349
get_net_cls_tab 3.760 0.184 5.099
* checking for unstated dependencies in vignettes ... OK
* checking package vignettes in ‘inst/doc’ ... OK
* checking running R code from vignettes ... SKIPPED
* checking re-building of vignette outputs ... SKIPPED
* checking PDF version of manual ... OK
* DONE
Status: 1 WARNING, 3 NOTEs
See
‘/Users/biocbuild/bbs-3.17-bioc/meat/mina.Rcheck/00check.log’
for details.
mina.Rcheck/00install.out
############################################################################## ############################################################################## ### ### Running command: ### ### /Library/Frameworks/R.framework/Resources/bin/R CMD INSTALL mina ### ############################################################################## ############################################################################## * installing to library ‘/Library/Frameworks/R.framework/Versions/4.3-x86_64/Resources/library’ * installing *source* package ‘mina’ ... ** using staged installation ** libs using C++ compiler: ‘Apple clang version 14.0.0 (clang-1400.0.29.202)’ using SDK: ‘MacOSX11.3.sdk’ clang++ -arch x86_64 -std=gnu++17 -I"/Library/Frameworks/R.framework/Resources/include" -DNDEBUG -I'/Library/Frameworks/R.framework/Versions/4.3-x86_64/Resources/library/Rcpp/include' -I'/Library/Frameworks/R.framework/Versions/4.3-x86_64/Resources/library/RcppParallel/include' -I'/Library/Frameworks/R.framework/Versions/4.3-x86_64/Resources/library/RcppArmadillo/include' -I/opt/R/x86_64/include -fPIC -falign-functions=64 -Wall -g -O2 -c RcppExports.cpp -o RcppExports.o clang++ -arch x86_64 -std=gnu++17 -I"/Library/Frameworks/R.framework/Resources/include" -DNDEBUG -I'/Library/Frameworks/R.framework/Versions/4.3-x86_64/Resources/library/Rcpp/include' -I'/Library/Frameworks/R.framework/Versions/4.3-x86_64/Resources/library/RcppParallel/include' -I'/Library/Frameworks/R.framework/Versions/4.3-x86_64/Resources/library/RcppArmadillo/include' -I/opt/R/x86_64/include -fPIC -falign-functions=64 -Wall -g -O2 -c cp_cor.cpp -o cp_cor.o clang++ -arch x86_64 -std=gnu++17 -dynamiclib -Wl,-headerpad_max_install_names -undefined dynamic_lookup -single_module -multiply_defined suppress -L/Library/Frameworks/R.framework/Resources/lib -L/opt/R/x86_64/lib -o mina.so RcppExports.o cp_cor.o -F/Library/Frameworks/R.framework/.. -framework R -Wl,-framework -Wl,CoreFoundation installing to /Library/Frameworks/R.framework/Versions/4.3-x86_64/Resources/library/00LOCK-mina/00new/mina/libs ** R ** data *** moving datasets to lazyload DB ** byte-compile and prepare package for lazy loading Creating a new generic function for ‘norm’ in package ‘mina’ ** help *** installing help indices ** building package indices ** installing vignettes ** testing if installed package can be loaded from temporary location ** checking absolute paths in shared objects and dynamic libraries ** testing if installed package can be loaded from final location ** testing if installed package keeps a record of temporary installation path * DONE (mina)
mina.Rcheck/mina-Ex.timings
| name | user | system | elapsed | |
| adj-matrix | 0.842 | 0.064 | 0.806 | |
| adj-mina | 1.122 | 0.064 | 1.141 | |
| adj | 1.536 | 0.072 | 1.640 | |
| adj_method_list | 0.125 | 0.071 | 0.246 | |
| bs_pm-mina | 12.796 | 1.463 | 15.376 | |
| bs_pm | 2.693 | 0.322 | 3.567 | |
| check_mina | 0.124 | 0.059 | 0.233 | |
| check_mina_de | 0.124 | 0.050 | 0.233 | |
| check_mina_qu | 0.121 | 0.048 | 0.210 | |
| cls_tab | 0.127 | 0.067 | 0.239 | |
| com_dis-matrix | 1.603 | 0.059 | 0.999 | |
| com_dis-mina | 1.061 | 0.019 | 0.291 | |
| com_dis | 1.927 | 0.046 | 0.839 | |
| com_dis_list | 0.212 | 0.077 | 0.373 | |
| com_plot-mina | 21.177 | 2.753 | 5.184 | |
| com_plot | 0.314 | 0.027 | 0.461 | |
| com_r2-mina | 2.332 | 0.044 | 1.363 | |
| com_r2 | 1.712 | 0.256 | 1.880 | |
| data-hmp | 0.002 | 0.003 | 0.006 | |
| data-maize | 0.002 | 0.003 | 0.007 | |
| des_accessor | 0.005 | 0.001 | 0.006 | |
| dis_accessor | 1.088 | 0.031 | 0.242 | |
| dis_stat_accessor | 21.574 | 2.992 | 32.090 | |
| dmr-matrix | 2.055 | 0.098 | 1.080 | |
| dmr-mina | 2.041 | 0.026 | 0.970 | |
| dmr | 2.027 | 0.036 | 0.977 | |
| dmr_accessor | 2.009 | 0.060 | 1.001 | |
| fit_tabs-mina | 1.015 | 0.234 | 1.761 | |
| fit_tabs | 1.598 | 0.129 | 2.417 | |
| get_net_cls_tab-matrix-data.frame-method | 3.434 | 0.264 | 4.781 | |
| get_net_cls_tab | 3.760 | 0.184 | 5.099 | |
| get_r2-mat | 2.281 | 0.065 | 1.363 | |
| get_r2 | 2.262 | 0.033 | 1.338 | |
| get_rep-matrix | 0.515 | 0.033 | 0.739 | |
| get_rep-mima | 1.360 | 0.130 | 1.957 | |
| hmp_des | 0.002 | 0.002 | 0.006 | |
| hmp_otu | 0.001 | 0.003 | 0.012 | |
| maize_asv | 0.002 | 0.003 | 0.003 | |
| maize_asv2 | 0.001 | 0.003 | 0.006 | |
| maize_des | 0.001 | 0.002 | 0.004 | |
| maize_des2 | 0.002 | 0.002 | 0.005 | |
| mina-class | 0.002 | 0.001 | 0.002 | |
| net_cls-matrix | 11.120 | 0.233 | 14.349 | |
| net_cls-mina | 21.242 | 0.543 | 29.258 | |
| net_cls | 11.515 | 0.523 | 17.435 | |
| net_cls_tab-mina-method | 2.811 | 0.036 | 3.793 | |
| net_cls_tab | 3.434 | 0.340 | 4.933 | |
| net_dis-mina | 27.646 | 4.686 | 40.710 | |
| net_dis | 2.567 | 0.445 | 3.661 | |
| net_dis_indi | 0.000 | 0.001 | 0.002 | |
| net_dis_pcoa | 0.000 | 0.001 | 0.002 | |
| net_dis_plot | 52.939 | 8.579 | 74.807 | |
| net_grp_cmp | 0.001 | 0.001 | 0.001 | |
| net_node_cmp | 0.000 | 0.001 | 0.001 | |
| norm_accessor | 0.060 | 0.087 | 0.188 | |
| norm_tab-matrix | 1.533 | 0.027 | 2.152 | |
| norm_tab-mina | 1.485 | 0.094 | 2.288 | |
| norm_tab | 0.051 | 0.000 | 0.071 | |
| norm_tab_method_list | 0.103 | 0.046 | 0.214 | |
| pcoa_plot | 4.197 | 0.056 | 2.080 | |
| sim_par | 0.000 | 0.001 | 0.002 | |
| sparcc | 0.000 | 0.001 | 0.001 | |
| tab_accessor | 0.001 | 0.002 | 0.001 | |
| tina-matrix-method | 0.000 | 0.001 | 0.002 | |
| tina | 0.000 | 0.000 | 0.001 | |