| Back to Multiple platform build/check report for BioC 3.17: simplified long | 
  | 
This page was generated on 2023-10-16 11:37:14 -0400 (Mon, 16 Oct 2023).
| Hostname | OS | Arch (*) | R version | Installed pkgs | 
|---|---|---|---|---|
| nebbiolo1 | Linux (Ubuntu 22.04.2 LTS) | x86_64 | 4.3.1 (2023-06-16) -- "Beagle Scouts" | 4626 | 
| palomino3 | Windows Server 2022 Datacenter | x64 | 4.3.1 (2023-06-16 ucrt) -- "Beagle Scouts" | 4379 | 
| merida1 | macOS 12.6.4 Monterey | x86_64 | 4.3.1 (2023-06-16) -- "Beagle Scouts" | 4395 | 
| Click on any hostname to see more info about the system (e.g. compilers) (*) as reported by 'uname -p', except on Windows and Mac OS X | ||||
| Package 1203/2230 | Hostname | OS / Arch | INSTALL | BUILD | CHECK | BUILD BIN | ||||||||
| methylPipe 1.34.1  (landing page) Mattia Furlan 
  | nebbiolo1 | Linux (Ubuntu 22.04.2 LTS) / x86_64 | OK | OK | WARNINGS | |||||||||
| palomino3 | Windows Server 2022 Datacenter / x64 | OK | OK | WARNINGS | OK | |||||||||
| merida1 | macOS 12.6.4 Monterey / x86_64 | OK | OK | WARNINGS | OK | |||||||||
| kjohnson2 | macOS 12.6.1 Monterey / arm64 | see weekly results here | ||||||||||||
| 
To the developers/maintainers of the methylPipe package: - Allow up to 24 hours (and sometimes 48 hours) for your latest push to git@git.bioconductor.org:packages/methylPipe.git to reflect on this report. See Troubleshooting Build Report for more information. - Use the following Renviron settings to reproduce errors and warnings. - If 'R CMD check' started to fail recently on the Linux builder(s) over a missing dependency, add the missing dependency to 'Suggests:' in your DESCRIPTION file. See Renviron.bioc for more information.  | 
| Package: methylPipe | 
| Version: 1.34.1 | 
| Command: /Library/Frameworks/R.framework/Resources/bin/R CMD check --install=check:methylPipe.install-out.txt --library=/Library/Frameworks/R.framework/Resources/library --no-vignettes --timings methylPipe_1.34.1.tar.gz | 
| StartedAt: 2023-10-16 03:47:07 -0400 (Mon, 16 Oct 2023) | 
| EndedAt: 2023-10-16 04:05:15 -0400 (Mon, 16 Oct 2023) | 
| EllapsedTime: 1088.6 seconds | 
| RetCode: 0 | 
| Status: WARNINGS | 
| CheckDir: methylPipe.Rcheck | 
| Warnings: 2 | 
##############################################################################
##############################################################################
###
### Running command:
###
###   /Library/Frameworks/R.framework/Resources/bin/R CMD check --install=check:methylPipe.install-out.txt --library=/Library/Frameworks/R.framework/Resources/library --no-vignettes --timings methylPipe_1.34.1.tar.gz
###
##############################################################################
##############################################################################
* using log directory ‘/Users/biocbuild/bbs-3.17-bioc/meat/methylPipe.Rcheck’
* using R version 4.3.1 (2023-06-16)
* using platform: x86_64-apple-darwin20 (64-bit)
* R was compiled by
    Apple clang version 14.0.3 (clang-1403.0.22.14.1)
    GNU Fortran (GCC) 12.2.0
* running under: macOS Monterey 12.6.4
* using session charset: UTF-8
* using option ‘--no-vignettes’
* checking for file ‘methylPipe/DESCRIPTION’ ... OK
* checking extension type ... Package
* this is package ‘methylPipe’ version ‘1.34.1’
* checking package namespace information ... OK
* checking package dependencies ... OK
* checking if this is a source package ... OK
* checking if there is a namespace ... OK
* checking for hidden files and directories ... OK
* checking for portable file names ... OK
* checking for sufficient/correct file permissions ... OK
* checking whether package ‘methylPipe’ can be installed ... OK
* used C compiler: ‘Apple clang version 14.0.0 (clang-1400.0.29.202)’
* used SDK: ‘MacOSX11.3.sdk’
* checking installed package size ... OK
* checking package directory ... OK
* checking ‘build’ directory ... OK
* checking DESCRIPTION meta-information ... OK
* checking top-level files ... OK
* checking for left-over files ... OK
* checking index information ... OK
* checking package subdirectories ... OK
* checking R files for non-ASCII characters ... OK
* checking R files for syntax errors ... OK
* checking whether the package can be loaded ... OK
* checking whether the package can be loaded with stated dependencies ... OK
* checking whether the package can be unloaded cleanly ... OK
* checking whether the namespace can be loaded with stated dependencies ... OK
* checking whether the namespace can be unloaded cleanly ... OK
* checking startup messages can be suppressed ... OK
* checking dependencies in R code ... OK
* checking S3 generic/method consistency ... OK
* checking replacement functions ... OK
* checking foreign function calls ... OK
* checking R code for possible problems ... NOTE
findPMDs,BSdata : PMDchr: no visible global function definition for
  'segmentPMDs'
show,BSdata: no visible global function definition for 'organism'
show,BSdataSet: no visible global function definition for 'organism'
Undefined global functions or variables:
  organism segmentPMDs
* checking Rd files ... OK
* checking Rd metadata ... OK
* checking Rd cross-references ... OK
* checking for missing documentation entries ... WARNING
Undocumented S4 methods:
  generic '[' and siglist 'BSdataSet,ANY,ANY,ANY'
  generic '[' and siglist 'GElist,ANY,ANY,ANY'
  generic '[[<-' and siglist 'BSdataSet,ANY,ANY,ANY'
  generic '[[<-' and siglist 'GElist,ANY,ANY,ANY'
All user-level objects in a package (including S4 classes and methods)
should have documentation entries.
See chapter ‘Writing R documentation files’ in the ‘Writing R
Extensions’ manual.
* checking for code/documentation mismatches ... OK
* checking Rd \usage sections ... OK
* checking Rd contents ... OK
* checking for unstated dependencies in examples ... OK
* checking line endings in C/C++/Fortran sources/headers ... OK
* checking compiled code ... NOTE
Note: information on .o files is not available
* checking sizes of PDF files under ‘inst/doc’ ... OK
* checking files in ‘vignettes’ ... OK
* checking examples ... WARNING
Found the following significant warnings:
  Warning: working directory was changed to '/private/tmp/RtmpdG9sNM', resetting
Examples with CPU (user + system) or elapsed time > 5s
                     user system elapsed
plotMeth           38.984  1.457  62.529
GEcollection-class  4.472  0.381   6.932
findDMR             1.975  2.661  72.921
methstats           1.455  0.261  50.482
findPMDs            0.292  0.186  51.660
* checking for unstated dependencies in vignettes ... OK
* checking package vignettes in ‘inst/doc’ ... OK
* checking running R code from vignettes ... SKIPPED
* checking re-building of vignette outputs ... SKIPPED
* checking PDF version of manual ... OK
* DONE
Status: 2 WARNINGs, 2 NOTEs
See
  ‘/Users/biocbuild/bbs-3.17-bioc/meat/methylPipe.Rcheck/00check.log’
for details.
methylPipe.Rcheck/00install.out
############################################################################## ############################################################################## ### ### Running command: ### ### /Library/Frameworks/R.framework/Resources/bin/R CMD INSTALL methylPipe ### ############################################################################## ############################################################################## * installing to library ‘/Library/Frameworks/R.framework/Versions/4.3-x86_64/Resources/library’ * installing *source* package ‘methylPipe’ ... ** using staged installation ** libs using C compiler: ‘Apple clang version 14.0.0 (clang-1400.0.29.202)’ using SDK: ‘MacOSX11.3.sdk’ clang -arch x86_64 -I"/Library/Frameworks/R.framework/Resources/include" -DNDEBUG -I/opt/R/x86_64/include -fPIC -falign-functions=64 -Wall -g -O2 -c R_init_methylPipe.c -o R_init_methylPipe.o clang -arch x86_64 -I"/Library/Frameworks/R.framework/Resources/include" -DNDEBUG -I/opt/R/x86_64/include -fPIC -falign-functions=64 -Wall -g -O2 -c binning.c -o binning.o clang -arch x86_64 -dynamiclib -Wl,-headerpad_max_install_names -undefined dynamic_lookup -single_module -multiply_defined suppress -L/Library/Frameworks/R.framework/Resources/lib -L/opt/R/x86_64/lib -o methylPipe.so R_init_methylPipe.o binning.o -F/Library/Frameworks/R.framework/.. -framework R -Wl,-framework -Wl,CoreFoundation installing to /Library/Frameworks/R.framework/Versions/4.3-x86_64/Resources/library/00LOCK-methylPipe/00new/methylPipe/libs ** R ** exec ** inst ** byte-compile and prepare package for lazy loading ** help *** installing help indices ** building package indices ** installing vignettes ** testing if installed package can be loaded from temporary location ** checking absolute paths in shared objects and dynamic libraries ** testing if installed package can be loaded from final location ** testing if installed package keeps a record of temporary installation path * DONE (methylPipe)
methylPipe.Rcheck/methylPipe-Ex.timings
| name | user | system | elapsed | |
| BSdata-class | 0.409 | 0.054 | 0.667 | |
| BSdataSet-class | 0.278 | 0.034 | 0.463 | |
| BSprepare | 0 | 0 | 0 | |
| GEcollection-class | 4.472 | 0.381 | 6.932 | |
| GElist-class | 0.062 | 0.002 | 0.098 | |
| chiCombP | 0.001 | 0.001 | 0.001 | |
| consolidateDMRs | 0.385 | 0.005 | 0.563 | |
| extractBinGRanges | 0.044 | 0.002 | 0.063 | |
| findDMR | 1.975 | 2.661 | 72.921 | |
| findPMDs | 0.292 | 0.186 | 51.660 | |
| getCpos | 0.167 | 0.010 | 0.177 | |
| getCposDensity | 0.149 | 0.011 | 0.194 | |
| mCsmoothing | 0.537 | 0.013 | 0.729 | |
| mapBSdata2GRanges | 2.016 | 0.020 | 2.717 | |
| methstats | 1.455 | 0.261 | 50.482 | |
| plotMeth | 38.984 | 1.457 | 62.529 | |
| pool.reads | 0.000 | 0.000 | 0.001 | |
| process.hmc | 0.001 | 0.000 | 0.000 | |
| profileDNAmetBin | 2.598 | 0.136 | 3.496 | |