| Back to Multiple platform build/check report for BioC 3.17: simplified long |
|
This page was generated on 2023-10-16 11:37:08 -0400 (Mon, 16 Oct 2023).
| Hostname | OS | Arch (*) | R version | Installed pkgs |
|---|---|---|---|---|
| nebbiolo1 | Linux (Ubuntu 22.04.2 LTS) | x86_64 | 4.3.1 (2023-06-16) -- "Beagle Scouts" | 4626 |
| palomino3 | Windows Server 2022 Datacenter | x64 | 4.3.1 (2023-06-16 ucrt) -- "Beagle Scouts" | 4379 |
| merida1 | macOS 12.6.4 Monterey | x86_64 | 4.3.1 (2023-06-16) -- "Beagle Scouts" | 4395 |
| Click on any hostname to see more info about the system (e.g. compilers) (*) as reported by 'uname -p', except on Windows and Mac OS X | ||||
| Package 938/2230 | Hostname | OS / Arch | INSTALL | BUILD | CHECK | BUILD BIN | ||||||||
| hipathia 3.0.2 (landing page) Marta R. Hidalgo
| nebbiolo1 | Linux (Ubuntu 22.04.2 LTS) / x86_64 | OK | OK | WARNINGS | |||||||||
| palomino3 | Windows Server 2022 Datacenter / x64 | OK | OK | WARNINGS | OK | |||||||||
| merida1 | macOS 12.6.4 Monterey / x86_64 | OK | OK | WARNINGS | OK | |||||||||
| kjohnson2 | macOS 12.6.1 Monterey / arm64 | see weekly results here | ||||||||||||
|
To the developers/maintainers of the hipathia package: - Allow up to 24 hours (and sometimes 48 hours) for your latest push to git@git.bioconductor.org:packages/hipathia.git to reflect on this report. See Troubleshooting Build Report for more information. - Use the following Renviron settings to reproduce errors and warnings. - If 'R CMD check' started to fail recently on the Linux builder(s) over a missing dependency, add the missing dependency to 'Suggests:' in your DESCRIPTION file. See Renviron.bioc for more information. |
| Package: hipathia |
| Version: 3.0.2 |
| Command: /Library/Frameworks/R.framework/Resources/bin/R CMD check --install=check:hipathia.install-out.txt --library=/Library/Frameworks/R.framework/Resources/library --no-vignettes --timings hipathia_3.0.2.tar.gz |
| StartedAt: 2023-10-16 02:40:17 -0400 (Mon, 16 Oct 2023) |
| EndedAt: 2023-10-16 03:17:53 -0400 (Mon, 16 Oct 2023) |
| EllapsedTime: 2255.7 seconds |
| RetCode: 0 |
| Status: WARNINGS |
| CheckDir: hipathia.Rcheck |
| Warnings: 1 |
##############################################################################
##############################################################################
###
### Running command:
###
### /Library/Frameworks/R.framework/Resources/bin/R CMD check --install=check:hipathia.install-out.txt --library=/Library/Frameworks/R.framework/Resources/library --no-vignettes --timings hipathia_3.0.2.tar.gz
###
##############################################################################
##############################################################################
* using log directory ‘/Users/biocbuild/bbs-3.17-bioc/meat/hipathia.Rcheck’
* using R version 4.3.1 (2023-06-16)
* using platform: x86_64-apple-darwin20 (64-bit)
* R was compiled by
Apple clang version 14.0.3 (clang-1403.0.22.14.1)
GNU Fortran (GCC) 12.2.0
* running under: macOS Monterey 12.6.4
* using session charset: UTF-8
* using option ‘--no-vignettes’
* checking for file ‘hipathia/DESCRIPTION’ ... OK
* this is package ‘hipathia’ version ‘3.0.2’
* package encoding: UTF-8
* checking package namespace information ... OK
* checking package dependencies ... OK
* checking if this is a source package ... OK
* checking if there is a namespace ... OK
* checking for hidden files and directories ... OK
* checking for portable file names ... OK
* checking for sufficient/correct file permissions ... OK
* checking whether package ‘hipathia’ can be installed ... OK
* checking installed package size ... NOTE
installed size is 9.0Mb
sub-directories of 1Mb or more:
data 4.1Mb
extdata 4.4Mb
* checking package directory ... OK
* checking ‘build’ directory ... OK
* checking DESCRIPTION meta-information ... OK
* checking top-level files ... OK
* checking for left-over files ... OK
* checking index information ... OK
* checking package subdirectories ... OK
* checking R files for non-ASCII characters ... OK
* checking R files for syntax errors ... OK
* checking whether the package can be loaded ... OK
* checking whether the package can be loaded with stated dependencies ... OK
* checking whether the package can be unloaded cleanly ... OK
* checking whether the namespace can be loaded with stated dependencies ... OK
* checking whether the namespace can be unloaded cleanly ... OK
* checking dependencies in R code ... OK
* checking S3 generic/method consistency ... OK
* checking replacement functions ... OK
* checking foreign function calls ... OK
* checking R code for possible problems ... NOTE
DAreport: no visible binding for global variable ‘ID’
DAreport: no visible binding for global variable ‘FDRp.value’
DAtop : <anonymous>: no visible binding for global variable
‘FDRp.value’
DAtop : <anonymous>: no visible binding for global variable ‘statistic’
DAtop : <anonymous>: no visible binding for global variable ‘p.value’
DAtop : <anonymous>: no visible binding for global variable ‘name’
DAtop : <anonymous>: no visible binding for global variable ‘logPV’
DAtop : <anonymous>: no visible binding for global variable ‘feature’
DAtop: no visible binding for global variable ‘name’
DAtop: no visible binding for global variable ‘logPV’
DAtop: no visible binding for global variable ‘direction’
get_edges_df: no visible binding for global variable ‘from’
get_edges_df: no visible binding for global variable ‘to’
hipathia: no visible binding for global variable ‘dbannot’
nsig_plot: no visible binding for global variable ‘total’
nsig_plot: no visible binding for global variable ‘UPs’
nsig_plot: no visible binding for global variable ‘DOWNs’
nsig_plot: no visible binding for global variable ‘feature’
nsig_plot: no visible binding for global variable ‘UP’
nsig_plot: no visible binding for global variable ‘DOWN’
nsig_plot: no visible binding for global variable ‘Not’
nsig_plot: no visible binding for global variable ‘value’
nsig_plot: no visible binding for global variable ‘variable’
prepare_DAedges: no visible binding for global variable ‘to’
prepare_DAedges: no visible binding for global variable ‘functional’
prepare_DAedges: no visible binding for global variable ‘status’
prepare_DAedges: no visible binding for global variable ‘type’
prepare_DAnodes : <anonymous>: no visible binding for global variable
‘ID’
prepare_DAnodes : <anonymous>: no visible binding for global variable
‘FDRp.value’
prepare_DAnodes : <anonymous>: no visible binding for global variable
‘statistic’
prepare_DAnodes : <anonymous>: no visible binding for global variable
‘p.value’
prepare_edges: no visible binding for global variable ‘to’
prepare_edges: no visible binding for global variable ‘functional’
summary_plot: no visible binding for global variable ‘total’
summary_plot: no visible binding for global variable ‘UPs’
summary_plot: no visible binding for global variable ‘DOWNs’
summary_plot: no visible binding for global variable ‘name’
summary_plot: no visible binding for global variable ‘UP’
summary_plot: no visible binding for global variable ‘DOWN’
summary_plot: no visible binding for global variable ‘Not’
summary_plot: no visible binding for global variable ‘value’
summary_plot: no visible binding for global variable ‘variable’
summary_plot: no visible binding for global variable ‘UP.nodes’
summary_plot: no visible binding for global variable ‘DOWN.nodes’
summary_plot: no visible binding for global variable ‘nodes’
summary_plot: no visible binding for global variable ‘ratio.sigs’
summary_plot: no visible binding for global variable ‘ratio.UPs’
summary_plot: no visible binding for global variable ‘ratio.DOWNs’
Undefined global functions or variables:
DOWN DOWN.nodes DOWNs FDRp.value ID Not UP UP.nodes UPs dbannot
direction feature from functional logPV name nodes p.value
ratio.DOWNs ratio.UPs ratio.sigs statistic status to total type value
variable
* checking Rd files ... OK
* checking Rd metadata ... OK
* checking Rd cross-references ... OK
* checking for missing documentation entries ... OK
* checking for code/documentation mismatches ... OK
* checking Rd \usage sections ... WARNING
Documented arguments not in \usage in documentation object 'hipathia':
‘scale’
Functions with \usage entries need to have the appropriate \alias
entries, and all their arguments documented.
The \usage entries must correspond to syntactically valid R code.
See chapter ‘Writing R documentation files’ in the ‘Writing R
Extensions’ manual.
* checking Rd contents ... OK
* checking for unstated dependencies in examples ... OK
* checking contents of ‘data’ directory ... OK
* checking data for non-ASCII characters ... OK
* checking LazyData ... OK
* checking data for ASCII and uncompressed saves ... OK
* checking sizes of PDF files under ‘inst/doc’ ... OK
* checking files in ‘vignettes’ ... OK
* checking examples ... OK
Examples with CPU (user + system) or elapsed time > 5s
user system elapsed
quantify_terms 54.242 2.412 76.780
get_pathways_annotations 42.705 1.483 54.455
create_report 42.338 1.625 57.972
normalize_data 41.969 0.720 64.341
hipathia 41.408 0.888 59.378
pathway_comparison_plot 38.742 0.998 59.810
load_pathways 38.827 0.811 51.987
translate_data 38.928 0.708 53.785
visualize_report 38.295 0.927 53.043
get_path_names 38.122 1.017 56.925
node_color_per_de 37.764 0.844 52.985
node_color 37.674 0.825 56.768
normalize_paths 37.647 0.805 53.454
get_pathways_summary 37.541 0.836 49.198
save_results 37.131 1.034 53.692
get_node_names 36.715 0.930 51.742
get_pathways_list 36.652 0.780 48.443
get_go_names 6.712 0.625 9.966
* checking for unstated dependencies in ‘tests’ ... OK
* checking tests ...
Running ‘testthat.R’
OK
* checking for unstated dependencies in vignettes ... OK
* checking package vignettes in ‘inst/doc’ ... OK
* checking running R code from vignettes ... SKIPPED
* checking re-building of vignette outputs ... SKIPPED
* checking PDF version of manual ... OK
* DONE
Status: 1 WARNING, 2 NOTEs
See
‘/Users/biocbuild/bbs-3.17-bioc/meat/hipathia.Rcheck/00check.log’
for details.
hipathia.Rcheck/00install.out
############################################################################## ############################################################################## ### ### Running command: ### ### /Library/Frameworks/R.framework/Resources/bin/R CMD INSTALL hipathia ### ############################################################################## ############################################################################## * installing to library ‘/Library/Frameworks/R.framework/Versions/4.3-x86_64/Resources/library’ * installing *source* package ‘hipathia’ ... ** using staged installation ** R ** data *** moving datasets to lazyload DB ** inst ** byte-compile and prepare package for lazy loading ** help *** installing help indices ** building package indices ** installing vignettes ** testing if installed package can be loaded from temporary location ** testing if installed package can be loaded from final location ** testing if installed package keeps a record of temporary installation path * DONE (hipathia)
hipathia.Rcheck/tests/testthat.Rout
R version 4.3.1 (2023-06-16) -- "Beagle Scouts"
Copyright (C) 2023 The R Foundation for Statistical Computing
Platform: x86_64-apple-darwin20 (64-bit)
R is free software and comes with ABSOLUTELY NO WARRANTY.
You are welcome to redistribute it under certain conditions.
Type 'license()' or 'licence()' for distribution details.
R is a collaborative project with many contributors.
Type 'contributors()' for more information and
'citation()' on how to cite R or R packages in publications.
Type 'demo()' for some demos, 'help()' for on-line help, or
'help.start()' for an HTML browser interface to help.
Type 'q()' to quit R.
> library(testthat)
> library(hipathia)
Loading required package: igraph
Attaching package: 'igraph'
The following object is masked from 'package:testthat':
compare
The following objects are masked from 'package:stats':
decompose, spectrum
The following object is masked from 'package:base':
union
Loading required package: AnnotationHub
Loading required package: BiocGenerics
Attaching package: 'BiocGenerics'
The following objects are masked from 'package:igraph':
normalize, path, union
The following objects are masked from 'package:stats':
IQR, mad, sd, var, xtabs
The following objects are masked from 'package:base':
Filter, Find, Map, Position, Reduce, anyDuplicated, aperm, append,
as.data.frame, basename, cbind, colnames, dirname, do.call,
duplicated, eval, evalq, get, grep, grepl, intersect, is.unsorted,
lapply, mapply, match, mget, order, paste, pmax, pmax.int, pmin,
pmin.int, rank, rbind, rownames, sapply, setdiff, sort, table,
tapply, union, unique, unsplit, which.max, which.min
Loading required package: BiocFileCache
Loading required package: dbplyr
Loading required package: MultiAssayExperiment
Loading required package: SummarizedExperiment
Loading required package: MatrixGenerics
Loading required package: matrixStats
Attaching package: 'MatrixGenerics'
The following objects are masked from 'package:matrixStats':
colAlls, colAnyNAs, colAnys, colAvgsPerRowSet, colCollapse,
colCounts, colCummaxs, colCummins, colCumprods, colCumsums,
colDiffs, colIQRDiffs, colIQRs, colLogSumExps, colMadDiffs,
colMads, colMaxs, colMeans2, colMedians, colMins, colOrderStats,
colProds, colQuantiles, colRanges, colRanks, colSdDiffs, colSds,
colSums2, colTabulates, colVarDiffs, colVars, colWeightedMads,
colWeightedMeans, colWeightedMedians, colWeightedSds,
colWeightedVars, rowAlls, rowAnyNAs, rowAnys, rowAvgsPerColSet,
rowCollapse, rowCounts, rowCummaxs, rowCummins, rowCumprods,
rowCumsums, rowDiffs, rowIQRDiffs, rowIQRs, rowLogSumExps,
rowMadDiffs, rowMads, rowMaxs, rowMeans2, rowMedians, rowMins,
rowOrderStats, rowProds, rowQuantiles, rowRanges, rowRanks,
rowSdDiffs, rowSds, rowSums2, rowTabulates, rowVarDiffs, rowVars,
rowWeightedMads, rowWeightedMeans, rowWeightedMedians,
rowWeightedSds, rowWeightedVars
Loading required package: GenomicRanges
Loading required package: stats4
Loading required package: S4Vectors
Attaching package: 'S4Vectors'
The following object is masked from 'package:utils':
findMatches
The following objects are masked from 'package:base':
I, expand.grid, unname
Loading required package: IRanges
Loading required package: GenomeInfoDb
Loading required package: Biobase
Welcome to Bioconductor
Vignettes contain introductory material; view with
'browseVignettes()'. To cite Bioconductor, see
'citation("Biobase")', and for packages 'citation("pkgname")'.
Attaching package: 'Biobase'
The following object is masked from 'package:MatrixGenerics':
rowMedians
The following objects are masked from 'package:matrixStats':
anyMissing, rowMedians
The following object is masked from 'package:AnnotationHub':
cache
>
> test_check("hipathia")
Computing pathways...
Computing pathways...
translated ids = 3184 (1)
untranslated ids = 3 (0.00094)
multihit ids = 0 (0)
[ FAIL 0 | WARN 0 | SKIP 0 | PASS 119 ]
>
> proc.time()
user system elapsed
498.519 15.678 719.060
hipathia.Rcheck/hipathia-Ex.timings
| name | user | system | elapsed | |
| DAcomp | 1.839 | 0.132 | 2.580 | |
| DAoverview | 1.584 | 0.023 | 2.103 | |
| DApathway | 2.529 | 0.203 | 3.601 | |
| DAreport | 1.038 | 0.116 | 1.550 | |
| DAsummary | 1.820 | 0.028 | 2.398 | |
| DAtop | 1.231 | 0.014 | 1.597 | |
| create_report | 42.338 | 1.625 | 57.972 | |
| define_colors | 0.002 | 0.001 | 0.002 | |
| do_pca | 0.064 | 0.005 | 0.090 | |
| do_wilcoxon | 0.166 | 0.010 | 0.236 | |
| get_go_names | 6.712 | 0.625 | 9.966 | |
| get_node_names | 36.715 | 0.930 | 51.742 | |
| get_nodes_data | 0.005 | 0.004 | 0.013 | |
| get_path_names | 38.122 | 1.017 | 56.925 | |
| get_paths_data | 0.006 | 0.004 | 0.013 | |
| get_pathways_annotations | 42.705 | 1.483 | 54.455 | |
| get_pathways_list | 36.652 | 0.780 | 48.443 | |
| get_pathways_summary | 37.541 | 0.836 | 49.198 | |
| heatmap_plot | 0.387 | 0.017 | 0.486 | |
| hhead | 0.002 | 0.003 | 0.006 | |
| hipathia | 41.408 | 0.888 | 59.378 | |
| load_pathways | 38.827 | 0.811 | 51.987 | |
| multiple_pca_plot | 0.048 | 0.006 | 0.066 | |
| node_color | 37.674 | 0.825 | 56.768 | |
| node_color_per_de | 37.764 | 0.844 | 52.985 | |
| normalize_data | 41.969 | 0.720 | 64.341 | |
| normalize_paths | 37.647 | 0.805 | 53.454 | |
| paths_to_go_ancestor | 0.573 | 0.018 | 0.827 | |
| pathway_comparison_plot | 38.742 | 0.998 | 59.810 | |
| pca_plot | 0.035 | 0.006 | 0.052 | |
| quantify_terms | 54.242 | 2.412 | 76.780 | |
| save_results | 37.131 | 1.034 | 53.692 | |
| top_pathways | 0.019 | 0.005 | 0.033 | |
| translate_data | 38.928 | 0.708 | 53.785 | |
| visualize_report | 38.295 | 0.927 | 53.043 | |