| Back to Multiple platform build/check report for BioC 3.17: simplified long | 
  | 
This page was generated on 2023-10-16 11:35:25 -0400 (Mon, 16 Oct 2023).
| Hostname | OS | Arch (*) | R version | Installed pkgs | 
|---|---|---|---|---|
| nebbiolo1 | Linux (Ubuntu 22.04.2 LTS) | x86_64 | 4.3.1 (2023-06-16) -- "Beagle Scouts" | 4626 | 
| palomino3 | Windows Server 2022 Datacenter | x64 | 4.3.1 (2023-06-16 ucrt) -- "Beagle Scouts" | 4379 | 
| merida1 | macOS 12.6.4 Monterey | x86_64 | 4.3.1 (2023-06-16) -- "Beagle Scouts" | 4395 | 
| Click on any hostname to see more info about the system (e.g. compilers) (*) as reported by 'uname -p', except on Windows and Mac OS X | ||||
| Package 909/2230 | Hostname | OS / Arch | INSTALL | BUILD | CHECK | BUILD BIN | ||||||||
| hapFabia 1.42.0  (landing page) Andreas Mitterecker 
  | nebbiolo1 | Linux (Ubuntu 22.04.2 LTS) / x86_64 | OK | OK | WARNINGS | |||||||||
| palomino3 | Windows Server 2022 Datacenter / x64 | OK | OK | WARNINGS | OK | |||||||||
| merida1 | macOS 12.6.4 Monterey / x86_64 | OK | OK | WARNINGS | OK | |||||||||
| kjohnson2 | macOS 12.6.1 Monterey / arm64 | see weekly results here | ||||||||||||
| 
To the developers/maintainers of the hapFabia package: - Allow up to 24 hours (and sometimes 48 hours) for your latest push to git@git.bioconductor.org:packages/hapFabia.git to reflect on this report. See Troubleshooting Build Report for more information. - Use the following Renviron settings to reproduce errors and warnings. - If 'R CMD check' started to fail recently on the Linux builder(s) over a missing dependency, add the missing dependency to 'Suggests:' in your DESCRIPTION file. See Renviron.bioc for more information.  | 
| Package: hapFabia | 
| Version: 1.42.0 | 
| Command: /home/biocbuild/bbs-3.17-bioc/R/bin/R CMD check --install=check:hapFabia.install-out.txt --library=/home/biocbuild/bbs-3.17-bioc/R/site-library --timings hapFabia_1.42.0.tar.gz | 
| StartedAt: 2023-10-15 21:57:19 -0400 (Sun, 15 Oct 2023) | 
| EndedAt: 2023-10-15 21:58:35 -0400 (Sun, 15 Oct 2023) | 
| EllapsedTime: 76.1 seconds | 
| RetCode: 0 | 
| Status: WARNINGS | 
| CheckDir: hapFabia.Rcheck | 
| Warnings: 2 | 
##############################################################################
##############################################################################
###
### Running command:
###
###   /home/biocbuild/bbs-3.17-bioc/R/bin/R CMD check --install=check:hapFabia.install-out.txt --library=/home/biocbuild/bbs-3.17-bioc/R/site-library --timings hapFabia_1.42.0.tar.gz
###
##############################################################################
##############################################################################
* using log directory ‘/home/biocbuild/bbs-3.17-bioc/meat/hapFabia.Rcheck’
* using R version 4.3.1 (2023-06-16)
* using platform: x86_64-pc-linux-gnu (64-bit)
* R was compiled by
    gcc (Ubuntu 11.3.0-1ubuntu1~22.04.1) 11.3.0
    GNU Fortran (Ubuntu 11.3.0-1ubuntu1~22.04.1) 11.3.0
* running under: Ubuntu 22.04.3 LTS
* using session charset: UTF-8
* checking for file ‘hapFabia/DESCRIPTION’ ... OK
* this is package ‘hapFabia’ version ‘1.42.0’
* checking package namespace information ... OK
* checking package dependencies ... OK
* checking if this is a source package ... OK
* checking if there is a namespace ... OK
* checking for hidden files and directories ... OK
* checking for portable file names ... OK
* checking for sufficient/correct file permissions ... OK
* checking whether package ‘hapFabia’ can be installed ... WARNING
Found the following significant warnings:
  /usr/include/x86_64-linux-gnu/bits/string_fortified.h:138:10: warning: ‘__builtin_strncat’ output may be truncated copying 19 bytes from a string of length 1999 [-Wstringop-truncation]
  /usr/include/x86_64-linux-gnu/bits/string_fortified.h:138:10: warning: ‘__builtin_strncat’ output may be truncated copying 190 bytes from a string of length 19999 [-Wstringop-truncation]
  /usr/include/x86_64-linux-gnu/bits/string_fortified.h:138:10: warning: ‘__builtin_strncat’ output may be truncated copying 190 bytes from a string of length 1999999 [-Wstringop-truncation]
  /usr/include/x86_64-linux-gnu/bits/string_fortified.h:138:10: warning: ‘__builtin_strncat’ output may be truncated copying 49 bytes from a string of length 4999 [-Wstringop-truncation]
See ‘/home/biocbuild/bbs-3.17-bioc/meat/hapFabia.Rcheck/00install.out’ for details.
* used C compiler: ‘gcc (Ubuntu 11.4.0-1ubuntu1~22.04) 11.4.0’
* checking installed package size ... OK
* checking package directory ... OK
* checking ‘build’ directory ... OK
* checking DESCRIPTION meta-information ... OK
* checking top-level files ... OK
* checking for left-over files ... OK
* checking index information ... OK
* checking package subdirectories ... NOTE
Problems with news in ‘NEWS’:
  Cannot process chunk/lines:
    The beginning
* checking R files for non-ASCII characters ... OK
* checking R files for syntax errors ... OK
* checking whether the package can be loaded ... OK
* checking whether the package can be loaded with stated dependencies ... OK
* checking whether the package can be unloaded cleanly ... OK
* checking whether the namespace can be loaded with stated dependencies ... OK
* checking whether the namespace can be unloaded cleanly ... OK
* checking loading without being on the library search path ... OK
* checking startup messages can be suppressed ... OK
* checking dependencies in R code ... OK
* checking S3 generic/method consistency ... OK
* checking replacement functions ... OK
* checking foreign function calls ... OK
* checking R code for possible problems ... NOTE
File ‘hapFabia/R/zzz.R’:
  .onLoad calls:
    packageStartupMessage("+--------------------------+          #    #    ##    #####     \n",     "|#.....#...#.......#.#....#|          #    #   #  #   #    #    \n",     "|#.....#...#.......#.#....#|          ######  #    #  #    #    \n",     "|#.....#...#...............|          #    #  ######  #####     \n",     "|#.....#...#.......#.#....#|          #    #  #    #  #         \n",     "|#.....#...#...............|          #    #  #    #  #         \n",     "|#.....#...#.......#.#....#|  #######                           \n",     "|..................#.#....#|  #         ##    #####   #    ##   \n",     "|#.....#...#.......#.#....#|  #        #  #   #    #  #   #  #  \n",     "|..................#.#....#|  #####   #    #  #####   #  #    # \n",     "|#.....#...#.......#.#....#|  #       ######  #    #  #  ###### \n",     "|#.....#...#.......#.#....#|  #       #    #  #    #  #  #    # \n",     "+--------------------------+  #       #    #  #####   #  #    # \n")
    packageStartupMessage("Citation: S. Hochreiter,", "\n", "HapFABIA: Identification of very short segments of identity by descent characterized by rare variants in large sequencing data,",     "\n", "Nucleic Acids Research, 2013, doi: 10.1093/nar/gkt1013.",     "\n", "BibTex: enter 'toBibtex(citation(\"hapFabia\"))'",     "\n\n", "Homepage: http://www.bioinf.jku.at/software/hapFabia/index.html",     "\n\n", "hapFabia Package Version ", version, "\n")
See section ‘Good practice’ in '?.onAttach'.
* checking Rd files ... WARNING
checkRd: (5) IBDsegment-class.Rd:439: \item in \value must have non-empty label
checkRd: (5) IBDsegment-class.Rd:205-209: \item in \describe must have non-empty label
checkRd: (5) IBDsegment-class.Rd:211-215: \item in \describe must have non-empty label
checkRd: (5) IBDsegment-class.Rd:219-223: \item in \describe must have non-empty label
checkRd: (5) IBDsegment-class.Rd:227-231: \item in \describe must have non-empty label
checkRd: (5) IBDsegment-class.Rd:235-239: \item in \describe must have non-empty label
checkRd: (5) IBDsegment-class.Rd:243-247: \item in \describe must have non-empty label
checkRd: (5) IBDsegment-class.Rd:251-255: \item in \describe must have non-empty label
checkRd: (5) IBDsegment-class.Rd:259-263: \item in \describe must have non-empty label
checkRd: (5) IBDsegment-class.Rd:267-271: \item in \describe must have non-empty label
checkRd: (5) IBDsegment-class.Rd:275-279: \item in \describe must have non-empty label
checkRd: (5) IBDsegment-class.Rd:283-287: \item in \describe must have non-empty label
checkRd: (5) IBDsegment-class.Rd:291-295: \item in \describe must have non-empty label
checkRd: (5) IBDsegment-class.Rd:299-303: \item in \describe must have non-empty label
checkRd: (5) IBDsegment-class.Rd:307-311: \item in \describe must have non-empty label
checkRd: (5) IBDsegment-class.Rd:315-319: \item in \describe must have non-empty label
checkRd: (5) IBDsegment-class.Rd:323-327: \item in \describe must have non-empty label
checkRd: (5) IBDsegment-class.Rd:331-335: \item in \describe must have non-empty label
checkRd: (5) IBDsegment-class.Rd:339-343: \item in \describe must have non-empty label
checkRd: (5) IBDsegment-class.Rd:347-351: \item in \describe must have non-empty label
checkRd: (5) IBDsegment-class.Rd:355-359: \item in \describe must have non-empty label
checkRd: (5) IBDsegment-class.Rd:363-367: \item in \describe must have non-empty label
checkRd: (5) IBDsegment-class.Rd:371-375: \item in \describe must have non-empty label
checkRd: (5) IBDsegment-class.Rd:379-383: \item in \describe must have non-empty label
checkRd: (5) IBDsegmentList-class.Rd:171: \item in \value must have non-empty label
checkRd: (5) IBDsegmentList-class.Rd:92-96: \item in \describe must have non-empty label
checkRd: (5) IBDsegmentList-class.Rd:98-102: \item in \describe must have non-empty label
checkRd: (5) IBDsegmentList-class.Rd:104-108: \item in \describe must have non-empty label
checkRd: (5) IBDsegmentList-class.Rd:111-116: \item in \describe must have non-empty label
checkRd: (5) IBDsegmentList-class.Rd:118-123: \item in \describe must have non-empty label
checkRd: (5) toolsFactorizationClass.Rd:83: \item in \value must have non-empty label
checkRd: (5) toolsFactorizationClass.Rd:84: \item in \value must have non-empty label
checkRd: (5) toolsFactorizationClass.Rd:85: \item in \value must have non-empty label
* checking Rd metadata ... OK
* checking Rd cross-references ... OK
* checking for missing documentation entries ... OK
* checking for code/documentation mismatches ... OK
* checking Rd \usage sections ... OK
* checking Rd contents ... OK
* checking for unstated dependencies in examples ... OK
* checking contents of ‘data’ directory ... OK
* checking data for non-ASCII characters ... OK
* checking data for ASCII and uncompressed saves ... OK
* checking line endings in shell scripts ... OK
* checking line endings in C/C++/Fortran sources/headers ... OK
* checking line endings in Makefiles ... OK
* checking compilation flags in Makevars ... OK
* checking for GNU extensions in Makefiles ... OK
* checking for portable use of $(BLAS_LIBS) and $(LAPACK_LIBS) ... OK
* checking use of PKG_*FLAGS in Makefiles ... OK
* checking compiled code ... NOTE
Note: information on .o files is not available
* checking files in ‘vignettes’ ... OK
* checking examples ... OK
* checking for unstated dependencies in vignettes ... OK
* checking package vignettes in ‘inst/doc’ ... OK
* checking running R code from vignettes ...
  ‘hapfabia.Rnw’... OK
 OK
* checking re-building of vignette outputs ... OK
* checking PDF version of manual ... OK
* DONE
Status: 2 WARNINGs, 3 NOTEs
See
  ‘/home/biocbuild/bbs-3.17-bioc/meat/hapFabia.Rcheck/00check.log’
for details.
hapFabia.Rcheck/00install.out
##############################################################################
##############################################################################
###
### Running command:
###
###   /home/biocbuild/bbs-3.17-bioc/R/bin/R CMD INSTALL hapFabia
###
##############################################################################
##############################################################################
* installing to library ‘/home/biocbuild/bbs-3.17-bioc/R/site-library’
* installing *source* package ‘hapFabia’ ...
** using staged installation
** libs
using C compiler: ‘gcc (Ubuntu 11.4.0-1ubuntu1~22.04) 11.4.0’
gcc -I"/home/biocbuild/bbs-3.17-bioc/R/include" -DNDEBUG   -I/usr/local/include    -fpic  -g -O2  -Wall -c interfaceR.c -o interfaceR.o
gcc -I"/home/biocbuild/bbs-3.17-bioc/R/include" -DNDEBUG   -I/usr/local/include    -fpic  -g -O2  -Wall -c split_sparse_matrixB.c -o split_sparse_matrixB.o
gcc -I"/home/biocbuild/bbs-3.17-bioc/R/include" -DNDEBUG   -I/usr/local/include    -fpic  -g -O2  -Wall -c vcftoFABIAB.c -o vcftoFABIAB.o
vcftoFABIAB.c: In function ‘getdelimS’:
vcftoFABIAB.c:50:7: warning: this ‘if’ clause does not guard... [-Wmisleading-indentation]
   50 |       if (ch == EOF)
      |       ^~
vcftoFABIAB.c:54:10: note: ...this statement, but the latter is misleadingly indented as if it were guarded by the ‘if’
   54 |          while (idx > *linebufsz - 2) {
      |          ^~~~~
In file included from /usr/include/string.h:535,
                 from vcftoFABIAB.c:3:
In function ‘strncat’,
    inlined from ‘vcftoFABIAB’ at vcftoFABIAB.c:394:5:
/usr/include/x86_64-linux-gnu/bits/string_fortified.h:138:10: warning: ‘__builtin_strncat’ output may be truncated copying 19 bytes from a string of length 1999 [-Wstringop-truncation]
  138 |   return __builtin___strncat_chk (__dest, __src, __len,
      |          ^~~~~~~~~~~~~~~~~~~~~~~~~~~~~~~~~~~~~~~~~~~~~~
  139 |                                   __glibc_objsize (__dest));
      |                                   ~~~~~~~~~~~~~~~~~~~~~~~~~
In function ‘strncat’,
    inlined from ‘vcftoFABIAB’ at vcftoFABIAB.c:382:5:
/usr/include/x86_64-linux-gnu/bits/string_fortified.h:138:10: warning: ‘__builtin_strncat’ output may be truncated copying 190 bytes from a string of length 19999 [-Wstringop-truncation]
  138 |   return __builtin___strncat_chk (__dest, __src, __len,
      |          ^~~~~~~~~~~~~~~~~~~~~~~~~~~~~~~~~~~~~~~~~~~~~~
  139 |                                   __glibc_objsize (__dest));
      |                                   ~~~~~~~~~~~~~~~~~~~~~~~~~
In function ‘strncat’,
    inlined from ‘vcftoFABIAB’ at vcftoFABIAB.c:372:5:
/usr/include/x86_64-linux-gnu/bits/string_fortified.h:138:10: warning: ‘__builtin_strncat’ output may be truncated copying 19 bytes from a string of length 1999 [-Wstringop-truncation]
  138 |   return __builtin___strncat_chk (__dest, __src, __len,
      |          ^~~~~~~~~~~~~~~~~~~~~~~~~~~~~~~~~~~~~~~~~~~~~~
  139 |                                   __glibc_objsize (__dest));
      |                                   ~~~~~~~~~~~~~~~~~~~~~~~~~
In function ‘strncat’,
    inlined from ‘vcftoFABIAB’ at vcftoFABIAB.c:362:5:
/usr/include/x86_64-linux-gnu/bits/string_fortified.h:138:10: warning: ‘__builtin_strncat’ output may be truncated copying 19 bytes from a string of length 1999 [-Wstringop-truncation]
  138 |   return __builtin___strncat_chk (__dest, __src, __len,
      |          ^~~~~~~~~~~~~~~~~~~~~~~~~~~~~~~~~~~~~~~~~~~~~~
  139 |                                   __glibc_objsize (__dest));
      |                                   ~~~~~~~~~~~~~~~~~~~~~~~~~
In function ‘strncat’,
    inlined from ‘vcftoFABIAB’ at vcftoFABIAB.c:352:5:
/usr/include/x86_64-linux-gnu/bits/string_fortified.h:138:10: warning: ‘__builtin_strncat’ output may be truncated copying 190 bytes from a string of length 1999999 [-Wstringop-truncation]
  138 |   return __builtin___strncat_chk (__dest, __src, __len,
      |          ^~~~~~~~~~~~~~~~~~~~~~~~~~~~~~~~~~~~~~~~~~~~~~
  139 |                                   __glibc_objsize (__dest));
      |                                   ~~~~~~~~~~~~~~~~~~~~~~~~~
In function ‘strncat’,
    inlined from ‘vcftoFABIAB’ at vcftoFABIAB.c:342:5:
/usr/include/x86_64-linux-gnu/bits/string_fortified.h:138:10: warning: ‘__builtin_strncat’ output may be truncated copying 190 bytes from a string of length 1999999 [-Wstringop-truncation]
  138 |   return __builtin___strncat_chk (__dest, __src, __len,
      |          ^~~~~~~~~~~~~~~~~~~~~~~~~~~~~~~~~~~~~~~~~~~~~~
  139 |                                   __glibc_objsize (__dest));
      |                                   ~~~~~~~~~~~~~~~~~~~~~~~~~
In function ‘strncat’,
    inlined from ‘vcftoFABIAB’ at vcftoFABIAB.c:332:5:
/usr/include/x86_64-linux-gnu/bits/string_fortified.h:138:10: warning: ‘__builtin_strncat’ output may be truncated copying 49 bytes from a string of length 4999 [-Wstringop-truncation]
  138 |   return __builtin___strncat_chk (__dest, __src, __len,
      |          ^~~~~~~~~~~~~~~~~~~~~~~~~~~~~~~~~~~~~~~~~~~~~~
  139 |                                   __glibc_objsize (__dest));
      |                                   ~~~~~~~~~~~~~~~~~~~~~~~~~
gcc -shared -L/home/biocbuild/bbs-3.17-bioc/R/lib -L/usr/local/lib -o hapFabia.so interfaceR.o split_sparse_matrixB.o vcftoFABIAB.o -L/home/biocbuild/bbs-3.17-bioc/R/lib -lR
gcc -c ./commandLine/split_sparse_matrix.c -o ./commandLine/split_sparse_matrix.o -g -O2  -Wall
gcc -c split_sparse_matrixB.c -o ./commandLine/split_sparse_matrixB.o -g -O2  -Wall
gcc ./commandLine/split_sparse_matrix.o ./commandLine/split_sparse_matrixB.o -o ./commandLine/split_sparse_matrix
mv ./commandLine/split_sparse_matrix ../inst/commandLine/
gcc -c ./commandLine/vcftoFABIA.c -o ./commandLine/vcftoFABIA.o -g -O2  -Wall
gcc -c vcftoFABIAB.c -o ./commandLine/vcftoFABIAB.o -g -O2  -Wall
vcftoFABIAB.c: In function ‘getdelimS’:
vcftoFABIAB.c:50:7: warning: this ‘if’ clause does not guard... [-Wmisleading-indentation]
   50 |       if (ch == EOF)
      |       ^~
vcftoFABIAB.c:54:10: note: ...this statement, but the latter is misleadingly indented as if it were guarded by the ‘if’
   54 |          while (idx > *linebufsz - 2) {
      |          ^~~~~
In file included from /usr/include/string.h:535,
                 from vcftoFABIAB.c:3:
In function ‘strncat’,
    inlined from ‘vcftoFABIAB’ at vcftoFABIAB.c:394:5:
/usr/include/x86_64-linux-gnu/bits/string_fortified.h:138:10: warning: ‘__builtin_strncat’ output may be truncated copying 19 bytes from a string of length 1999 [-Wstringop-truncation]
  138 |   return __builtin___strncat_chk (__dest, __src, __len,
      |          ^~~~~~~~~~~~~~~~~~~~~~~~~~~~~~~~~~~~~~~~~~~~~~
  139 |                                   __glibc_objsize (__dest));
      |                                   ~~~~~~~~~~~~~~~~~~~~~~~~~
In function ‘strncat’,
    inlined from ‘vcftoFABIAB’ at vcftoFABIAB.c:382:5:
/usr/include/x86_64-linux-gnu/bits/string_fortified.h:138:10: warning: ‘__builtin_strncat’ output may be truncated copying 190 bytes from a string of length 19999 [-Wstringop-truncation]
  138 |   return __builtin___strncat_chk (__dest, __src, __len,
      |          ^~~~~~~~~~~~~~~~~~~~~~~~~~~~~~~~~~~~~~~~~~~~~~
  139 |                                   __glibc_objsize (__dest));
      |                                   ~~~~~~~~~~~~~~~~~~~~~~~~~
In function ‘strncat’,
    inlined from ‘vcftoFABIAB’ at vcftoFABIAB.c:372:5:
/usr/include/x86_64-linux-gnu/bits/string_fortified.h:138:10: warning: ‘__builtin_strncat’ output may be truncated copying 19 bytes from a string of length 1999 [-Wstringop-truncation]
  138 |   return __builtin___strncat_chk (__dest, __src, __len,
      |          ^~~~~~~~~~~~~~~~~~~~~~~~~~~~~~~~~~~~~~~~~~~~~~
  139 |                                   __glibc_objsize (__dest));
      |                                   ~~~~~~~~~~~~~~~~~~~~~~~~~
In function ‘strncat’,
    inlined from ‘vcftoFABIAB’ at vcftoFABIAB.c:362:5:
/usr/include/x86_64-linux-gnu/bits/string_fortified.h:138:10: warning: ‘__builtin_strncat’ output may be truncated copying 19 bytes from a string of length 1999 [-Wstringop-truncation]
  138 |   return __builtin___strncat_chk (__dest, __src, __len,
      |          ^~~~~~~~~~~~~~~~~~~~~~~~~~~~~~~~~~~~~~~~~~~~~~
  139 |                                   __glibc_objsize (__dest));
      |                                   ~~~~~~~~~~~~~~~~~~~~~~~~~
In function ‘strncat’,
    inlined from ‘vcftoFABIAB’ at vcftoFABIAB.c:352:5:
/usr/include/x86_64-linux-gnu/bits/string_fortified.h:138:10: warning: ‘__builtin_strncat’ output may be truncated copying 190 bytes from a string of length 1999999 [-Wstringop-truncation]
  138 |   return __builtin___strncat_chk (__dest, __src, __len,
      |          ^~~~~~~~~~~~~~~~~~~~~~~~~~~~~~~~~~~~~~~~~~~~~~
  139 |                                   __glibc_objsize (__dest));
      |                                   ~~~~~~~~~~~~~~~~~~~~~~~~~
In function ‘strncat’,
    inlined from ‘vcftoFABIAB’ at vcftoFABIAB.c:342:5:
/usr/include/x86_64-linux-gnu/bits/string_fortified.h:138:10: warning: ‘__builtin_strncat’ output may be truncated copying 190 bytes from a string of length 1999999 [-Wstringop-truncation]
  138 |   return __builtin___strncat_chk (__dest, __src, __len,
      |          ^~~~~~~~~~~~~~~~~~~~~~~~~~~~~~~~~~~~~~~~~~~~~~
  139 |                                   __glibc_objsize (__dest));
      |                                   ~~~~~~~~~~~~~~~~~~~~~~~~~
In function ‘strncat’,
    inlined from ‘vcftoFABIAB’ at vcftoFABIAB.c:332:5:
/usr/include/x86_64-linux-gnu/bits/string_fortified.h:138:10: warning: ‘__builtin_strncat’ output may be truncated copying 49 bytes from a string of length 4999 [-Wstringop-truncation]
  138 |   return __builtin___strncat_chk (__dest, __src, __len,
      |          ^~~~~~~~~~~~~~~~~~~~~~~~~~~~~~~~~~~~~~~~~~~~~~
  139 |                                   __glibc_objsize (__dest));
      |                                   ~~~~~~~~~~~~~~~~~~~~~~~~~
gcc ./commandLine/vcftoFABIA.o ./commandLine/vcftoFABIAB.o -o ./commandLine/vcftoFABIA
mv ./commandLine/vcftoFABIA ../inst/commandLine/
installing to /home/biocbuild/bbs-3.17-bioc/R/site-library/00LOCK-hapFabia/00new/hapFabia/libs
** R
** data
** inst
** byte-compile and prepare package for lazy loading
** help
*** installing help indices
** building package indices
** installing vignettes
** testing if installed package can be loaded from temporary location
** checking absolute paths in shared objects and dynamic libraries
** testing if installed package can be loaded from final location
** testing if installed package keeps a record of temporary installation path
* DONE (hapFabia)
hapFabia.Rcheck/hapFabia-Ex.timings
| name | user | system | elapsed | |
| IBDsegment-class | 0.266 | 0.020 | 0.286 | |
| IBDsegmentList-class | 0.007 | 0.004 | 0.011 | |
| IBDsegmentList2excel | 0.004 | 0.004 | 0.008 | |
| analyzeIBDsegments | 0.002 | 0.000 | 0.002 | |
| compareIBDsegmentLists | 0.016 | 0.000 | 0.017 | |
| extractIBDsegments | 0.031 | 0.004 | 0.036 | |
| findDenseRegions | 0.003 | 0.000 | 0.003 | |
| hapFabia | 1.833 | 0.032 | 1.865 | |
| hapFabiaVersion | 0 | 0 | 0 | |
| identifyDuplicates | 0.000 | 0.001 | 0.002 | |
| iterateIntervals | 3.846 | 0.094 | 3.941 | |
| makePipelineFile | 0.001 | 0.008 | 0.009 | |
| matrixPlot | 0.005 | 0.000 | 0.005 | |
| mergeIBDsegmentLists | 0.012 | 0.000 | 0.012 | |
| plotIBDsegment | 0.225 | 0.004 | 0.229 | |
| setAnnotation | 0.043 | 0.004 | 0.047 | |
| setStatistics | 0.036 | 0.004 | 0.040 | |
| sim | 0.000 | 0.001 | 0.000 | |
| simulateIBDsegments | 0 | 0 | 0 | |
| simulateIBDsegmentsFabia | 0.959 | 0.010 | 0.969 | |
| split_sparse_matrix | 0.000 | 0.002 | 0.002 | |
| toolsFactorizationClass | 0.615 | 0.010 | 0.625 | |
| vcftoFABIA | 0.000 | 0.002 | 0.002 | |