| Back to Multiple platform build/check report for BioC 3.17: simplified long | 
  | 
This page was generated on 2023-10-16 11:35:21 -0400 (Mon, 16 Oct 2023).
| Hostname | OS | Arch (*) | R version | Installed pkgs | 
|---|---|---|---|---|
| nebbiolo1 | Linux (Ubuntu 22.04.2 LTS) | x86_64 | 4.3.1 (2023-06-16) -- "Beagle Scouts" | 4626 | 
| palomino3 | Windows Server 2022 Datacenter | x64 | 4.3.1 (2023-06-16 ucrt) -- "Beagle Scouts" | 4379 | 
| merida1 | macOS 12.6.4 Monterey | x86_64 | 4.3.1 (2023-06-16) -- "Beagle Scouts" | 4395 | 
| Click on any hostname to see more info about the system (e.g. compilers) (*) as reported by 'uname -p', except on Windows and Mac OS X | ||||
| Package 704/2230 | Hostname | OS / Arch | INSTALL | BUILD | CHECK | BUILD BIN | ||||||||
| flagme 1.56.0  (landing page) Mark Robinson 
  | nebbiolo1 | Linux (Ubuntu 22.04.2 LTS) / x86_64 | OK | OK | WARNINGS | |||||||||
| palomino3 | Windows Server 2022 Datacenter / x64 | OK | OK | WARNINGS | OK | |||||||||
| merida1 | macOS 12.6.4 Monterey / x86_64 | OK | OK | WARNINGS | OK | |||||||||
| kjohnson2 | macOS 12.6.1 Monterey / arm64 | see weekly results here | ||||||||||||
| 
To the developers/maintainers of the flagme package: - Allow up to 24 hours (and sometimes 48 hours) for your latest push to git@git.bioconductor.org:packages/flagme.git to reflect on this report. See Troubleshooting Build Report for more information. - Use the following Renviron settings to reproduce errors and warnings. - If 'R CMD check' started to fail recently on the Linux builder(s) over a missing dependency, add the missing dependency to 'Suggests:' in your DESCRIPTION file. See Renviron.bioc for more information.  | 
| Package: flagme | 
| Version: 1.56.0 | 
| Command: /home/biocbuild/bbs-3.17-bioc/R/bin/R CMD check --install=check:flagme.install-out.txt --library=/home/biocbuild/bbs-3.17-bioc/R/site-library --timings flagme_1.56.0.tar.gz | 
| StartedAt: 2023-10-15 21:20:35 -0400 (Sun, 15 Oct 2023) | 
| EndedAt: 2023-10-15 21:37:00 -0400 (Sun, 15 Oct 2023) | 
| EllapsedTime: 984.9 seconds | 
| RetCode: 0 | 
| Status: WARNINGS | 
| CheckDir: flagme.Rcheck | 
| Warnings: 2 | 
##############################################################################
##############################################################################
###
### Running command:
###
###   /home/biocbuild/bbs-3.17-bioc/R/bin/R CMD check --install=check:flagme.install-out.txt --library=/home/biocbuild/bbs-3.17-bioc/R/site-library --timings flagme_1.56.0.tar.gz
###
##############################################################################
##############################################################################
* using log directory ‘/home/biocbuild/bbs-3.17-bioc/meat/flagme.Rcheck’
* using R version 4.3.1 (2023-06-16)
* using platform: x86_64-pc-linux-gnu (64-bit)
* R was compiled by
    gcc (Ubuntu 11.3.0-1ubuntu1~22.04.1) 11.3.0
    GNU Fortran (Ubuntu 11.3.0-1ubuntu1~22.04.1) 11.3.0
* running under: Ubuntu 22.04.3 LTS
* using session charset: UTF-8
* checking for file ‘flagme/DESCRIPTION’ ... OK
* this is package ‘flagme’ version ‘1.56.0’
* package encoding: UTF-8
* checking package namespace information ... OK
* checking package dependencies ... OK
* checking if this is a source package ... OK
* checking if there is a namespace ... OK
* checking for hidden files and directories ... OK
* checking for portable file names ... OK
* checking for sufficient/correct file permissions ... OK
* checking whether package ‘flagme’ can be installed ... OK
* used C compiler: ‘gcc (Ubuntu 11.4.0-1ubuntu1~22.04) 11.4.0’
* checking installed package size ... OK
* checking package directory ... OK
* checking ‘build’ directory ... OK
* checking DESCRIPTION meta-information ... OK
* checking top-level files ... OK
* checking for left-over files ... OK
* checking index information ... OK
* checking package subdirectories ... OK
* checking R files for non-ASCII characters ... OK
* checking R files for syntax errors ... OK
* checking whether the package can be loaded ... OK
* checking whether the package can be loaded with stated dependencies ... OK
* checking whether the package can be unloaded cleanly ... OK
* checking whether the namespace can be loaded with stated dependencies ... OK
* checking whether the namespace can be unloaded cleanly ... OK
* checking loading without being on the library search path ... OK
* checking startup messages can be suppressed ... OK
* checking dependencies in R code ... NOTE
Unexported object imported by a ':::' call: ‘xcms:::rectUnique’
  See the note in ?`:::` about the use of this operator.
* checking S3 generic/method consistency ... OK
* checking replacement functions ... OK
* checking foreign function calls ... OK
* checking R code for possible problems ... NOTE
addXCMSPeaks: no visible global function definition for ‘bpparam’
addXCMSPeaks: no visible global function definition for ‘sampnames’
addXCMSPeaks : <anonymous> : <anonymous>: no visible global function
  definition for ‘setNames’
importSpec : <anonymous>: no visible global function definition for
  ‘setNames’
Undefined global functions or variables:
  bpparam sampnames setNames
Consider adding
  importFrom("stats", "setNames")
to your NAMESPACE file.
* checking Rd files ... OK
* checking Rd metadata ... OK
* checking Rd cross-references ... WARNING
Missing link or links in documentation object 'addXCMSPeaks.Rd':
  ‘[xcms]{findPeaks-matchedFilter}’ ‘[xcms]{findPeaks-centWave}’
  ‘[xcms]{peaksDataset}’
Missing link or links in documentation object 'plotAlignment-peaksAlignment-method.Rd':
  ‘plotAlignment’
Missing link or links in documentation object 'plotClustAlignment-clusterAlignment-method.Rd':
  ‘plotAlignment’
See section 'Cross-references' in the 'Writing R Extensions' manual.
* checking for missing documentation entries ... WARNING
Undocumented code objects:
  ‘plotAlignment’ ‘plotChrom’ ‘plotClustAlignment’
Undocumented S4 methods:
  generic 'show' and siglist 'betweenAlignment'
All user-level objects in a package (including S4 classes and methods)
should have documentation entries.
See chapter ‘Writing R documentation files’ in the ‘Writing R
Extensions’ manual.
* checking for code/documentation mismatches ... OK
* checking Rd \usage sections ... OK
* checking Rd contents ... OK
* checking for unstated dependencies in examples ... OK
* checking line endings in C/C++/Fortran sources/headers ... OK
* checking compiled code ... NOTE
Note: information on .o files is not available
* checking files in ‘vignettes’ ... OK
* checking examples ... OK
Examples with CPU (user + system) or elapsed time > 5s
                                      user system elapsed
plotAlignedFrags                    79.909 14.768  48.844
addXCMSPeaks                        40.881  7.585  35.204
ndpRT                               38.478  7.824  32.404
corPrt                              38.721  7.202  31.968
retFatMatrix                        38.727  6.968  32.177
dynRT                               39.491  5.875  31.014
peaksAlignment-class                38.194  7.025  31.538
plotFrags                           36.937  7.313  31.074
progressiveAlignment-class          37.968  6.238  30.842
plotAlignment-peaksAlignment-method 35.945  7.101  29.877
imputePeaks                          7.561  0.160   7.723
plotChrom-peaksDataset-method        6.854  0.252   7.106
rmaFitUnit                           5.870  0.194   6.065
gatherInfo                           5.694  0.244   5.938
calcTimeDiffs                        5.425  0.432   5.858
multipleAlignment-class              5.424  0.120   5.544
* checking for unstated dependencies in vignettes ... OK
* checking package vignettes in ‘inst/doc’ ... OK
* checking running R code from vignettes ...
  ‘flagme-knitr.Rnw’ using ‘UTF-8’... OK
  ‘flagme.Rnw’ using ‘UTF-8’... OK
 OK
* checking re-building of vignette outputs ... OK
* checking PDF version of manual ... OK
* DONE
Status: 2 WARNINGs, 3 NOTEs
See
  ‘/home/biocbuild/bbs-3.17-bioc/meat/flagme.Rcheck/00check.log’
for details.
flagme.Rcheck/00install.out
##############################################################################
##############################################################################
###
### Running command:
###
###   /home/biocbuild/bbs-3.17-bioc/R/bin/R CMD INSTALL flagme
###
##############################################################################
##############################################################################
* installing to library ‘/home/biocbuild/bbs-3.17-bioc/R/site-library’
* installing *source* package ‘flagme’ ...
** using staged installation
** libs
using C compiler: ‘gcc (Ubuntu 11.4.0-1ubuntu1~22.04) 11.4.0’
gcc -I"/home/biocbuild/bbs-3.17-bioc/R/include" -DNDEBUG   -I/usr/local/include    -fpic  -g -O2  -Wall -c dp.c -o dp.o
dp.c: In function ‘dp’:
dp.c:263:33: warning: ‘cur_min’ may be used uninitialized in this function [-Wmaybe-uninitialized]
  263 |           D[(i+1)+(j+1)*(nr+1)] = cur_min;
      |           ~~~~~~~~~~~~~~~~~~~~~~^~~~~~~~~
dp.c:264:35: warning: ‘tb’ may be used uninitialized in this function [-Wmaybe-uninitialized]
  264 |           phi[(i+1)+(j+1)*(nr+1)] = tb;
      |           ~~~~~~~~~~~~~~~~~~~~~~~~^~~~
gcc -I"/home/biocbuild/bbs-3.17-bioc/R/include" -DNDEBUG   -I/usr/local/include    -fpic  -g -O2  -Wall -c init.c -o init.o
gcc -I"/home/biocbuild/bbs-3.17-bioc/R/include" -DNDEBUG   -I/usr/local/include    -fpic  -g -O2  -Wall -c pearson.c -o pearson.o
gcc -shared -L/home/biocbuild/bbs-3.17-bioc/R/lib -L/usr/local/lib -o flagme.so dp.o init.o pearson.o -L/home/biocbuild/bbs-3.17-bioc/R/lib -lR
installing to /home/biocbuild/bbs-3.17-bioc/R/site-library/00LOCK-flagme/00new/flagme/libs
** R
** inst
** byte-compile and prepare package for lazy loading
** help
*** installing help indices
** building package indices
** installing vignettes
** testing if installed package can be loaded from temporary location
** checking absolute paths in shared objects and dynamic libraries
** testing if installed package can be loaded from final location
** testing if installed package keeps a record of temporary installation path
* DONE (flagme)
flagme.Rcheck/flagme-Ex.timings
| name | user | system | elapsed | |
| addAMDISPeaks | 4.251 | 0.240 | 4.493 | |
| addChromaTOFPeaks | 2.696 | 0.220 | 2.915 | |
| addXCMSPeaks | 40.881 | 7.585 | 35.204 | |
| betweenAlignment | 0 | 0 | 0 | |
| calcTimeDiffs | 5.425 | 0.432 | 5.858 | |
| clusterAlignment | 4.445 | 0.220 | 4.665 | |
| corPrt | 38.721 | 7.202 | 31.968 | |
| dp | 4.575 | 0.388 | 4.963 | |
| dynRT | 39.491 | 5.875 | 31.014 | |
| gatherInfo | 5.694 | 0.244 | 5.938 | |
| imputePeaks | 7.561 | 0.160 | 7.723 | |
| multipleAlignment-class | 5.424 | 0.120 | 5.544 | |
| ndpRT | 38.478 | 7.824 | 32.404 | |
| normDotProduct | 4.762 | 0.192 | 4.954 | |
| parseChromaTOF | 1.917 | 0.020 | 1.937 | |
| parseELU | 1.676 | 0.004 | 1.680 | |
| peaksAlignment-class | 38.194 | 7.025 | 31.538 | |
| peaksDataset | 4.595 | 0.236 | 4.831 | |
| plotAlignedFrags | 79.909 | 14.768 | 48.844 | |
| plotAlignment-peaksAlignment-method | 35.945 | 7.101 | 29.877 | |
| plotChrom-peaksDataset-method | 6.854 | 0.252 | 7.106 | |
| plotClustAlignment-clusterAlignment-method | 4.510 | 0.100 | 4.609 | |
| plotFrags | 36.937 | 7.313 | 31.074 | |
| plotImage | 2.81 | 0.10 | 2.91 | |
| progressiveAlignment-class | 37.968 | 6.238 | 30.842 | |
| retFatMatrix | 38.727 | 6.968 | 32.177 | |
| rmaFitUnit | 5.870 | 0.194 | 6.065 | |