| Back to Multiple platform build/check report for BioC 3.17: simplified long | 
  | 
This page was generated on 2023-10-16 11:35:21 -0400 (Mon, 16 Oct 2023).
| Hostname | OS | Arch (*) | R version | Installed pkgs | 
|---|---|---|---|---|
| nebbiolo1 | Linux (Ubuntu 22.04.2 LTS) | x86_64 | 4.3.1 (2023-06-16) -- "Beagle Scouts" | 4626 | 
| palomino3 | Windows Server 2022 Datacenter | x64 | 4.3.1 (2023-06-16 ucrt) -- "Beagle Scouts" | 4379 | 
| merida1 | macOS 12.6.4 Monterey | x86_64 | 4.3.1 (2023-06-16) -- "Beagle Scouts" | 4395 | 
| Click on any hostname to see more info about the system (e.g. compilers) (*) as reported by 'uname -p', except on Windows and Mac OS X | ||||
| Package 668/2230 | Hostname | OS / Arch | INSTALL | BUILD | CHECK | BUILD BIN | ||||||||
| exomePeak2 1.12.0  (landing page) Zhen Wei 
  | nebbiolo1 | Linux (Ubuntu 22.04.2 LTS) / x86_64 | OK | OK | ERROR | |||||||||
| palomino3 | Windows Server 2022 Datacenter / x64 | OK | OK | OK | OK | |||||||||
| merida1 | macOS 12.6.4 Monterey / x86_64 | OK | OK | OK | OK | |||||||||
| kjohnson2 | macOS 12.6.1 Monterey / arm64 | see weekly results here | ||||||||||||
| 
To the developers/maintainers of the exomePeak2 package: - Allow up to 24 hours (and sometimes 48 hours) for your latest push to git@git.bioconductor.org:packages/exomePeak2.git to reflect on this report. See Troubleshooting Build Report for more information. - Use the following Renviron settings to reproduce errors and warnings. - If 'R CMD check' started to fail recently on the Linux builder(s) over a missing dependency, add the missing dependency to 'Suggests:' in your DESCRIPTION file. See Renviron.bioc for more information.  | 
| Package: exomePeak2 | 
| Version: 1.12.0 | 
| Command: /home/biocbuild/bbs-3.17-bioc/R/bin/R CMD check --install=check:exomePeak2.install-out.txt --library=/home/biocbuild/bbs-3.17-bioc/R/site-library --timings exomePeak2_1.12.0.tar.gz | 
| StartedAt: 2023-10-15 21:14:50 -0400 (Sun, 15 Oct 2023) | 
| EndedAt: 2023-10-15 21:19:18 -0400 (Sun, 15 Oct 2023) | 
| EllapsedTime: 268.1 seconds | 
| RetCode: 1 | 
| Status: ERROR | 
| CheckDir: exomePeak2.Rcheck | 
| Warnings: NA | 
##############################################################################
##############################################################################
###
### Running command:
###
###   /home/biocbuild/bbs-3.17-bioc/R/bin/R CMD check --install=check:exomePeak2.install-out.txt --library=/home/biocbuild/bbs-3.17-bioc/R/site-library --timings exomePeak2_1.12.0.tar.gz
###
##############################################################################
##############################################################################
* using log directory ‘/home/biocbuild/bbs-3.17-bioc/meat/exomePeak2.Rcheck’
* using R version 4.3.1 (2023-06-16)
* using platform: x86_64-pc-linux-gnu (64-bit)
* R was compiled by
    gcc (Ubuntu 11.3.0-1ubuntu1~22.04.1) 11.3.0
    GNU Fortran (Ubuntu 11.3.0-1ubuntu1~22.04.1) 11.3.0
* running under: Ubuntu 22.04.3 LTS
* using session charset: UTF-8
* checking for file ‘exomePeak2/DESCRIPTION’ ... OK
* checking extension type ... Package
* this is package ‘exomePeak2’ version ‘1.12.0’
* package encoding: UTF-8
* checking package namespace information ... OK
* checking package dependencies ... OK
* checking if this is a source package ... OK
* checking if there is a namespace ... OK
* checking for hidden files and directories ... OK
* checking for portable file names ... OK
* checking for sufficient/correct file permissions ... OK
* checking whether package ‘exomePeak2’ can be installed ... OK
* checking installed package size ... OK
* checking package directory ... OK
* checking ‘build’ directory ... OK
* checking DESCRIPTION meta-information ... OK
* checking top-level files ... OK
* checking for left-over files ... OK
* checking index information ... OK
* checking package subdirectories ... OK
* checking R files for non-ASCII characters ... OK
* checking R files for syntax errors ... OK
* checking whether the package can be loaded ... OK
* checking whether the package can be loaded with stated dependencies ... OK
* checking whether the package can be unloaded cleanly ... OK
* checking whether the namespace can be loaded with stated dependencies ... OK
* checking whether the namespace can be unloaded cleanly ... OK
* checking loading without being on the library search path ... OK
* checking dependencies in R code ... OK
* checking S3 generic/method consistency ... OK
* checking replacement functions ... OK
* checking foreign function calls ... OK
* checking R code for possible problems ... NOTE
plotGCbias: no visible binding for global variable ‘glmFit’
plotGCbias: no visible binding for global variable ‘IP_input’
plotGCbias: no visible binding for global variable ‘Perturbation’
Undefined global functions or variables:
  IP_input Perturbation glmFit
* checking Rd files ... OK
* checking Rd metadata ... OK
* checking Rd cross-references ... OK
* checking for missing documentation entries ... OK
* checking for code/documentation mismatches ... OK
* checking Rd \usage sections ... OK
* checking Rd contents ... OK
* checking for unstated dependencies in examples ... OK
* checking files in ‘vignettes’ ... OK
* checking examples ... ERROR
Running examples in ‘exomePeak2-Ex.R’ failed
The error most likely occurred in:
> base::assign(".ptime", proc.time(), pos = "CheckExEnv")
> ### Name: exomePeak2
> ### Title: Peak Calling and Differential Analysis of MeRIP-seq.
> ### Aliases: exomePeak2
> 
> ### ** Examples
> 
> 
> ## Specify File Directories
> GENE_ANNO_GTF = system.file("extdata", "example.gtf", package="exomePeak2")
> 
> f1 = system.file("extdata", "IP1.bam", package="exomePeak2")
> f2 = system.file("extdata", "IP2.bam", package="exomePeak2")
> f3 = system.file("extdata", "IP3.bam", package="exomePeak2")
> f4 = system.file("extdata", "IP4.bam", package="exomePeak2")
> IP_BAM = c(f1,f2,f3,f4)
> f1 = system.file("extdata", "Input1.bam", package="exomePeak2")
> f2 = system.file("extdata", "Input2.bam", package="exomePeak2")
> f3 = system.file("extdata", "Input3.bam", package="exomePeak2")
> INPUT_BAM = c(f1,f2,f3)
> 
> ## Peak Calling
> res <- exomePeak2(bam_ip = IP_BAM,
+                   bam_input = INPUT_BAM,
+                   gff = GENE_ANNO_GTF,
+                   genome = "hg19")
Import genomic features from the file as a GRanges object ... OK
Prepare the 'metadata' data frame ... OK
Make the TxDb object ... OK
Error in get_data_annotation_contrib_url(type) : 
  Install 'BiocManager' from CRAN to get 'BioCann' contrib.url
Calls: exomePeak2 ... available.genomes -> get_data_annotation_contrib_url
Execution halted
* checking for unstated dependencies in vignettes ... OK
* checking package vignettes in ‘inst/doc’ ... OK
* checking running R code from vignettes ...
  ‘Vignette_V_2.00.Rmd’ using ‘UTF-8’... OK
 NONE
* checking re-building of vignette outputs ... ERROR
Error(s) in re-building vignettes:
  ...
--- re-building ‘Vignette_V_2.00.Rmd’ using rmarkdown
Quitting from lines 50-71 [unnamed-chunk-2] (Vignette_V_2.00.Rmd)
Error: processing vignette 'Vignette_V_2.00.Rmd' failed with diagnostics:
Install 'BiocManager' from CRAN to get 'BioCann' contrib.url
--- failed re-building ‘Vignette_V_2.00.Rmd’
SUMMARY: processing the following file failed:
  ‘Vignette_V_2.00.Rmd’
Error: Vignette re-building failed.
Execution halted
* checking PDF version of manual ... OK
* DONE
Status: 2 ERRORs, 1 NOTE
See
  ‘/home/biocbuild/bbs-3.17-bioc/meat/exomePeak2.Rcheck/00check.log’
for details.
exomePeak2.Rcheck/00install.out
############################################################################## ############################################################################## ### ### Running command: ### ### /home/biocbuild/bbs-3.17-bioc/R/bin/R CMD INSTALL exomePeak2 ### ############################################################################## ############################################################################## * installing to library ‘/home/biocbuild/bbs-3.17-bioc/R/site-library’ * installing *source* package ‘exomePeak2’ ... ** using staged installation ** R ** inst ** byte-compile and prepare package for lazy loading ** help *** installing help indices ** building package indices ** installing vignettes ** testing if installed package can be loaded from temporary location ** testing if installed package can be loaded from final location ** testing if installed package keeps a record of temporary installation path * DONE (exomePeak2)
exomePeak2.Rcheck/exomePeak2-Ex.timings
| name | user | system | elapsed |