| Back to Multiple platform build/check report for BioC 3.17: simplified long | 
  | 
This page was generated on 2023-10-16 11:36:56 -0400 (Mon, 16 Oct 2023).
| Hostname | OS | Arch (*) | R version | Installed pkgs | 
|---|---|---|---|---|
| nebbiolo1 | Linux (Ubuntu 22.04.2 LTS) | x86_64 | 4.3.1 (2023-06-16) -- "Beagle Scouts" | 4626 | 
| palomino3 | Windows Server 2022 Datacenter | x64 | 4.3.1 (2023-06-16 ucrt) -- "Beagle Scouts" | 4379 | 
| merida1 | macOS 12.6.4 Monterey | x86_64 | 4.3.1 (2023-06-16) -- "Beagle Scouts" | 4395 | 
| Click on any hostname to see more info about the system (e.g. compilers) (*) as reported by 'uname -p', except on Windows and Mac OS X | ||||
| Package 409/2230 | Hostname | OS / Arch | INSTALL | BUILD | CHECK | BUILD BIN | ||||||||
| compEpiTools 1.34.1  (landing page) Mattia Furlan 
  | nebbiolo1 | Linux (Ubuntu 22.04.2 LTS) / x86_64 | OK | OK | WARNINGS | |||||||||
| palomino3 | Windows Server 2022 Datacenter / x64 | OK | OK | WARNINGS | OK | |||||||||
| merida1 | macOS 12.6.4 Monterey / x86_64 | OK | OK | WARNINGS | OK | |||||||||
| kjohnson2 | macOS 12.6.1 Monterey / arm64 | see weekly results here | ||||||||||||
| 
To the developers/maintainers of the compEpiTools package: - Allow up to 24 hours (and sometimes 48 hours) for your latest push to git@git.bioconductor.org:packages/compEpiTools.git to reflect on this report. See Troubleshooting Build Report for more information. - Use the following Renviron settings to reproduce errors and warnings. - If 'R CMD check' started to fail recently on the Linux builder(s) over a missing dependency, add the missing dependency to 'Suggests:' in your DESCRIPTION file. See Renviron.bioc for more information.  | 
| Package: compEpiTools | 
| Version: 1.34.1 | 
| Command: /Library/Frameworks/R.framework/Resources/bin/R CMD check --install=check:compEpiTools.install-out.txt --library=/Library/Frameworks/R.framework/Resources/library --no-vignettes --timings compEpiTools_1.34.1.tar.gz | 
| StartedAt: 2023-10-16 00:07:21 -0400 (Mon, 16 Oct 2023) | 
| EndedAt: 2023-10-16 00:24:57 -0400 (Mon, 16 Oct 2023) | 
| EllapsedTime: 1055.5 seconds | 
| RetCode: 0 | 
| Status: WARNINGS | 
| CheckDir: compEpiTools.Rcheck | 
| Warnings: 1 | 
##############################################################################
##############################################################################
###
### Running command:
###
###   /Library/Frameworks/R.framework/Resources/bin/R CMD check --install=check:compEpiTools.install-out.txt --library=/Library/Frameworks/R.framework/Resources/library --no-vignettes --timings compEpiTools_1.34.1.tar.gz
###
##############################################################################
##############################################################################
* using log directory ‘/Users/biocbuild/bbs-3.17-bioc/meat/compEpiTools.Rcheck’
* using R version 4.3.1 (2023-06-16)
* using platform: x86_64-apple-darwin20 (64-bit)
* R was compiled by
    Apple clang version 14.0.3 (clang-1403.0.22.14.1)
    GNU Fortran (GCC) 12.2.0
* running under: macOS Monterey 12.6.4
* using session charset: UTF-8
* using option ‘--no-vignettes’
* checking for file ‘compEpiTools/DESCRIPTION’ ... OK
* checking extension type ... Package
* this is package ‘compEpiTools’ version ‘1.34.1’
* checking package namespace information ... OK
* checking package dependencies ... OK
* checking if this is a source package ... OK
* checking if there is a namespace ... OK
* checking for hidden files and directories ... OK
* checking for portable file names ... OK
* checking for sufficient/correct file permissions ... OK
* checking whether package ‘compEpiTools’ can be installed ... OK
* checking installed package size ... OK
* checking package directory ... OK
* checking ‘build’ directory ... OK
* checking DESCRIPTION meta-information ... OK
* checking top-level files ... OK
* checking for left-over files ... OK
* checking index information ... OK
* checking package subdirectories ... OK
* checking R files for non-ASCII characters ... OK
* checking R files for syntax errors ... OK
* checking whether the package can be loaded ... OK
* checking whether the package can be loaded with stated dependencies ... OK
* checking whether the package can be unloaded cleanly ... OK
* checking whether the namespace can be loaded with stated dependencies ... OK
* checking whether the namespace can be unloaded cleanly ... OK
* checking dependencies in R code ... OK
* checking S3 generic/method consistency ... OK
* checking replacement functions ... OK
* checking foreign function calls ... OK
* checking R code for possible problems ... NOTE
TSS: no visible global function definition for 'end<-'
TSS: no visible global function definition for 'start<-'
findLncRNA: no visible global function definition for 'start<-'
findLncRNA: no visible global function definition for 'end<-'
findLncRNA: no visible global function definition for 'IRanges'
stallingIndex : getBound: no visible global function definition for
  'start<-'
stallingIndex : getBound: no visible global function definition for
  'end<-'
stallingIndex: no visible global function definition for 'IRanges'
topGOres : <anonymous>: no visible global function definition for
  'ggplot'
topGOres : <anonymous>: no visible global function definition for 'aes'
topGOres : <anonymous>: no visible binding for global variable
  'Significant'
topGOres : <anonymous>: no visible binding for global variable 'P_val'
topGOres : <anonymous>: no visible global function definition for
  'geom_bar'
topGOres : <anonymous>: no visible global function definition for
  'coord_flip'
topGOres : <anonymous>: no visible global function definition for
  'ylab'
ucsc2GRanges: no visible global function definition for 'IRanges'
GR2fasta,GRanges: no visible global function definition for
  'seqlengths'
GR2fasta,GRanges: no visible global function definition for
  'seqlengths<-'
GR2fasta,GRanges: no visible global function definition for 'trim'
GRangesInPromoters,GRanges: no visible global function definition for
  'start<-'
GRannotate,GRanges: no visible global function definition for 'start<-'
GRannotate,GRanges: no visible global function definition for 'end<-'
GRcoverageSummit,GRanges: no visible global function definition for
  'start<-'
GRcoverageSummit,GRanges: no visible global function definition for
  'end<-'
GRmidpoint,GRanges: no visible global function definition for 'start<-'
GRmidpoint,GRanges: no visible global function definition for 'end<-'
GRsetwidth,GRanges: no visible global function definition for 'start<-'
GRsetwidth,GRanges: no visible global function definition for 'end<-'
countOverlapsInBins,GRanges: no visible global function definition for
  'IRanges'
featuresLength,TxDb: no visible global function definition for 'reduce'
getPromoterClass,TxDb: no visible binding for global variable 'txdb'
getPromoterClass,TxDb: no visible global function definition for
  'start<-'
makeGtfFromDb,TxDb: no visible global function definition for 'reduce'
matchEnhancers,GRanges: no visible global function definition for
  'distanceToNearest'
matchEnhancers,GRanges: no visible global function definition for
  'IRanges'
Undefined global functions or variables:
  IRanges P_val Significant aes coord_flip distanceToNearest end<-
  geom_bar ggplot reduce seqlengths seqlengths<- start<- trim txdb ylab
* checking Rd files ... OK
* checking Rd metadata ... OK
* checking Rd cross-references ... OK
* checking for missing documentation entries ... OK
* checking for code/documentation mismatches ... OK
* checking Rd \usage sections ... OK
* checking Rd contents ... OK
* checking for unstated dependencies in examples ... OK
* checking sizes of PDF files under ‘inst/doc’ ... OK
* checking files in ‘vignettes’ ... OK
* checking examples ... WARNING
Found the following significant warnings:
  Warning: 'applyPileups' is deprecated.
  Warning: 'applyPileups' is deprecated.
  Warning: 'applyPileups' is deprecated.
  Warning: 'applyPileups' is deprecated.
  Warning: 'applyPileups' is deprecated.
  Warning: 'applyPileups' is deprecated.
  Warning: 'applyPileups' is deprecated.
  Warning: 'applyPileups' is deprecated.
  Warning: 'applyPileups' is deprecated.
  Warning: 'applyPileups' is deprecated.
  Warning: 'applyPileups' is deprecated.
  Warning: 'applyPileups' is deprecated.
Deprecated functions may be defunct as soon as of the next release of
R.
See ?Deprecated.
Examples with CPU (user + system) or elapsed time > 5s
                             user system elapsed
topGOres                   57.637  1.555  77.429
heatmapPlot                 7.161  0.405  10.065
GRannotate-methods          7.213  0.175  10.067
makeGtfFromDb               6.149  0.508   8.801
GRangesInPromoters-methods  5.258  0.126   6.913
plotStallingIndex           4.863  0.075   6.818
stallingIndex               4.750  0.066   6.513
distanceFromTSS-methods     4.221  0.065   5.640
getPromoterClass-methods    1.368  0.051  47.353
* checking for unstated dependencies in vignettes ... OK
* checking package vignettes in ‘inst/doc’ ... OK
* checking running R code from vignettes ... SKIPPED
* checking re-building of vignette outputs ... SKIPPED
* checking PDF version of manual ... OK
* DONE
Status: 1 WARNING, 1 NOTE
See
  ‘/Users/biocbuild/bbs-3.17-bioc/meat/compEpiTools.Rcheck/00check.log’
for details.
compEpiTools.Rcheck/00install.out
############################################################################## ############################################################################## ### ### Running command: ### ### /Library/Frameworks/R.framework/Resources/bin/R CMD INSTALL compEpiTools ### ############################################################################## ############################################################################## * installing to library ‘/Library/Frameworks/R.framework/Versions/4.3-x86_64/Resources/library’ * installing *source* package ‘compEpiTools’ ... ** using staged installation ** R ** inst ** byte-compile and prepare package for lazy loading groupGOTerms: GOBPTerm, GOMFTerm, GOCCTerm environments built. ** help *** installing help indices ** building package indices ** installing vignettes ** testing if installed package can be loaded from temporary location groupGOTerms: GOBPTerm, GOMFTerm, GOCCTerm environments built. ** testing if installed package can be loaded from final location groupGOTerms: GOBPTerm, GOMFTerm, GOCCTerm environments built. ** testing if installed package keeps a record of temporary installation path * DONE (compEpiTools)
compEpiTools.Rcheck/compEpiTools-Ex.timings
| name | user | system | elapsed | |
| GR2fasta-methods | 0.838 | 0.030 | 1.150 | |
| GRanges2ucsc-methods | 0.019 | 0.001 | 0.030 | |
| GRangesInPromoters-methods | 5.258 | 0.126 | 6.913 | |
| GRannotate-methods | 7.213 | 0.175 | 10.067 | |
| GRannotateSimple | 1.244 | 0.041 | 1.652 | |
| GRbaseCoverage-methods | 0.139 | 0.005 | 0.377 | |
| GRcoverage-methods | 0.254 | 0.006 | 0.559 | |
| GRcoverageSummit-methods | 0.126 | 0.003 | 0.206 | |
| GRenrichment-methods | 0.141 | 0.007 | 0.207 | |
| GRmidpoint-methods | 0.047 | 0.001 | 0.052 | |
| GRsetwidth | 0.076 | 0.001 | 0.182 | |
| TSS | 2.628 | 0.057 | 3.384 | |
| countOverlapsInBins-methods | 0.278 | 0.002 | 0.370 | |
| distanceFromTSS-methods | 4.221 | 0.065 | 5.640 | |
| enhancers | 0.660 | 0.012 | 0.843 | |
| findLncRNA | 1.370 | 0.056 | 1.834 | |
| getPromoterClass-methods | 1.368 | 0.051 | 47.353 | |
| heatmapData | 2.318 | 0.030 | 2.896 | |
| heatmapPlot | 7.161 | 0.405 | 10.065 | |
| makeGtfFromDb | 6.149 | 0.508 | 8.801 | |
| matchEnhancers | 3.724 | 0.081 | 4.879 | |
| overlapOfGRanges-methods | 0.123 | 0.001 | 0.151 | |
| palette2d | 0.096 | 0.005 | 0.129 | |
| plotStallingIndex | 4.863 | 0.075 | 6.818 | |
| simplifyGOterms | 0.975 | 0.264 | 1.725 | |
| stallingIndex | 4.750 | 0.066 | 6.513 | |
| topGOres | 57.637 | 1.555 | 77.429 | |
| ucsc2GRanges | 0.027 | 0.001 | 0.034 | |
| unionMaxScore-methods | 0.256 | 0.003 | 0.354 | |