| Back to Multiple platform build/check report for BioC 3.17: simplified long | 
  | 
This page was generated on 2023-10-16 11:36:00 -0400 (Mon, 16 Oct 2023).
| Hostname | OS | Arch (*) | R version | Installed pkgs | 
|---|---|---|---|---|
| nebbiolo1 | Linux (Ubuntu 22.04.2 LTS) | x86_64 | 4.3.1 (2023-06-16) -- "Beagle Scouts" | 4626 | 
| palomino3 | Windows Server 2022 Datacenter | x64 | 4.3.1 (2023-06-16 ucrt) -- "Beagle Scouts" | 4379 | 
| merida1 | macOS 12.6.4 Monterey | x86_64 | 4.3.1 (2023-06-16) -- "Beagle Scouts" | 4395 | 
| Click on any hostname to see more info about the system (e.g. compilers) (*) as reported by 'uname -p', except on Windows and Mac OS X | ||||
| Package 341/2230 | Hostname | OS / Arch | INSTALL | BUILD | CHECK | BUILD BIN | ||||||||
Selin Jessa 
  | nebbiolo1 | Linux (Ubuntu 22.04.2 LTS) / x86_64 | OK | OK | WARNINGS | |||||||||
| palomino3 | Windows Server 2022 Datacenter / x64 | OK | OK | WARNINGS | OK | |||||||||
| merida1 | macOS 12.6.4 Monterey / x86_64 | OK | OK | WARNINGS | OK | |||||||||
| kjohnson2 | macOS 12.6.1 Monterey / arm64 | see weekly results here | ||||||||||||
| 
To the developers/maintainers of the chromswitch package: - Allow up to 24 hours (and sometimes 48 hours) for your latest push to git@git.bioconductor.org:packages/chromswitch.git to reflect on this report. See Troubleshooting Build Report for more information. - Use the following Renviron settings to reproduce errors and warnings. - If 'R CMD check' started to fail recently on the Linux builder(s) over a missing dependency, add the missing dependency to 'Suggests:' in your DESCRIPTION file. See Renviron.bioc for more information.  | 
| Package: chromswitch | 
| Version: 1.22.0 | 
| Command: F:\biocbuild\bbs-3.17-bioc\R\bin\R.exe CMD check --no-multiarch --install=check:chromswitch.install-out.txt --library=F:\biocbuild\bbs-3.17-bioc\R\library --no-vignettes --timings chromswitch_1.22.0.tar.gz | 
| StartedAt: 2023-10-16 00:34:56 -0400 (Mon, 16 Oct 2023) | 
| EndedAt: 2023-10-16 00:38:46 -0400 (Mon, 16 Oct 2023) | 
| EllapsedTime: 230.4 seconds | 
| RetCode: 0 | 
| Status: WARNINGS | 
| CheckDir: chromswitch.Rcheck | 
| Warnings: 1 | 
##############################################################################
##############################################################################
###
### Running command:
###
###   F:\biocbuild\bbs-3.17-bioc\R\bin\R.exe CMD check --no-multiarch --install=check:chromswitch.install-out.txt --library=F:\biocbuild\bbs-3.17-bioc\R\library --no-vignettes --timings chromswitch_1.22.0.tar.gz
###
##############################################################################
##############################################################################
* using log directory 'F:/biocbuild/bbs-3.17-bioc/meat/chromswitch.Rcheck'
* using R version 4.3.1 (2023-06-16 ucrt)
* using platform: x86_64-w64-mingw32 (64-bit)
* R was compiled by
    gcc.exe (GCC) 12.2.0
    GNU Fortran (GCC) 12.2.0
* running under: Windows Server 2022 x64 (build 20348)
* using session charset: UTF-8
* using option '--no-vignettes'
* checking for file 'chromswitch/DESCRIPTION' ... OK
* this is package 'chromswitch' version '1.22.0'
* package encoding: UTF-8
* checking package namespace information ... OK
* checking package dependencies ... OK
* checking if this is a source package ... OK
* checking if there is a namespace ... OK
* checking for hidden files and directories ... OK
* checking for portable file names ... OK
* checking whether package 'chromswitch' can be installed ... WARNING
Found the following significant warnings:
  Warning: Package 'chromswitch' is deprecated and will be removed from
See 'F:/biocbuild/bbs-3.17-bioc/meat/chromswitch.Rcheck/00install.out' for details.
* checking installed package size ... OK
* checking package directory ... OK
* checking 'build' directory ... OK
* checking DESCRIPTION meta-information ... OK
* checking top-level files ... OK
* checking for left-over files ... OK
* checking index information ... OK
* checking package subdirectories ... OK
* checking R files for non-ASCII characters ... OK
* checking R files for syntax errors ... OK
* checking whether the package can be loaded ... OK
* checking whether the package can be loaded with stated dependencies ... OK
* checking whether the package can be unloaded cleanly ... OK
* checking whether the namespace can be loaded with stated dependencies ... OK
* checking whether the namespace can be unloaded cleanly ... OK
* checking startup messages can be suppressed ... OK
* checking dependencies in R code ... OK
* checking S3 generic/method consistency ... OK
* checking replacement functions ... OK
* checking foreign function calls ... OK
* checking R code for possible problems ... OK
* checking Rd files ... OK
* checking Rd metadata ... OK
* checking Rd cross-references ... OK
* checking for missing documentation entries ... OK
* checking for code/documentation mismatches ... OK
* checking Rd \usage sections ... OK
* checking Rd contents ... OK
* checking for unstated dependencies in examples ... OK
* checking contents of 'data' directory ... OK
* checking data for non-ASCII characters ... OK
* checking LazyData ... OK
* checking data for ASCII and uncompressed saves ... OK
* checking files in 'vignettes' ... OK
* checking examples ... OK
* checking for unstated dependencies in 'tests' ... OK
* checking tests ...
  Running 'testthat.R'
 OK
* checking for unstated dependencies in vignettes ... OK
* checking package vignettes in 'inst/doc' ... OK
* checking running R code from vignettes ... SKIPPED
* checking re-building of vignette outputs ... SKIPPED
* checking PDF version of manual ... OK
* DONE
Status: 1 WARNING
See
  'F:/biocbuild/bbs-3.17-bioc/meat/chromswitch.Rcheck/00check.log'
for details.
chromswitch.Rcheck/00install.out
############################################################################## ############################################################################## ### ### Running command: ### ### F:\biocbuild\bbs-3.17-bioc\R\bin\R.exe CMD INSTALL chromswitch ### ############################################################################## ############################################################################## * installing to library 'F:/biocbuild/bbs-3.17-bioc/R/library' * installing *source* package 'chromswitch' ... ** using staged installation ** R ** data *** moving datasets to lazyload DB ** inst ** byte-compile and prepare package for lazy loading ** help *** installing help indices ** building package indices ** installing vignettes ** testing if installed package can be loaded from temporary location Warning: Package 'chromswitch' is deprecated and will be removed from Bioconductor version 3.18 ** testing if installed package can be loaded from final location Warning: Package 'chromswitch' is deprecated and will be removed from Bioconductor version 3.18 ** testing if installed package keeps a record of temporary installation path * DONE (chromswitch)
chromswitch.Rcheck/tests/testthat.Rout
R version 4.3.1 (2023-06-16 ucrt) -- "Beagle Scouts"
Copyright (C) 2023 The R Foundation for Statistical Computing
Platform: x86_64-w64-mingw32/x64 (64-bit)
R is free software and comes with ABSOLUTELY NO WARRANTY.
You are welcome to redistribute it under certain conditions.
Type 'license()' or 'licence()' for distribution details.
R is a collaborative project with many contributors.
Type 'contributors()' for more information and
'citation()' on how to cite R or R packages in publications.
Type 'demo()' for some demos, 'help()' for on-line help, or
'help.start()' for an HTML browser interface to help.
Type 'q()' to quit R.
> library(testthat)
> library(chromswitch)
Loading required package: GenomicRanges
Loading required package: stats4
Loading required package: BiocGenerics
Attaching package: 'BiocGenerics'
The following objects are masked from 'package:stats':
    IQR, mad, sd, var, xtabs
The following objects are masked from 'package:base':
    Filter, Find, Map, Position, Reduce, anyDuplicated, aperm, append,
    as.data.frame, basename, cbind, colnames, dirname, do.call,
    duplicated, eval, evalq, get, grep, grepl, intersect, is.unsorted,
    lapply, mapply, match, mget, order, paste, pmax, pmax.int, pmin,
    pmin.int, rank, rbind, rownames, sapply, setdiff, sort, table,
    tapply, union, unique, unsplit, which.max, which.min
Loading required package: S4Vectors
Attaching package: 'S4Vectors'
The following object is masked from 'package:utils':
    findMatches
The following objects are masked from 'package:base':
    I, expand.grid, unname
Loading required package: IRanges
Attaching package: 'IRanges'
The following object is masked from 'package:grDevices':
    windows
Loading required package: GenomeInfoDb
Warning message:
Package 'chromswitch' is deprecated and will be removed from
  Bioconductor version 3.18 
> 
> test_check("chromswitch")
[ FAIL 0 | WARN 17 | SKIP 10 | PASS 55 ]
══ Skipped tests (10) ══════════════════════════════════════════════════════════
• On Windows (10): 'test-binary.R:4:5', 'test-binary.R:25:5',
  'test-binary.R:59:5', 'test-local.R:4:5', 'test-local.R:46:5',
  'test-read.R:5:5', 'test-summary.R:4:5', 'test-summary.R:50:5',
  'test-wrappers.R:5:5', 'test-wrappers.R:177:5'
[ FAIL 0 | WARN 17 | SKIP 10 | PASS 55 ]
> 
> proc.time()
   user  system elapsed 
  15.09    0.93   16.07 
chromswitch.Rcheck/chromswitch-Ex.timings
| name | user | system | elapsed | |
| GRangesToCoord | 0.06 | 0.00 | 0.06 | |
| LocalPeaks-class | 0.49 | 0.03 | 0.52 | |
| NMI | 0 | 0 | 0 | |
| binarizePeaks | 1.30 | 0.14 | 1.44 | |
| callBinary | 4.55 | 0.10 | 4.74 | |
| callSummary | 3.63 | 0.26 | 3.89 | |
| classEntropy | 0.00 | 0.02 | 0.01 | |
| cluster | 1.07 | 0.05 | 1.13 | |
| clusterEntropy | 0 | 0 | 0 | |
| completeness | 0 | 0 | 0 | |
| conditionalClassEntropy | 0 | 0 | 0 | |
| conditionalClusterEntropy | 0 | 0 | 0 | |
| coordToGRanges | 0.04 | 0.00 | 0.03 | |
| filterPeaks | 0.42 | 0.00 | 0.42 | |
| homogeneity | 0 | 0 | 0 | |
| makeBrowserCoord | 0 | 0 | 0 | |
| normalizePeaks | 0.28 | 0.00 | 0.28 | |
| pReciprocalOverlap | 0.05 | 0.00 | 0.05 | |
| purity | 0 | 0 | 0 | |
| readNarrowPeak | 0.36 | 0.00 | 0.36 | |
| reducePeaks | 0.25 | 0.00 | 0.25 | |
| retrievePeaks | 0.25 | 0.01 | 0.26 | |
| summarizePeaks | 0.64 | 0.02 | 0.66 | |
| vMeasure | 0 | 0 | 0 | |
| winsorNorm | 0 | 0 | 0 | |