| Back to Multiple platform build/check report for BioC 3.17: simplified long |
|
This page was generated on 2023-10-16 11:36:50 -0400 (Mon, 16 Oct 2023).
| Hostname | OS | Arch (*) | R version | Installed pkgs |
|---|---|---|---|---|
| nebbiolo1 | Linux (Ubuntu 22.04.2 LTS) | x86_64 | 4.3.1 (2023-06-16) -- "Beagle Scouts" | 4626 |
| palomino3 | Windows Server 2022 Datacenter | x64 | 4.3.1 (2023-06-16 ucrt) -- "Beagle Scouts" | 4379 |
| merida1 | macOS 12.6.4 Monterey | x86_64 | 4.3.1 (2023-06-16) -- "Beagle Scouts" | 4395 |
| Click on any hostname to see more info about the system (e.g. compilers) (*) as reported by 'uname -p', except on Windows and Mac OS X | ||||
| Package 112/2230 | Hostname | OS / Arch | INSTALL | BUILD | CHECK | BUILD BIN | ||||||||
| autonomics 1.8.0 (landing page) Aditya Bhagwat
| nebbiolo1 | Linux (Ubuntu 22.04.2 LTS) / x86_64 | OK | OK | WARNINGS | |||||||||
| palomino3 | Windows Server 2022 Datacenter / x64 | OK | OK | WARNINGS | OK | |||||||||
| merida1 | macOS 12.6.4 Monterey / x86_64 | OK | OK | WARNINGS | OK | |||||||||
| kjohnson2 | macOS 12.6.1 Monterey / arm64 | see weekly results here | ||||||||||||
|
To the developers/maintainers of the autonomics package: - Allow up to 24 hours (and sometimes 48 hours) for your latest push to git@git.bioconductor.org:packages/autonomics.git to reflect on this report. See Troubleshooting Build Report for more information. - Use the following Renviron settings to reproduce errors and warnings. - If 'R CMD check' started to fail recently on the Linux builder(s) over a missing dependency, add the missing dependency to 'Suggests:' in your DESCRIPTION file. See Renviron.bioc for more information. |
| Package: autonomics |
| Version: 1.8.0 |
| Command: /Library/Frameworks/R.framework/Resources/bin/R CMD check --install=check:autonomics.install-out.txt --library=/Library/Frameworks/R.framework/Resources/library --no-vignettes --timings autonomics_1.8.0.tar.gz |
| StartedAt: 2023-10-15 22:39:58 -0400 (Sun, 15 Oct 2023) |
| EndedAt: 2023-10-15 23:05:45 -0400 (Sun, 15 Oct 2023) |
| EllapsedTime: 1546.2 seconds |
| RetCode: 0 |
| Status: WARNINGS |
| CheckDir: autonomics.Rcheck |
| Warnings: 1 |
##############################################################################
##############################################################################
###
### Running command:
###
### /Library/Frameworks/R.framework/Resources/bin/R CMD check --install=check:autonomics.install-out.txt --library=/Library/Frameworks/R.framework/Resources/library --no-vignettes --timings autonomics_1.8.0.tar.gz
###
##############################################################################
##############################################################################
* using log directory ‘/Users/biocbuild/bbs-3.17-bioc/meat/autonomics.Rcheck’
* using R version 4.3.1 (2023-06-16)
* using platform: x86_64-apple-darwin20 (64-bit)
* R was compiled by
Apple clang version 14.0.3 (clang-1403.0.22.14.1)
GNU Fortran (GCC) 12.2.0
* running under: macOS Monterey 12.6.4
* using session charset: UTF-8
* using option ‘--no-vignettes’
* checking for file ‘autonomics/DESCRIPTION’ ... OK
* checking extension type ... Package
* this is package ‘autonomics’ version ‘1.8.0’
* package encoding: UTF-8
* checking package namespace information ... OK
* checking package dependencies ... OK
* checking if this is a source package ... OK
* checking if there is a namespace ... OK
* checking for hidden files and directories ... NOTE
Found the following hidden files and directories:
.BBSoptions
These were most likely included in error. See section ‘Package
structure’ in the ‘Writing R Extensions’ manual.
* checking for portable file names ... OK
* checking for sufficient/correct file permissions ... OK
* checking whether package ‘autonomics’ can be installed ... OK
* checking installed package size ... OK
* checking package directory ... OK
* checking ‘build’ directory ... OK
* checking DESCRIPTION meta-information ... OK
* checking top-level files ... OK
* checking for left-over files ... OK
* checking index information ... OK
* checking package subdirectories ... OK
* checking R files for non-ASCII characters ... OK
* checking R files for syntax errors ... OK
* checking whether the package can be loaded ... OK
* checking whether the package can be loaded with stated dependencies ... OK
* checking whether the package can be unloaded cleanly ... OK
* checking whether the namespace can be loaded with stated dependencies ... OK
* checking whether the namespace can be unloaded cleanly ... OK
* checking dependencies in R code ... OK
* checking S3 generic/method consistency ... OK
* checking replacement functions ... OK
* checking foreign function calls ... OK
* checking R code for possible problems ... OK
* checking Rd files ... OK
* checking Rd metadata ... OK
* checking Rd cross-references ... OK
* checking for missing documentation entries ... OK
* checking for code/documentation mismatches ... OK
* checking Rd \usage sections ... WARNING
Undocumented arguments in documentation object 'normimpute'
‘ref’ ‘pos’
Functions with \usage entries need to have the appropriate \alias
entries, and all their arguments documented.
The \usage entries must correspond to syntactically valid R code.
See chapter ‘Writing R documentation files’ in the ‘Writing R
Extensions’ manual.
* checking Rd contents ... OK
* checking for unstated dependencies in examples ... OK
* checking files in ‘vignettes’ ... OK
* checking examples ... OK
Examples with CPU (user + system) or elapsed time > 5s
user system elapsed
read_rnaseq_counts 29.814 1.026 41.597
is_sig 29.152 0.231 38.875
filter_medoid 26.314 0.502 33.050
pca 22.703 0.467 30.630
explore_imputations 21.151 0.337 27.956
fit_limma 20.989 0.269 26.983
read_somascan 19.742 0.354 26.683
plot_detections 19.162 0.491 25.666
biplot_covariates 17.227 0.394 23.804
read_metabolon 16.789 0.447 23.115
summarize_fit 13.430 0.325 17.610
read_rectangles 12.414 0.712 17.690
plot_features 12.274 0.290 16.524
plot_venn 11.997 0.164 15.792
analyze 11.561 0.564 15.671
plot_boxplots 11.233 0.276 15.147
subtract_baseline 10.603 0.374 14.537
plot_violins 10.390 0.306 14.359
explore_transformations 10.098 0.219 12.589
log2transform 9.370 0.199 12.639
read_proteingroups 9.177 0.219 12.576
biplot_corrections 8.932 0.390 12.988
sumexp_to_long_dt 8.332 0.535 11.789
biplot 7.269 0.349 10.772
plot_densities 5.271 0.354 7.389
impute_systematic_nondetects 5.092 0.173 6.915
plot_volcano 5.140 0.124 7.192
create_design 4.879 0.137 6.401
center 4.533 0.143 6.443
add_smiles 4.002 0.513 11.851
weights 4.217 0.232 5.669
contrastdefs 4.263 0.117 5.974
limma 4.108 0.104 5.549
make_volcano_dt 4.045 0.109 5.431
plot_data 3.805 0.281 5.441
preprocess_rnaseq_counts 3.866 0.164 5.415
sumexp2mae 3.630 0.317 5.235
* checking for unstated dependencies in ‘tests’ ... OK
* checking tests ...
Running ‘testthat.R’
OK
* checking for unstated dependencies in vignettes ... OK
* checking package vignettes in ‘inst/doc’ ... OK
* checking running R code from vignettes ... SKIPPED
* checking re-building of vignette outputs ... SKIPPED
* checking PDF version of manual ... OK
* DONE
Status: 1 WARNING, 1 NOTE
See
‘/Users/biocbuild/bbs-3.17-bioc/meat/autonomics.Rcheck/00check.log’
for details.
autonomics.Rcheck/00install.out
############################################################################## ############################################################################## ### ### Running command: ### ### /Library/Frameworks/R.framework/Resources/bin/R CMD INSTALL autonomics ### ############################################################################## ############################################################################## * installing to library ‘/Library/Frameworks/R.framework/Versions/4.3-x86_64/Resources/library’ * installing *source* package ‘autonomics’ ... ** using staged installation ** R ** inst ** byte-compile and prepare package for lazy loading Note: wrong number of arguments to '/' ** help *** installing help indices ** building package indices ** installing vignettes ** testing if installed package can be loaded from temporary location ** testing if installed package can be loaded from final location ** testing if installed package keeps a record of temporary installation path * DONE (autonomics)
autonomics.Rcheck/tests/testthat.Rout
R version 4.3.1 (2023-06-16) -- "Beagle Scouts"
Copyright (C) 2023 The R Foundation for Statistical Computing
Platform: x86_64-apple-darwin20 (64-bit)
R is free software and comes with ABSOLUTELY NO WARRANTY.
You are welcome to redistribute it under certain conditions.
Type 'license()' or 'licence()' for distribution details.
R is a collaborative project with many contributors.
Type 'contributors()' for more information and
'citation()' on how to cite R or R packages in publications.
Type 'demo()' for some demos, 'help()' for on-line help, or
'help.start()' for an HTML browser interface to help.
Type 'q()' to quit R.
> library(testthat)
> library(autonomics)
Attaching package: 'autonomics'
The following object is masked from 'package:stats':
biplot
>
> test_check("autonomics")
[ FAIL 0 | WARN 0 | SKIP 0 | PASS 102 ]
>
> proc.time()
user system elapsed
233.996 9.265 338.349
autonomics.Rcheck/autonomics-Ex.timings
| name | user | system | elapsed | |
| AUTONOMICS_DATASETS | 0.001 | 0.002 | 0.005 | |
| MAXQUANT_PATTERNS_PEPCOUNTS | 0.001 | 0.000 | 0.001 | |
| MAXQUANT_PATTERNS_QUANTITY | 0.000 | 0.001 | 0.002 | |
| TESTS | 0.001 | 0.000 | 0.004 | |
| add_smiles | 4.002 | 0.513 | 11.851 | |
| analysis | 2.121 | 0.120 | 2.878 | |
| analyze | 11.561 | 0.564 | 15.671 | |
| assert_is_valid_sumexp | 3.109 | 0.478 | 4.995 | |
| biplot | 7.269 | 0.349 | 10.772 | |
| biplot_corrections | 8.932 | 0.390 | 12.988 | |
| biplot_covariates | 17.227 | 0.394 | 23.804 | |
| center | 4.533 | 0.143 | 6.443 | |
| contrast_subgroup_cols | 1.530 | 0.207 | 2.339 | |
| contrastdefs | 4.263 | 0.117 | 5.974 | |
| counts | 2.806 | 0.111 | 3.895 | |
| counts2cpm | 3.061 | 0.102 | 4.043 | |
| counts2tpm | 1.142 | 0.052 | 1.521 | |
| cpm | 2.409 | 0.084 | 3.186 | |
| create_design | 4.879 | 0.137 | 6.401 | |
| create_sfile | 2.550 | 0.108 | 3.425 | |
| default_formula | 1.544 | 0.306 | 2.462 | |
| default_sfile | 0.264 | 0.024 | 0.375 | |
| download_data | 2.256 | 0.383 | 3.535 | |
| download_gtf | 0.000 | 0.000 | 0.001 | |
| dt2mat | 0.006 | 0.001 | 0.012 | |
| explore_imputations | 21.151 | 0.337 | 27.956 | |
| explore_transformations | 10.098 | 0.219 | 12.589 | |
| extract_features | 2.011 | 0.083 | 2.618 | |
| extract_rectangle | 1.369 | 0.250 | 2.075 | |
| fdata | 2.066 | 0.099 | 2.825 | |
| filter_exprs_replicated_in_some_subgroup | 2.898 | 0.316 | 4.141 | |
| filter_features | 1.832 | 0.314 | 2.740 | |
| filter_medoid | 26.314 | 0.502 | 33.050 | |
| filter_replicated | 3.488 | 0.114 | 4.398 | |
| filter_samples | 1.846 | 0.310 | 2.696 | |
| fit_limma | 20.989 | 0.269 | 26.983 | |
| flevels | 1.986 | 0.082 | 2.637 | |
| fnames | 2.020 | 0.090 | 2.659 | |
| formula2str | 0 | 0 | 0 | |
| fvalues | 1.989 | 0.081 | 2.709 | |
| fvars | 1.975 | 0.079 | 2.693 | |
| guess_maxquant_quantity | 3.442 | 0.148 | 4.733 | |
| guess_sep | 0.002 | 0.001 | 0.002 | |
| halfnormimpute | 1.978 | 0.076 | 2.724 | |
| impute_systematic_nondetects | 5.092 | 0.173 | 6.915 | |
| invert | 3.096 | 0.116 | 4.509 | |
| is_imputed | 1.922 | 0.084 | 2.644 | |
| is_sig | 29.152 | 0.231 | 38.875 | |
| limma | 4.108 | 0.104 | 5.549 | |
| log2counts | 2.494 | 0.086 | 3.342 | |
| log2countsratios | 2.339 | 0.077 | 3.077 | |
| log2cpm | 2.375 | 0.065 | 3.103 | |
| log2cpmratios | 2.383 | 0.097 | 3.185 | |
| log2tpm | 2.371 | 0.087 | 3.080 | |
| log2tpmratios | 3.172 | 0.095 | 4.230 | |
| log2transform | 9.370 | 0.199 | 12.639 | |
| make_volcano_dt | 4.045 | 0.109 | 5.431 | |
| matrix2sumexp | 2.938 | 0.311 | 4.131 | |
| merge_sdata | 1.515 | 0.213 | 2.207 | |
| merge_sfile | 2.868 | 0.237 | 4.150 | |
| message_df | 0.005 | 0.001 | 0.005 | |
| occupancies | 2.576 | 0.085 | 3.518 | |
| pca | 22.703 | 0.467 | 30.630 | |
| plot_boxplots | 11.233 | 0.276 | 15.147 | |
| plot_contrastogram | 2.638 | 0.243 | 3.851 | |
| plot_data | 3.805 | 0.281 | 5.441 | |
| plot_densities | 5.271 | 0.354 | 7.389 | |
| plot_detections | 19.162 | 0.491 | 25.666 | |
| plot_features | 12.274 | 0.290 | 16.524 | |
| plot_venn | 11.997 | 0.164 | 15.792 | |
| plot_violins | 10.390 | 0.306 | 14.359 | |
| plot_volcano | 5.140 | 0.124 | 7.192 | |
| preprocess_rnaseq_counts | 3.866 | 0.164 | 5.415 | |
| proteingroups | 2.599 | 0.101 | 3.654 | |
| read_affymetrix | 1.879 | 0.168 | 2.752 | |
| read_metabolon | 16.789 | 0.447 | 23.115 | |
| read_proteingroups | 9.177 | 0.219 | 12.576 | |
| read_rectangles | 12.414 | 0.712 | 17.690 | |
| read_rnaseq_counts | 29.814 | 1.026 | 41.597 | |
| read_somascan | 19.742 | 0.354 | 26.683 | |
| rm_singleton_samples | 1.618 | 0.049 | 2.191 | |
| scaledlibsizes | 2.074 | 0.068 | 2.807 | |
| sdata | 2.006 | 0.090 | 2.724 | |
| slevels | 1.928 | 0.076 | 2.639 | |
| snames | 1.988 | 0.081 | 2.745 | |
| split_by_svar | 1.694 | 0.084 | 2.651 | |
| split_extract | 1.527 | 0.223 | 2.341 | |
| standardize_maxquant_snames | 0.005 | 0.002 | 0.007 | |
| subgroup_matrix | 1.405 | 0.215 | 2.123 | |
| subtract_baseline | 10.603 | 0.374 | 14.537 | |
| sumexp2mae | 3.630 | 0.317 | 5.235 | |
| sumexp_to_long_dt | 8.332 | 0.535 | 11.789 | |
| summarize_fit | 13.430 | 0.325 | 17.610 | |
| svalues | 1.944 | 0.096 | 2.559 | |
| svars | 1.945 | 0.089 | 2.561 | |
| tpm | 2.530 | 0.088 | 3.367 | |
| values | 1.957 | 0.079 | 2.648 | |
| venn_detects | 1.832 | 0.088 | 2.441 | |
| weights | 4.217 | 0.232 | 5.669 | |
| zero_to_na | 0.028 | 0.004 | 0.043 | |