| Back to Multiple platform build/check report for BioC 3.17: simplified long | 
  | 
This page was generated on 2023-10-16 11:37:22 -0400 (Mon, 16 Oct 2023).
| Hostname | OS | Arch (*) | R version | Installed pkgs | 
|---|---|---|---|---|
| nebbiolo1 | Linux (Ubuntu 22.04.2 LTS) | x86_64 | 4.3.1 (2023-06-16) -- "Beagle Scouts" | 4626 | 
| palomino3 | Windows Server 2022 Datacenter | x64 | 4.3.1 (2023-06-16 ucrt) -- "Beagle Scouts" | 4379 | 
| merida1 | macOS 12.6.4 Monterey | x86_64 | 4.3.1 (2023-06-16) -- "Beagle Scouts" | 4395 | 
| Click on any hostname to see more info about the system (e.g. compilers) (*) as reported by 'uname -p', except on Windows and Mac OS X | ||||
| Package 1517/2230 | Hostname | OS / Arch | INSTALL | BUILD | CHECK | BUILD BIN | ||||||||
| Pi 2.12.0  (landing page) Hai Fang 
  | nebbiolo1 | Linux (Ubuntu 22.04.2 LTS) / x86_64 | OK | OK | WARNINGS | |||||||||
| palomino3 | Windows Server 2022 Datacenter / x64 | OK | OK | WARNINGS | OK | |||||||||
| merida1 | macOS 12.6.4 Monterey / x86_64 | OK | OK | WARNINGS | OK | |||||||||
| kjohnson2 | macOS 12.6.1 Monterey / arm64 | see weekly results here | ||||||||||||
| 
To the developers/maintainers of the Pi package: - Allow up to 24 hours (and sometimes 48 hours) for your latest push to git@git.bioconductor.org:packages/Pi.git to reflect on this report. See Troubleshooting Build Report for more information. - Use the following Renviron settings to reproduce errors and warnings. - If 'R CMD check' started to fail recently on the Linux builder(s) over a missing dependency, add the missing dependency to 'Suggests:' in your DESCRIPTION file. See Renviron.bioc for more information.  | 
| Package: Pi | 
| Version: 2.12.0 | 
| Command: /Library/Frameworks/R.framework/Resources/bin/R CMD check --install=check:Pi.install-out.txt --library=/Library/Frameworks/R.framework/Resources/library --no-vignettes --timings Pi_2.12.0.tar.gz | 
| StartedAt: 2023-10-16 05:16:57 -0400 (Mon, 16 Oct 2023) | 
| EndedAt: 2023-10-16 05:25:35 -0400 (Mon, 16 Oct 2023) | 
| EllapsedTime: 518.2 seconds | 
| RetCode: 0 | 
| Status: WARNINGS | 
| CheckDir: Pi.Rcheck | 
| Warnings: 2 | 
##############################################################################
##############################################################################
###
### Running command:
###
###   /Library/Frameworks/R.framework/Resources/bin/R CMD check --install=check:Pi.install-out.txt --library=/Library/Frameworks/R.framework/Resources/library --no-vignettes --timings Pi_2.12.0.tar.gz
###
##############################################################################
##############################################################################
* using log directory ‘/Users/biocbuild/bbs-3.17-bioc/meat/Pi.Rcheck’
* using R version 4.3.1 (2023-06-16)
* using platform: x86_64-apple-darwin20 (64-bit)
* R was compiled by
    Apple clang version 14.0.3 (clang-1403.0.22.14.1)
    GNU Fortran (GCC) 12.2.0
* running under: macOS Monterey 12.6.4
* using session charset: UTF-8
* using option ‘--no-vignettes’
* checking for file ‘Pi/DESCRIPTION’ ... OK
* checking extension type ... Package
* this is package ‘Pi’ version ‘2.12.0’
* checking package namespace information ... OK
* checking package dependencies ... OK
* checking if this is a source package ... OK
* checking if there is a namespace ... OK
* checking for hidden files and directories ... OK
* checking for portable file names ... OK
* checking for sufficient/correct file permissions ... OK
* checking whether package ‘Pi’ can be installed ... WARNING
Found the following significant warnings:
  Warning: replacing previous import ‘ROCR::plot’ by ‘graphics::plot’ when loading ‘Pi’
See ‘/Users/biocbuild/bbs-3.17-bioc/meat/Pi.Rcheck/00install.out’ for details.
* checking installed package size ... OK
* checking package directory ... OK
* checking ‘build’ directory ... OK
* checking DESCRIPTION meta-information ... OK
* checking top-level files ... OK
* checking for left-over files ... OK
* checking index information ... OK
* checking package subdirectories ... OK
* checking R files for non-ASCII characters ... OK
* checking R files for syntax errors ... OK
* checking whether the package can be loaded ... OK
* checking whether the package can be loaded with stated dependencies ... OK
* checking whether the package can be unloaded cleanly ... OK
* checking whether the namespace can be loaded with stated dependencies ... OK
* checking whether the namespace can be unloaded cleanly ... OK
* checking dependencies in R code ... WARNING
'::' or ':::' import not declared from: 'pbapply'
* checking S3 generic/method consistency ... OK
* checking replacement functions ... OK
* checking foreign function calls ... OK
* checking R code for possible problems ... OK
* checking Rd files ... OK
* checking Rd metadata ... OK
* checking Rd cross-references ... OK
* checking for missing documentation entries ... OK
* checking for code/documentation mismatches ... OK
* checking Rd \usage sections ... OK
* checking Rd contents ... OK
* checking for unstated dependencies in examples ... OK
* checking files in ‘vignettes’ ... OK
* checking examples ... OK
* checking for unstated dependencies in vignettes ... OK
* checking package vignettes in ‘inst/doc’ ... OK
* checking running R code from vignettes ... SKIPPED
* checking re-building of vignette outputs ... SKIPPED
* checking PDF version of manual ... OK
* DONE
Status: 2 WARNINGs
See
  ‘/Users/biocbuild/bbs-3.17-bioc/meat/Pi.Rcheck/00check.log’
for details.
Pi.Rcheck/00install.out
############################################################################## ############################################################################## ### ### Running command: ### ### /Library/Frameworks/R.framework/Resources/bin/R CMD INSTALL Pi ### ############################################################################## ############################################################################## * installing to library ‘/Library/Frameworks/R.framework/Versions/4.3-x86_64/Resources/library’ * installing *source* package ‘Pi’ ... ** using staged installation ** R ** inst ** byte-compile and prepare package for lazy loading Warning: replacing previous import ‘ROCR::plot’ by ‘graphics::plot’ when loading ‘Pi’ ** help *** installing help indices ** building package indices ** installing vignettes ** testing if installed package can be loaded from temporary location Warning: replacing previous import ‘ROCR::plot’ by ‘graphics::plot’ when loading ‘Pi’ ** testing if installed package can be loaded from final location Warning: replacing previous import ‘ROCR::plot’ by ‘graphics::plot’ when loading ‘Pi’ ** testing if installed package keeps a record of temporary installation path * DONE (Pi)
Pi.Rcheck/Pi-Ex.timings
| name | user | system | elapsed | |
| EG | 0.000 | 0.000 | 0.001 | |
| GS | 0.000 | 0.000 | 0.003 | |
| aOnto | 0.001 | 0.001 | 0.001 | |
| cTarget | 0.000 | 0.001 | 0.001 | |
| dTarget | 0.000 | 0.000 | 0.001 | |
| eGSEA | 0.001 | 0.000 | 0.000 | |
| eTarget | 0.000 | 0.001 | 0.001 | |
| eTerm | 0.000 | 0.001 | 0.000 | |
| iSubg | 0 | 0 | 0 | |
| ls_eTerm | 0.001 | 0.000 | 0.001 | |
| pNode | 0.000 | 0.000 | 0.001 | |
| pPerf | 0.000 | 0.001 | 0.001 | |
| sGS | 0.001 | 0.001 | 0.001 | |
| sTarget | 0.001 | 0.000 | 0.000 | |
| xAggregate | 0.000 | 0.000 | 0.001 | |
| xCheckParallel | 0 | 0 | 0 | |
| xCircos | 0.001 | 0.002 | 0.002 | |
| xColormap | 0.022 | 0.004 | 0.031 | |
| xCombineNet | 0.000 | 0.001 | 0.001 | |
| xContour | 0.055 | 0.006 | 0.079 | |
| xConverter | 0.044 | 0.006 | 0.065 | |
| xCorrelation | 0.000 | 0.000 | 0.001 | |
| xDAGanno | 0.001 | 0.002 | 0.002 | |
| xDefineEQTL | 0.000 | 0.000 | 0.001 | |
| xDefineHIC | 0.000 | 0.001 | 0.002 | |
| xDefineNet | 0.001 | 0.001 | 0.001 | |
| xDefineOntology | 0.000 | 0.000 | 0.001 | |
| xEnrichForest | 0.000 | 0.001 | 0.001 | |
| xEnrichViewer | 0.001 | 0.000 | 0.001 | |
| xEnricher | 0.000 | 0.001 | 0.002 | |
| xEnricherGenes | 0.001 | 0.001 | 0.003 | |
| xGGnetwork | 0.001 | 0.002 | 0.003 | |
| xGR | 0.001 | 0.001 | 0.003 | |
| xGR2nGenes | 0.000 | 0.001 | 0.001 | |
| xGR2xGeneScores | 0.001 | 0.001 | 0.001 | |
| xGR2xGenes | 0.000 | 0.002 | 0.004 | |
| xGRscores | 0.001 | 0.000 | 0.001 | |
| xGRsort | 0.000 | 0.001 | 0.001 | |
| xGSEAbarplot | 0.000 | 0.000 | 0.001 | |
| xGSEAconciser | 0 | 0 | 0 | |
| xGSEAdotplot | 0.001 | 0.001 | 0.001 | |
| xGSsimulator | 0.000 | 0.001 | 0.000 | |
| xGeneID2Symbol | 0.000 | 0.001 | 0.001 | |
| xHeatmap | 0.000 | 0.001 | 0.001 | |
| xLayout | 0.000 | 0.001 | 0.002 | |
| xLiftOver | 0.000 | 0.001 | 0.001 | |
| xMEabf | 0.001 | 0.001 | 0.003 | |
| xMLcaret | 0.000 | 0.000 | 0.001 | |
| xMLcompare | 0.000 | 0.000 | 0.001 | |
| xMLdensity | 0.000 | 0.000 | 0.002 | |
| xMLdotplot | 0.001 | 0.001 | 0.001 | |
| xMLfeatureplot | 0.000 | 0.001 | 0.000 | |
| xMLglmnet | 0.000 | 0.000 | 0.001 | |
| xMLparameters | 0.000 | 0.000 | 0.001 | |
| xMLrandomforest | 0.001 | 0.000 | 0.001 | |
| xMLrename | 0.000 | 0.001 | 0.002 | |
| xMLzoom | 0 | 0 | 0 | |
| xPieplot | 0 | 0 | 0 | |
| xPier | 0.001 | 0.001 | 0.001 | |
| xPierABF | 0.000 | 0.000 | 0.001 | |
| xPierABFheatmap | 0.001 | 0.001 | 0.000 | |
| xPierAnno | 0.000 | 0.002 | 0.003 | |
| xPierCor | 0.000 | 0.001 | 0.002 | |
| xPierCross | 0.001 | 0.000 | 0.001 | |
| xPierEvidence | 0.000 | 0.001 | 0.001 | |
| xPierGRs | 0.000 | 0.001 | 0.002 | |
| xPierGSEA | 0.001 | 0.001 | 0.001 | |
| xPierGenes | 0.000 | 0.000 | 0.001 | |
| xPierMRS | 0.000 | 0.001 | 0.003 | |
| xPierManhattan | 0.001 | 0.002 | 0.002 | |
| xPierMatrix | 0.000 | 0.001 | 0.001 | |
| xPierPathways | 0.000 | 0.001 | 0.002 | |
| xPierROCR | 0.001 | 0.001 | 0.000 | |
| xPierSNPs | 0.001 | 0.001 | 0.001 | |
| xPierSNPsAdv | 0 | 0 | 0 | |
| xPierSNPsAdvABF | 0.000 | 0.001 | 0.001 | |
| xPierSubnet | 0.001 | 0.001 | 0.002 | |
| xPierTrack | 0.000 | 0.001 | 0.001 | |
| xPierTrackAdv | 0.000 | 0.000 | 0.001 | |
| xPredictCompare | 0.000 | 0.000 | 0.004 | |
| xPredictROCR | 0 | 0 | 0 | |
| xRDataLoader | 0.001 | 0.001 | 0.001 | |
| xRWR | 0.001 | 0.001 | 0.003 | |
| xSM2DF | 0.019 | 0.001 | 0.027 | |
| xSNP2cGenes | 0.000 | 0.001 | 0.001 | |
| xSNP2eGenes | 0.000 | 0.001 | 0.001 | |
| xSNP2nGenes | 0.000 | 0.001 | 0.005 | |
| xSNPlocations | 0.000 | 0.001 | 0.001 | |
| xSNPscores | 0.001 | 0.001 | 0.001 | |
| xSparseMatrix | 0.018 | 0.003 | 0.026 | |
| xSubneterGenes | 0.001 | 0.002 | 0.005 | |
| xSymbol2GeneID | 0.000 | 0.000 | 0.001 | |
| xVisEvidence | 0.000 | 0.001 | 0.001 | |
| xVisEvidenceAdv | 0.001 | 0.000 | 0.005 | |
| xVisKernels | 0.027 | 0.021 | 0.064 | |
| xVisNet | 0.001 | 0.002 | 0.001 | |