| Back to Multiple platform build/check report for BioC 3.17: simplified long | 
  | 
This page was generated on 2023-10-16 11:35:35 -0400 (Mon, 16 Oct 2023).
| Hostname | OS | Arch (*) | R version | Installed pkgs | 
|---|---|---|---|---|
| nebbiolo1 | Linux (Ubuntu 22.04.2 LTS) | x86_64 | 4.3.1 (2023-06-16) -- "Beagle Scouts" | 4626 | 
| palomino3 | Windows Server 2022 Datacenter | x64 | 4.3.1 (2023-06-16 ucrt) -- "Beagle Scouts" | 4379 | 
| merida1 | macOS 12.6.4 Monterey | x86_64 | 4.3.1 (2023-06-16) -- "Beagle Scouts" | 4395 | 
| Click on any hostname to see more info about the system (e.g. compilers) (*) as reported by 'uname -p', except on Windows and Mac OS X | ||||
| Package 1407/2230 | Hostname | OS / Arch | INSTALL | BUILD | CHECK | BUILD BIN | ||||||||
David Zhang 
  | nebbiolo1 | Linux (Ubuntu 22.04.2 LTS) / x86_64 | OK | ERROR | skipped | |||||||||
| palomino3 | Windows Server 2022 Datacenter / x64 | OK | OK | ERROR | OK | |||||||||
| merida1 | macOS 12.6.4 Monterey / x86_64 | OK | ERROR | skipped | skipped | |||||||||
| kjohnson2 | macOS 12.6.1 Monterey / arm64 | see weekly results here | ||||||||||||
| 
To the developers/maintainers of the ODER package: - Allow up to 24 hours (and sometimes 48 hours) for your latest push to git@git.bioconductor.org:packages/ODER.git to reflect on this report. See Troubleshooting Build Report for more information. - Use the following Renviron settings to reproduce errors and warnings. - If 'R CMD check' started to fail recently on the Linux builder(s) over a missing dependency, add the missing dependency to 'Suggests:' in your DESCRIPTION file. See Renviron.bioc for more information.  | 
| Package: ODER | 
| Version: 1.6.0 | 
| Command: /home/biocbuild/bbs-3.17-bioc/R/bin/R CMD build --keep-empty-dirs --no-resave-data ODER | 
| StartedAt: 2023-10-15 17:42:45 -0400 (Sun, 15 Oct 2023) | 
| EndedAt: 2023-10-15 17:45:23 -0400 (Sun, 15 Oct 2023) | 
| EllapsedTime: 158.5 seconds | 
| RetCode: 1 | 
| Status: ERROR | 
| PackageFile: None | 
| PackageFileSize: NA | 
############################################################################## ############################################################################## ### ### Running command: ### ### /home/biocbuild/bbs-3.17-bioc/R/bin/R CMD build --keep-empty-dirs --no-resave-data ODER ### ############################################################################## ############################################################################## * checking for file ‘ODER/DESCRIPTION’ ... OK * preparing ‘ODER’: * checking DESCRIPTION meta-information ... OK * installing the package to build vignettes * creating vignettes ... ERROR --- re-building ‘ODER_overview.Rmd’ using rmarkdown Loading required namespace: ODER trying URL 'https://github.com/leekgroup/recount-website/blob/master/metadata/metadata_clean_gtex.Rdata?raw=true' Content type 'application/octet-stream' length 2817518 bytes (2.7 MB) ================================================== downloaded 2.7 MB Quitting from lines 265-311 [annotatER_example] (ODER_overview.Rmd) Error: processing vignette 'ODER_overview.Rmd' failed with diagnostics: error in evaluating the argument 'i' in selecting a method for function '[': could not find function "queryHits" --- failed re-building ‘ODER_overview.Rmd’ SUMMARY: processing the following file failed: ‘ODER_overview.Rmd’ Error: Vignette re-building failed. Execution halted