| Back to Multiple platform build/check report for BioC 3.17: simplified long | 
  | 
This page was generated on 2023-03-16 11:06:19 -0400 (Thu, 16 Mar 2023).
| Hostname | OS | Arch (*) | R version | Installed pkgs | 
|---|---|---|---|---|
| nebbiolo1 | Linux (Ubuntu 22.04.1 LTS) | x86_64 | R Under development (unstable) (2023-01-10 r83596) -- "Unsuffered Consequences" | 4540 | 
| palomino3 | Windows Server 2022 Datacenter | x64 | R Under development (unstable) (2023-01-10 r83596 ucrt) -- "Unsuffered Consequences" | 4302 | 
| merida1 | macOS 10.14.6 Mojave | x86_64 | R Under development (unstable) (2023-01-10 r83596) -- "Unsuffered Consequences" | 4330 | 
| Click on any hostname to see more info about the system (e.g. compilers) (*) as reported by 'uname -p', except on Windows and Mac OS X | ||||
| 
To the developers/maintainers of the MSstatsSampleSize package: - Please allow up to 24 hours (and sometimes 48 hours) for your latest push to git@git.bioconductor.org:packages/MSstatsSampleSize.git to reflect on this report. See How and When does the builder pull? When will my changes propagate? for more information. - Make sure to use the following settings in order to reproduce any error or warning you see on this page.  | 
| Package 1299/2189 | Hostname | OS / Arch | INSTALL | BUILD | CHECK | BUILD BIN | ||||||||
| MSstatsSampleSize 1.13.0  (landing page) Ting Huang 
  | nebbiolo1 | Linux (Ubuntu 22.04.1 LTS) / x86_64 | OK | OK | WARNINGS | |||||||||
| palomino3 | Windows Server 2022 Datacenter / x64 | OK | OK | WARNINGS | OK | |||||||||
| merida1 | macOS 10.14.6 Mojave / x86_64 | OK | OK | WARNINGS | OK | |||||||||
| Package: MSstatsSampleSize | 
| Version: 1.13.0 | 
| Command: F:\biocbuild\bbs-3.17-bioc\R\bin\R.exe CMD check --no-multiarch --install=check:MSstatsSampleSize.install-out.txt --library=F:\biocbuild\bbs-3.17-bioc\R\library --no-vignettes --timings MSstatsSampleSize_1.13.0.tar.gz | 
| StartedAt: 2023-03-16 03:56:24 -0400 (Thu, 16 Mar 2023) | 
| EndedAt: 2023-03-16 03:59:02 -0400 (Thu, 16 Mar 2023) | 
| EllapsedTime: 158.6 seconds | 
| RetCode: 0 | 
| Status: WARNINGS | 
| CheckDir: MSstatsSampleSize.Rcheck | 
| Warnings: 2 | 
##############################################################################
##############################################################################
###
### Running command:
###
###   F:\biocbuild\bbs-3.17-bioc\R\bin\R.exe CMD check --no-multiarch --install=check:MSstatsSampleSize.install-out.txt --library=F:\biocbuild\bbs-3.17-bioc\R\library --no-vignettes --timings MSstatsSampleSize_1.13.0.tar.gz
###
##############################################################################
##############################################################################
* using log directory 'F:/biocbuild/bbs-3.17-bioc/meat/MSstatsSampleSize.Rcheck'
* using R Under development (unstable) (2023-01-10 r83596 ucrt)
* using platform: x86_64-w64-mingw32 (64-bit)
* R was compiled by
    gcc.exe (GCC) 12.2.0
    GNU Fortran (GCC) 12.2.0
* running under: Windows Server x64 (build 20348)
* using session charset: UTF-8
* using option '--no-vignettes'
* checking for file 'MSstatsSampleSize/DESCRIPTION' ... OK
* checking extension type ... Package
* this is package 'MSstatsSampleSize' version '1.13.0'
* package encoding: UTF-8
* checking package namespace information ... OK
* checking package dependencies ... OK
* checking if this is a source package ... OK
* checking if there is a namespace ... OK
* checking for hidden files and directories ... OK
* checking for portable file names ... OK
* checking whether package 'MSstatsSampleSize' can be installed ... OK
* checking installed package size ... OK
* checking package directory ... OK
* checking 'build' directory ... OK
* checking DESCRIPTION meta-information ... OK
* checking top-level files ... OK
* checking for left-over files ... OK
* checking index information ... OK
* checking package subdirectories ... OK
* checking R files for non-ASCII characters ... OK
* checking R files for syntax errors ... OK
* checking whether the package can be loaded ... OK
* checking whether the package can be loaded with stated dependencies ... OK
* checking whether the package can be unloaded cleanly ... OK
* checking whether the namespace can be loaded with stated dependencies ... OK
* checking whether the namespace can be unloaded cleanly ... OK
* checking dependencies in R code ... OK
* checking S3 generic/method consistency ... OK
* checking replacement functions ... OK
* checking foreign function calls ... OK
* checking R code for possible problems ... OK
* checking Rd files ... OK
* checking Rd metadata ... OK
* checking Rd cross-references ... OK
* checking for missing documentation entries ... OK
* checking for code/documentation mismatches ... WARNING
Functions or methods with usage in documentation object '.classification' but not in code:
  '.classification'
* checking Rd \usage sections ... OK
* checking Rd contents ... OK
* checking for unstated dependencies in examples ... OK
* checking contents of 'data' directory ... OK
* checking data for non-ASCII characters ... OK
* checking LazyData ... OK
* checking data for ASCII and uncompressed saves ... WARNING
  
  Note: significantly better compression could be obtained
        by using R CMD build --resave-data
                             old_size new_size compress
  classification_results.rda    1.8Mb    1.3Mb       xz
  simulated_datasets.rda        656Kb    511Kb       xz
  variance_estimation.rda       690Kb    320Kb       xz
* checking files in 'vignettes' ... OK
* checking examples ... OK
Examples with CPU (user + system) or elapsed time > 5s
                                    user system elapsed
designSampleSizeClassificationPlots  3.9   0.27    33.8
* checking for unstated dependencies in 'tests' ... OK
* checking tests ...
  Running 'testthat.R'
 OK
* checking for unstated dependencies in vignettes ... OK
* checking package vignettes in 'inst/doc' ... OK
* checking running R code from vignettes ... SKIPPED
* checking re-building of vignette outputs ... SKIPPED
* checking PDF version of manual ... OK
* DONE
Status: 2 WARNINGs
See
  'F:/biocbuild/bbs-3.17-bioc/meat/MSstatsSampleSize.Rcheck/00check.log'
for details.
MSstatsSampleSize.Rcheck/00install.out
############################################################################## ############################################################################## ### ### Running command: ### ### F:\biocbuild\bbs-3.17-bioc\R\bin\R.exe CMD INSTALL MSstatsSampleSize ### ############################################################################## ############################################################################## * installing to library 'F:/biocbuild/bbs-3.17-bioc/R/library' * installing *source* package 'MSstatsSampleSize' ... ** using staged installation ** R ** data *** moving datasets to lazyload DB ** inst ** byte-compile and prepare package for lazy loading ** help *** installing help indices ** building package indices ** installing vignettes ** testing if installed package can be loaded from temporary location ** testing if installed package can be loaded from final location ** testing if installed package keeps a record of temporary installation path * DONE (MSstatsSampleSize)
MSstatsSampleSize.Rcheck/tests/testthat.Rout
R Under development (unstable) (2023-01-10 r83596 ucrt) -- "Unsuffered Consequences"
Copyright (C) 2023 The R Foundation for Statistical Computing
Platform: x86_64-w64-mingw32/x64 (64-bit)
R is free software and comes with ABSOLUTELY NO WARRANTY.
You are welcome to redistribute it under certain conditions.
Type 'license()' or 'licence()' for distribution details.
R is a collaborative project with many contributors.
Type 'contributors()' for more information and
'citation()' on how to cite R or R packages in publications.
Type 'demo()' for some demos, 'help()' for on-line help, or
'help.start()' for an HTML browser interface to help.
Type 'q()' to quit R.
> library(testthat)
> library(MSstatsSampleSize)
> 
> test_check("MSstatsSampleSize")
[ FAIL 0 | WARN 10 | SKIP 0 | PASS 7 ]
[ FAIL 0 | WARN 10 | SKIP 0 | PASS 7 ]
> 
> proc.time()
   user  system elapsed 
   6.87    0.68    7.54 
MSstatsSampleSize.Rcheck/MSstatsSampleSize-Ex.timings
| name | user | system | elapsed | |
| OV_SRM_train | 0 | 0 | 0 | |
| OV_SRM_train_annotation | 0 | 0 | 0 | |
| classification_results | 0.07 | 0.00 | 0.06 | |
| designSampleSizeClassification | 2.89 | 0.11 | 3.06 | |
| designSampleSizeClassificationPlots | 3.90 | 0.27 | 33.80 | |
| designSampleSizeHypothesisTestingPlot | 0.32 | 0.00 | 0.34 | |
| designSampleSizePCAplot | 3.37 | 0.11 | 3.55 | |
| estimateVar | 0.22 | 0.06 | 0.28 | |
| meanSDplot | 1.34 | 0.08 | 1.42 | |
| simulateDataset | 0.60 | 0.03 | 0.63 | |
| simulated_datasets | 0.01 | 0.00 | 0.01 | |
| variance_estimation | 0.02 | 0.00 | 0.02 | |