| Back to Multiple platform build/check report for BioC 3.17: simplified long | 
  | 
This page was generated on 2023-10-16 11:35:29 -0400 (Mon, 16 Oct 2023).
| Hostname | OS | Arch (*) | R version | Installed pkgs | 
|---|---|---|---|---|
| nebbiolo1 | Linux (Ubuntu 22.04.2 LTS) | x86_64 | 4.3.1 (2023-06-16) -- "Beagle Scouts" | 4626 | 
| palomino3 | Windows Server 2022 Datacenter | x64 | 4.3.1 (2023-06-16 ucrt) -- "Beagle Scouts" | 4379 | 
| merida1 | macOS 12.6.4 Monterey | x86_64 | 4.3.1 (2023-06-16) -- "Beagle Scouts" | 4395 | 
| Click on any hostname to see more info about the system (e.g. compilers) (*) as reported by 'uname -p', except on Windows and Mac OS X | ||||
| Package 1091/2230 | Hostname | OS / Arch | INSTALL | BUILD | CHECK | BUILD BIN | ||||||||
| M3Drop 1.26.0  (landing page) Tallulah Andrews 
  | nebbiolo1 | Linux (Ubuntu 22.04.2 LTS) / x86_64 | OK | OK | WARNINGS | |||||||||
| palomino3 | Windows Server 2022 Datacenter / x64 | OK | OK | WARNINGS | OK | |||||||||
| merida1 | macOS 12.6.4 Monterey / x86_64 | OK | OK | WARNINGS | OK | |||||||||
| kjohnson2 | macOS 12.6.1 Monterey / arm64 | see weekly results here | ||||||||||||
| 
To the developers/maintainers of the M3Drop package: - Allow up to 24 hours (and sometimes 48 hours) for your latest push to git@git.bioconductor.org:packages/M3Drop.git to reflect on this report. See Troubleshooting Build Report for more information. - Use the following Renviron settings to reproduce errors and warnings. - If 'R CMD check' started to fail recently on the Linux builder(s) over a missing dependency, add the missing dependency to 'Suggests:' in your DESCRIPTION file. See Renviron.bioc for more information.  | 
| Package: M3Drop | 
| Version: 1.26.0 | 
| Command: /home/biocbuild/bbs-3.17-bioc/R/bin/R CMD check --install=check:M3Drop.install-out.txt --library=/home/biocbuild/bbs-3.17-bioc/R/site-library --timings M3Drop_1.26.0.tar.gz | 
| StartedAt: 2023-10-15 22:25:15 -0400 (Sun, 15 Oct 2023) | 
| EndedAt: 2023-10-15 22:34:43 -0400 (Sun, 15 Oct 2023) | 
| EllapsedTime: 568.0 seconds | 
| RetCode: 0 | 
| Status: WARNINGS | 
| CheckDir: M3Drop.Rcheck | 
| Warnings: 1 | 
##############################################################################
##############################################################################
###
### Running command:
###
###   /home/biocbuild/bbs-3.17-bioc/R/bin/R CMD check --install=check:M3Drop.install-out.txt --library=/home/biocbuild/bbs-3.17-bioc/R/site-library --timings M3Drop_1.26.0.tar.gz
###
##############################################################################
##############################################################################
* using log directory ‘/home/biocbuild/bbs-3.17-bioc/meat/M3Drop.Rcheck’
* using R version 4.3.1 (2023-06-16)
* using platform: x86_64-pc-linux-gnu (64-bit)
* R was compiled by
    gcc (Ubuntu 11.3.0-1ubuntu1~22.04.1) 11.3.0
    GNU Fortran (Ubuntu 11.3.0-1ubuntu1~22.04.1) 11.3.0
* running under: Ubuntu 22.04.3 LTS
* using session charset: UTF-8
* checking for file ‘M3Drop/DESCRIPTION’ ... OK
* this is package ‘M3Drop’ version ‘1.26.0’
* checking package namespace information ... OK
* checking package dependencies ... OK
* checking if this is a source package ... OK
* checking if there is a namespace ... OK
* checking for hidden files and directories ... OK
* checking for portable file names ... OK
* checking for sufficient/correct file permissions ... OK
* checking whether package ‘M3Drop’ can be installed ... OK
* checking installed package size ... OK
* checking package directory ... OK
* checking ‘build’ directory ... OK
* checking DESCRIPTION meta-information ... OK
* checking top-level files ... OK
* checking for left-over files ... OK
* checking index information ... OK
* checking package subdirectories ... OK
* checking R files for non-ASCII characters ... OK
* checking R files for syntax errors ... OK
* checking whether the package can be loaded ... OK
* checking whether the package can be loaded with stated dependencies ... OK
* checking whether the package can be unloaded cleanly ... OK
* checking whether the namespace can be loaded with stated dependencies ... OK
* checking whether the namespace can be unloaded cleanly ... OK
* checking loading without being on the library search path ... OK
* checking dependencies in R code ... WARNING
Package in Depends field not imported from: ‘numDeriv’
  These packages need to be imported from (in the NAMESPACE file)
  for when this namespace is loaded but not attached.
Missing or unexported object: ‘scater::exprs’
* checking S3 generic/method consistency ... OK
* checking replacement functions ... OK
* checking foreign function calls ... OK
* checking R code for possible problems ... NOTE
M3DropConvertData: no visible global function definition for ‘assays’
NBumiConvertData: no visible global function definition for ‘assays’
bg__filter_cells: no visible binding for global variable ‘x’
bg__get_extreme_residuals: no visible binding for global variable ‘x’
Undefined global functions or variables:
  assays x
* checking Rd files ... NOTE
prepare_Rd: NBumi_FSOther.Rd:8-10: Dropping empty section \usage
prepare_Rd: NBumi_TradDE.Rd:7-8: Dropping empty section \usage
* checking Rd metadata ... OK
* checking Rd cross-references ... OK
* checking for missing documentation entries ... OK
* checking for code/documentation mismatches ... OK
* checking Rd \usage sections ... OK
* checking Rd contents ... OK
* checking for unstated dependencies in examples ... OK
* checking files in ‘vignettes’ ... OK
* checking examples ... OK
Examples with CPU (user + system) or elapsed time > 5s
                  user system elapsed
NewSimulations 140.707  1.508 142.214
Imputation      39.684  0.180  39.863
M3D_getmarkers  34.321  0.368  34.689
M3D_ConverData   5.321  0.115   5.437
* checking for unstated dependencies in vignettes ... OK
* checking package vignettes in ‘inst/doc’ ... OK
* checking running R code from vignettes ...
  ‘M3Drop_Vignette.Rnw’... OK
 OK
* checking re-building of vignette outputs ... OK
* checking PDF version of manual ... OK
* DONE
Status: 1 WARNING, 2 NOTEs
See
  ‘/home/biocbuild/bbs-3.17-bioc/meat/M3Drop.Rcheck/00check.log’
for details.
M3Drop.Rcheck/00install.out
############################################################################## ############################################################################## ### ### Running command: ### ### /home/biocbuild/bbs-3.17-bioc/R/bin/R CMD INSTALL M3Drop ### ############################################################################## ############################################################################## * installing to library ‘/home/biocbuild/bbs-3.17-bioc/R/site-library’ * installing *source* package ‘M3Drop’ ... ** using staged installation ** R ** inst ** byte-compile and prepare package for lazy loading ** help *** installing help indices ** building package indices ** installing vignettes ** testing if installed package can be loaded from temporary location ** testing if installed package can be loaded from final location ** testing if installed package keeps a record of temporary installation path * DONE (M3Drop)
M3Drop.Rcheck/M3Drop-Ex.timings
| name | user | system | elapsed | |
| Brennecke_getVariableGenes | 3.684 | 0.220 | 3.904 | |
| Consensus_FS | 0.273 | 0.012 | 0.286 | |
| Fitting_Dropout_Models | 0 | 0 | 0 | |
| Imputation | 39.684 | 0.180 | 39.863 | |
| M3D_Clean_Data | 1.369 | 0.101 | 1.469 | |
| M3D_ConverData | 5.321 | 0.115 | 5.437 | |
| M3D_Differential_Expression | 1.226 | 0.076 | 1.302 | |
| M3D_Dropout_Models | 1.623 | 0.020 | 1.643 | |
| M3D_Expression_Heatmap | 0.482 | 0.000 | 0.482 | |
| M3D_Get_Extremes | 1.599 | 0.097 | 1.695 | |
| M3D_Get_Heatmap_Cell_Clusters | 0.421 | 0.011 | 0.434 | |
| M3D_Simulations | 0 | 0 | 0 | |
| M3D_Test_Shift | 0.605 | 0.011 | 0.618 | |
| M3D_ThreeSet_Venn | 0.322 | 0.000 | 0.323 | |
| M3D_TraditionalDE | 0.011 | 0.000 | 0.012 | |
| M3D_getmarkers | 34.321 | 0.368 | 34.689 | |
| M3D_horz_res | 0.001 | 0.000 | 0.000 | |
| NBumi_CheckFit | 2.115 | 0.048 | 2.163 | |
| NBumi_CoExpression | 0.757 | 0.008 | 0.766 | |
| NBumi_CompareModels | 2.781 | 0.048 | 2.828 | |
| NBumi_ConvertToInteger | 0.000 | 0.000 | 0.001 | |
| NBumi_ConvrtData | 0.319 | 0.012 | 0.331 | |
| NBumi_FSDrop | 1.454 | 0.020 | 1.473 | |
| NBumi_FSHighVar | 0.657 | 0.000 | 0.657 | |
| NBumi_FSOther | 0.005 | 0.004 | 0.008 | |
| NBumi_FitDisp | 0 | 0 | 0 | |
| NBumi_FitDispVsMean | 0.519 | 0.000 | 0.520 | |
| NBumi_FitModel | 0.722 | 0.024 | 0.746 | |
| NBumi_HVG | 0.760 | 0.008 | 0.768 | |
| NBumi_TradDE | 0 | 0 | 0 | |
| NewSimulations | 140.707 | 1.508 | 142.214 | |
| Other_FS | 1.037 | 0.012 | 1.050 | |
| PoissonUMIFeatureSelectionDropouts | 0.653 | 0.000 | 0.653 | |
| bg__fit_gamma | 0.000 | 0.001 | 0.000 | |
| bg__get_stats | 0 | 0 | 0 | |
| bg__mean2disp | 0 | 0 | 0 | |
| bg__shift_size | 0.000 | 0.001 | 0.000 | |
| bg__var_vs_drop | 0.000 | 0.000 | 0.001 | |