| Back to Multiple platform build/check report for BioC 3.17: simplified long |
|
This page was generated on 2023-10-16 11:35:28 -0400 (Mon, 16 Oct 2023).
| Hostname | OS | Arch (*) | R version | Installed pkgs |
|---|---|---|---|---|
| nebbiolo1 | Linux (Ubuntu 22.04.2 LTS) | x86_64 | 4.3.1 (2023-06-16) -- "Beagle Scouts" | 4626 |
| palomino3 | Windows Server 2022 Datacenter | x64 | 4.3.1 (2023-06-16 ucrt) -- "Beagle Scouts" | 4379 |
| merida1 | macOS 12.6.4 Monterey | x86_64 | 4.3.1 (2023-06-16) -- "Beagle Scouts" | 4395 |
| Click on any hostname to see more info about the system (e.g. compilers) (*) as reported by 'uname -p', except on Windows and Mac OS X | ||||
| Package 1040/2230 | Hostname | OS / Arch | INSTALL | BUILD | CHECK | BUILD BIN | ||||||||
| IWTomics 1.24.0 (landing page) Marzia A Cremona
| nebbiolo1 | Linux (Ubuntu 22.04.2 LTS) / x86_64 | OK | OK | WARNINGS | |||||||||
| palomino3 | Windows Server 2022 Datacenter / x64 | OK | OK | WARNINGS | OK | |||||||||
| merida1 | macOS 12.6.4 Monterey / x86_64 | OK | OK | WARNINGS | OK | |||||||||
| kjohnson2 | macOS 12.6.1 Monterey / arm64 | see weekly results here | ||||||||||||
|
To the developers/maintainers of the IWTomics package: - Allow up to 24 hours (and sometimes 48 hours) for your latest push to git@git.bioconductor.org:packages/IWTomics.git to reflect on this report. See Troubleshooting Build Report for more information. - Use the following Renviron settings to reproduce errors and warnings. - If 'R CMD check' started to fail recently on the Linux builder(s) over a missing dependency, add the missing dependency to 'Suggests:' in your DESCRIPTION file. See Renviron.bioc for more information. |
| Package: IWTomics |
| Version: 1.24.0 |
| Command: /home/biocbuild/bbs-3.17-bioc/R/bin/R CMD check --install=check:IWTomics.install-out.txt --library=/home/biocbuild/bbs-3.17-bioc/R/site-library --timings IWTomics_1.24.0.tar.gz |
| StartedAt: 2023-10-15 22:18:11 -0400 (Sun, 15 Oct 2023) |
| EndedAt: 2023-10-15 22:22:38 -0400 (Sun, 15 Oct 2023) |
| EllapsedTime: 266.8 seconds |
| RetCode: 0 |
| Status: WARNINGS |
| CheckDir: IWTomics.Rcheck |
| Warnings: 1 |
##############################################################################
##############################################################################
###
### Running command:
###
### /home/biocbuild/bbs-3.17-bioc/R/bin/R CMD check --install=check:IWTomics.install-out.txt --library=/home/biocbuild/bbs-3.17-bioc/R/site-library --timings IWTomics_1.24.0.tar.gz
###
##############################################################################
##############################################################################
* using log directory ‘/home/biocbuild/bbs-3.17-bioc/meat/IWTomics.Rcheck’
* using R version 4.3.1 (2023-06-16)
* using platform: x86_64-pc-linux-gnu (64-bit)
* R was compiled by
gcc (Ubuntu 11.3.0-1ubuntu1~22.04.1) 11.3.0
GNU Fortran (Ubuntu 11.3.0-1ubuntu1~22.04.1) 11.3.0
* running under: Ubuntu 22.04.3 LTS
* using session charset: UTF-8
* checking for file ‘IWTomics/DESCRIPTION’ ... OK
* checking extension type ... Package
* this is package ‘IWTomics’ version ‘1.24.0’
* checking package namespace information ... OK
* checking package dependencies ... OK
* checking if this is a source package ... OK
* checking if there is a namespace ... OK
* checking for hidden files and directories ... OK
* checking for portable file names ... OK
* checking for sufficient/correct file permissions ... OK
* checking whether package ‘IWTomics’ can be installed ... OK
* checking installed package size ... OK
* checking package directory ... OK
* checking ‘build’ directory ... OK
* checking DESCRIPTION meta-information ... OK
* checking top-level files ... OK
* checking for left-over files ... OK
* checking index information ... OK
* checking package subdirectories ... NOTE
Problems with news in ‘NEWS’:
Cannot process chunk/lines:
0.99.0 First submission
Cannot process chunk/lines:
0.99.11 Revised package
Cannot process chunk/lines:
0.99.12 Fixed bug in plotTest and plotSummary
Cannot process chunk/lines:
1.1.1 Fixed bug in IWTomicsTest statistics=variance
Cannot process chunk/lines:
1.1.2 Fixed alpha
Cannot process chunk/lines:
1.1.3 Fixed bug in IWTomicsData constructor
Cannot process chunk/lines:
1.3.3 Citation added
* checking R files for non-ASCII characters ... OK
* checking R files for syntax errors ... OK
* checking whether the package can be loaded ... OK
* checking whether the package can be loaded with stated dependencies ... OK
* checking whether the package can be unloaded cleanly ... OK
* checking whether the namespace can be loaded with stated dependencies ... OK
* checking whether the namespace can be unloaded cleanly ... OK
* checking loading without being on the library search path ... OK
* checking dependencies in R code ... OK
* checking S3 generic/method consistency ... OK
* checking replacement functions ... OK
* checking foreign function calls ... OK
* checking R code for possible problems ... OK
* checking Rd files ... WARNING
checkRd: (5) IWTomicsData-class.Rd:122-126: \item in \describe must have non-empty label
checkRd: (5) IWTomicsData-class.Rd:127-170: \item in \describe must have non-empty label
checkRd: (5) IWTomicsData-class.Rd:177-179: \item in \describe must have non-empty label
checkRd: (5) IWTomicsData-class.Rd:180-182: \item in \describe must have non-empty label
checkRd: (5) IWTomicsData-class.Rd:183-186: \item in \describe must have non-empty label
checkRd: (5) IWTomicsData-class.Rd:187-189: \item in \describe must have non-empty label
checkRd: (5) IWTomicsData-class.Rd:190-193: \item in \describe must have non-empty label
checkRd: (5) IWTomicsData-class.Rd:194-196: \item in \describe must have non-empty label
checkRd: (5) IWTomicsData-class.Rd:197-200: \item in \describe must have non-empty label
checkRd: (5) IWTomicsData-class.Rd:201-204: \item in \describe must have non-empty label
checkRd: (5) IWTomicsData-class.Rd:205-208: \item in \describe must have non-empty label
checkRd: (5) IWTomicsData-class.Rd:209-211: \item in \describe must have non-empty label
checkRd: (5) IWTomicsData-class.Rd:212-214: \item in \describe must have non-empty label
checkRd: (5) IWTomicsData-class.Rd:215-217: \item in \describe must have non-empty label
checkRd: (5) IWTomicsData-class.Rd:218-220: \item in \describe must have non-empty label
checkRd: (5) IWTomicsData-class.Rd:221-223: \item in \describe must have non-empty label
checkRd: (5) IWTomicsData-class.Rd:224-226: \item in \describe must have non-empty label
checkRd: (5) IWTomicsData-class.Rd:227-229: \item in \describe must have non-empty label
checkRd: (5) IWTomicsData-class.Rd:230-234: \item in \describe must have non-empty label
checkRd: (5) IWTomicsData-class.Rd:235-237: \item in \describe must have non-empty label
checkRd: (5) IWTomicsData-class.Rd:238-248: \item in \describe must have non-empty label
checkRd: (5) IWTomicsData-class.Rd:256-261: \item in \describe must have non-empty label
checkRd: (5) IWTomicsData-class.Rd:269-274: \item in \describe must have non-empty label
checkRd: (5) IWTomicsData-class.Rd:275-280: \item in \describe must have non-empty label
checkRd: (5) IWTomicsData-class.Rd:281-286: \item in \describe must have non-empty label
checkRd: (5) IWTomicsData-class.Rd:292-299: \item in \describe must have non-empty label
* checking Rd metadata ... OK
* checking Rd cross-references ... OK
* checking for missing documentation entries ... OK
* checking for code/documentation mismatches ... OK
* checking Rd \usage sections ... OK
* checking Rd contents ... OK
* checking for unstated dependencies in examples ... OK
* checking contents of ‘data’ directory ... OK
* checking data for non-ASCII characters ... OK
* checking data for ASCII and uncompressed saves ... OK
* checking files in ‘vignettes’ ... OK
* checking examples ... OK
Examples with CPU (user + system) or elapsed time > 5s
user system elapsed
IWTomicsTest 50.390 0.564 50.954
IWTomicsData-class 9.757 0.183 9.943
IWTomics-package 7.833 0.616 8.453
* checking for unstated dependencies in vignettes ... OK
* checking package vignettes in ‘inst/doc’ ... OK
* checking running R code from vignettes ...
‘IWTomics.Rnw’... OK
NONE
* checking re-building of vignette outputs ... OK
* checking PDF version of manual ... OK
* DONE
Status: 1 WARNING, 1 NOTE
See
‘/home/biocbuild/bbs-3.17-bioc/meat/IWTomics.Rcheck/00check.log’
for details.
IWTomics.Rcheck/00install.out
############################################################################## ############################################################################## ### ### Running command: ### ### /home/biocbuild/bbs-3.17-bioc/R/bin/R CMD INSTALL IWTomics ### ############################################################################## ############################################################################## * installing to library ‘/home/biocbuild/bbs-3.17-bioc/R/site-library’ * installing *source* package ‘IWTomics’ ... ** using staged installation ** R ** data ** inst ** byte-compile and prepare package for lazy loading Creating a new generic function for ‘smooth’ in package ‘IWTomics’ ** help *** installing help indices ** building package indices ** installing vignettes ** testing if installed package can be loaded from temporary location ** testing if installed package can be loaded from final location ** testing if installed package keeps a record of temporary installation path * DONE (IWTomics)
IWTomics.Rcheck/IWTomics-Ex.timings
| name | user | system | elapsed | |
| ETn_example | 0.130 | 0.012 | 0.142 | |
| IWTomics-package | 7.833 | 0.616 | 8.453 | |
| IWTomicsData-class | 9.757 | 0.183 | 9.943 | |
| IWTomicsTest | 50.390 | 0.564 | 50.954 | |
| features_example | 0.001 | 0.000 | 0.002 | |
| plot-IWTomicsData | 0.415 | 0.004 | 0.419 | |
| plotSummary | 4.260 | 0.092 | 4.353 | |
| plotTest | 3.071 | 0.032 | 3.104 | |
| regionsFeatures_center | 0.008 | 0.003 | 0.011 | |
| regionsFeatures_scale | 0.009 | 0.001 | 0.011 | |
| regions_example | 0.000 | 0.002 | 0.002 | |
| smooth-IWTomicsData | 1.146 | 0.018 | 1.165 | |