| Back to Multiple platform build/check report for BioC 3.17: simplified long | 
  | 
This page was generated on 2023-10-16 11:35:26 -0400 (Mon, 16 Oct 2023).
| Hostname | OS | Arch (*) | R version | Installed pkgs | 
|---|---|---|---|---|
| nebbiolo1 | Linux (Ubuntu 22.04.2 LTS) | x86_64 | 4.3.1 (2023-06-16) -- "Beagle Scouts" | 4626 | 
| palomino3 | Windows Server 2022 Datacenter | x64 | 4.3.1 (2023-06-16 ucrt) -- "Beagle Scouts" | 4379 | 
| merida1 | macOS 12.6.4 Monterey | x86_64 | 4.3.1 (2023-06-16) -- "Beagle Scouts" | 4395 | 
| Click on any hostname to see more info about the system (e.g. compilers) (*) as reported by 'uname -p', except on Windows and Mac OS X | ||||
| Package 931/2230 | Hostname | OS / Arch | INSTALL | BUILD | CHECK | BUILD BIN | ||||||||
| HiCool 1.0.0  (landing page) Jacques Serizay 
  | nebbiolo1 | Linux (Ubuntu 22.04.2 LTS) / x86_64 | OK | OK | ERROR | |||||||||
| palomino3 | Windows Server 2022 Datacenter / x64 | ... NOT SUPPORTED ... | ||||||||||||
| merida1 | macOS 12.6.4 Monterey / x86_64 | OK | OK | OK | OK | |||||||||
| kjohnson2 | macOS 12.6.1 Monterey / arm64 | see weekly results here | ||||||||||||
| 
To the developers/maintainers of the HiCool package: - Allow up to 24 hours (and sometimes 48 hours) for your latest push to git@git.bioconductor.org:packages/HiCool.git to reflect on this report. See Troubleshooting Build Report for more information. - Use the following Renviron settings to reproduce errors and warnings. - If 'R CMD check' started to fail recently on the Linux builder(s) over a missing dependency, add the missing dependency to 'Suggests:' in your DESCRIPTION file. See Renviron.bioc for more information.  | 
| Package: HiCool | 
| Version: 1.0.0 | 
| Command: /home/biocbuild/bbs-3.17-bioc/R/bin/R CMD check --install=check:HiCool.install-out.txt --library=/home/biocbuild/bbs-3.17-bioc/R/site-library --timings HiCool_1.0.0.tar.gz | 
| StartedAt: 2023-10-15 22:00:59 -0400 (Sun, 15 Oct 2023) | 
| EndedAt: 2023-10-15 22:06:04 -0400 (Sun, 15 Oct 2023) | 
| EllapsedTime: 305.0 seconds | 
| RetCode: 1 | 
| Status: ERROR | 
| CheckDir: HiCool.Rcheck | 
| Warnings: NA | 
##############################################################################
##############################################################################
###
### Running command:
###
###   /home/biocbuild/bbs-3.17-bioc/R/bin/R CMD check --install=check:HiCool.install-out.txt --library=/home/biocbuild/bbs-3.17-bioc/R/site-library --timings HiCool_1.0.0.tar.gz
###
##############################################################################
##############################################################################
* using log directory ‘/home/biocbuild/bbs-3.17-bioc/meat/HiCool.Rcheck’
* using R version 4.3.1 (2023-06-16)
* using platform: x86_64-pc-linux-gnu (64-bit)
* R was compiled by
    gcc (Ubuntu 11.3.0-1ubuntu1~22.04.1) 11.3.0
    GNU Fortran (Ubuntu 11.3.0-1ubuntu1~22.04.1) 11.3.0
* running under: Ubuntu 22.04.3 LTS
* using session charset: UTF-8
* checking for file ‘HiCool/DESCRIPTION’ ... OK
* this is package ‘HiCool’ version ‘1.0.0’
* package encoding: UTF-8
* checking package namespace information ... OK
* checking package dependencies ... OK
* checking if this is a source package ... OK
* checking if there is a namespace ... OK
* checking for hidden files and directories ... NOTE
Found the following hidden files and directories:
  .BBSoptions
These were most likely included in error. See section ‘Package
structure’ in the ‘Writing R Extensions’ manual.
* checking for portable file names ... OK
* checking for sufficient/correct file permissions ... OK
* checking whether package ‘HiCool’ can be installed ... NOTE
Found the following notes/warnings:
  Non-staged installation was used
See ‘/home/biocbuild/bbs-3.17-bioc/meat/HiCool.Rcheck/00install.out’ for details.
* checking installed package size ... OK
* checking package directory ... OK
* checking ‘build’ directory ... OK
* checking DESCRIPTION meta-information ... NOTE
Package listed in more than one of Depends, Imports, Suggests, Enhances:
  ‘rmarkdown’
A package should be listed in only one of these fields.
* checking top-level files ... OK
* checking for left-over files ... OK
* checking index information ... OK
* checking package subdirectories ... OK
* checking R files for non-ASCII characters ... OK
* checking R files for syntax errors ... OK
* checking whether the package can be loaded ... OK
* checking whether the package can be loaded with stated dependencies ... OK
* checking whether the package can be unloaded cleanly ... OK
* checking whether the namespace can be loaded with stated dependencies ... OK
* checking whether the namespace can be unloaded cleanly ... OK
* checking loading without being on the library search path ... OK
* checking dependencies in R code ... OK
* checking S3 generic/method consistency ... OK
* checking replacement functions ... OK
* checking foreign function calls ... OK
* checking R code for possible problems ... OK
* checking Rd files ... OK
* checking Rd metadata ... OK
* checking Rd cross-references ... OK
* checking for missing documentation entries ... OK
* checking for code/documentation mismatches ... OK
* checking Rd \usage sections ... OK
* checking Rd contents ... OK
* checking for unstated dependencies in examples ... OK
* checking line endings in shell scripts ... OK
* checking files in ‘vignettes’ ... OK
* checking examples ... ERROR
Running examples in ‘HiCool-Ex.R’ failed
The error most likely occurred in:
> base::assign(".ptime", proc.time(), pos = "CheckExEnv")
> ### Name: HiCReport
> ### Title: HiC processing report
> ### Aliases: HiCReport
> 
> ### ** Examples
> 
> mcool_path <- HiContactsData::HiContactsData('yeast_wt', 'mcool')
see ?HiContactsData and browseVignettes('HiContactsData') for documentation
loading from cache
> pairs_path <- HiContactsData::HiContactsData('yeast_wt', 'pairs.gz')
see ?HiContactsData and browseVignettes('HiContactsData') for documentation
loading from cache
> log_path <- HiContactsData::HiContactsData(sample = 'yeast_wt', format = 'HiCool_log')
see ?HiContactsData and browseVignettes('HiContactsData') for documentation
loading from cache
> cf <- CoolFile(mcool_path, pairs = pairs_path, metadata = list(log = log_path))
Error in .check_cool_file(path) : 
  Provided file is not a .cool/.mcool file.
  Aborting now.
Calls: CoolFile -> .check_cool_file
Execution halted
* checking for unstated dependencies in ‘tests’ ... OK
* checking tests ...
  Running ‘testthat.R’
 OK
* checking for unstated dependencies in vignettes ... OK
* checking package vignettes in ‘inst/doc’ ... OK
* checking running R code from vignettes ...
  ‘HiCool.Rmd’ using ‘UTF-8’... OK
 NONE
* checking re-building of vignette outputs ... OK
* checking PDF version of manual ... OK
* DONE
Status: 1 ERROR, 3 NOTEs
See
  ‘/home/biocbuild/bbs-3.17-bioc/meat/HiCool.Rcheck/00check.log’
for details.
HiCool.Rcheck/00install.out
############################################################################## ############################################################################## ### ### Running command: ### ### /home/biocbuild/bbs-3.17-bioc/R/bin/R CMD INSTALL HiCool ### ############################################################################## ############################################################################## * installing to library ‘/home/biocbuild/bbs-3.17-bioc/R/site-library’ * installing *source* package ‘HiCool’ ... ** using non-staged installation via StagedInstall field ** R ** inst ** byte-compile and prepare package for lazy loading ** help *** installing help indices *** copying figures ** building package indices ** installing vignettes ** testing if installed package can be loaded * DONE (HiCool)
HiCool.Rcheck/tests/testthat.Rout
R version 4.3.1 (2023-06-16) -- "Beagle Scouts"
Copyright (C) 2023 The R Foundation for Statistical Computing
Platform: x86_64-pc-linux-gnu (64-bit)
R is free software and comes with ABSOLUTELY NO WARRANTY.
You are welcome to redistribute it under certain conditions.
Type 'license()' or 'licence()' for distribution details.
R is a collaborative project with many contributors.
Type 'contributors()' for more information and
'citation()' on how to cite R or R packages in publications.
Type 'demo()' for some demos, 'help()' for on-line help, or
'help.start()' for an HTML browser interface to help.
Type 'q()' to quit R.
> library(testthat)
> library(HiCool)
Loading required package: HiCExperiment
Consider using the `HiContacts` package to perform advanced genomic operations 
on `HiCExperiment` objects.
Read "Orchestrating Hi-C analysis with Bioconductor" online book to learn more:
https://js2264.github.io/OHCA/
> test_check("HiCool")
see ?HiContactsData and browseVignettes('HiContactsData') for documentation
loading from cache
see ?HiContactsData and browseVignettes('HiContactsData') for documentation
loading from cache
HiCool :: Recovering bowtie2 genome index from AWS iGenomes...
HiCool :: Initiating processing of fastq files [tmp folder: /tmp/Rtmpkfigy2/MABGHT]...
HiCool :: Mapping fastq files...
[E::idx_find_and_load] Could not retrieve index file for '/tmp/Rtmpkfigy2/MABGHT/tmp/592ce04f/temp_alignment.bam'
[E::idx_find_and_load] Could not retrieve index file for '/tmp/Rtmpkfigy2/MABGHT/tmp/592ce04f/temp_alignment.bam'
[E::idx_find_and_load] Could not retrieve index file for '/tmp/Rtmpkfigy2/MABGHT/tmp/592ce04f/temp_alignment.bam'
[E::idx_find_and_load] Could not retrieve index file for '/tmp/Rtmpkfigy2/MABGHT/tmp/6c7961d6/temp_alignment.bam'
[E::idx_find_and_load] Could not retrieve index file for '/tmp/Rtmpkfigy2/MABGHT/tmp/6c7961d6/temp_alignment.bam'
[E::idx_find_and_load] Could not retrieve index file for '/tmp/Rtmpkfigy2/MABGHT/tmp/6c7961d6/temp_alignment.bam'
[E::idx_find_and_load] Could not retrieve index file for '/tmp/Rtmpkfigy2/MABGHT/tmp/a1d2765d5bf4b_7833^mapped-R64-1-1^MABGHT.for.bam'
[E::idx_find_and_load] Could not retrieve index file for '/tmp/Rtmpkfigy2/MABGHT/tmp/a1d2765d5bf4b_7833^mapped-R64-1-1^MABGHT.rev.bam'
INFO:cooler.create:Writing chunk 0: /tmp/Rtmpkfigy2/MABGHT/tmp26loc18p.multi.cool::0
INFO:cooler.create:Creating cooler at "/tmp/Rtmpkfigy2/MABGHT/tmp26loc18p.multi.cool::/0"
INFO:cooler.create:Writing chroms
INFO:cooler.create:Writing bins
INFO:cooler.create:Writing pixels
INFO:cooler.create:Writing indexes
INFO:cooler.create:Writing info
INFO:cooler.create:Merging into /tmp/Rtmpkfigy2/MABGHT/a1d2765d5bf4b_7833^mapped-R64-1-1^MABGHT.cool
INFO:cooler.create:Creating cooler at "/tmp/Rtmpkfigy2/MABGHT/a1d2765d5bf4b_7833^mapped-R64-1-1^MABGHT.cool::/"
INFO:cooler.create:Writing chroms
INFO:cooler.create:Writing bins
INFO:cooler.create:Writing pixels
INFO:cooler.reduce:nnzs: [60531]
INFO:cooler.reduce:current: [60531]
INFO:cooler.create:Writing indexes
INFO:cooler.create:Writing info
HiCool :: Best-suited minimum resolution automatically inferred: 1000
HiCool :: Removing unwanted chromosomes...
HiCool :: Parsing pairs into .cool file...
HiCool :: Generating multi-resolution .mcool file...
HiCool :: Balancing .mcool file...
HiCool :: Tidying up everything for you...
HiCool :: .fastq to .mcool processing done!
HiCool :: Check ./HiCool/folder to find the generated files
HiCool :: Generating HiCool report. This might take a while.
HiCool :: Report generated and available @ /home/biocbuild/bbs-3.17-bioc/meat/HiCool.Rcheck/tests/testthat/HiCool/a1d2765d5bf4b_7833^mapped-R64-1-1^MABGHT.html
HiCool :: All processing successfully achieved. Congrats!
see ?HiContactsData and browseVignettes('HiContactsData') for documentation
loading from cache
[ FAIL 0 | WARN 0 | SKIP 0 | PASS 3 ]
> 
> proc.time()
   user  system elapsed 
 59.691   4.905  65.234 
HiCool.Rcheck/HiCool-Ex.timings
| name | user | system | elapsed |