| Back to Multiple platform build/check report for BioC 3.17: simplified long | 
  | 
This page was generated on 2023-10-16 11:37:07 -0400 (Mon, 16 Oct 2023).
| Hostname | OS | Arch (*) | R version | Installed pkgs | 
|---|---|---|---|---|
| nebbiolo1 | Linux (Ubuntu 22.04.2 LTS) | x86_64 | 4.3.1 (2023-06-16) -- "Beagle Scouts" | 4626 | 
| palomino3 | Windows Server 2022 Datacenter | x64 | 4.3.1 (2023-06-16 ucrt) -- "Beagle Scouts" | 4379 | 
| merida1 | macOS 12.6.4 Monterey | x86_64 | 4.3.1 (2023-06-16) -- "Beagle Scouts" | 4395 | 
| Click on any hostname to see more info about the system (e.g. compilers) (*) as reported by 'uname -p', except on Windows and Mac OS X | ||||
| Package 913/2230 | Hostname | OS / Arch | INSTALL | BUILD | CHECK | BUILD BIN | ||||||||
| HDF5Array 1.28.1  (landing page) Hervé Pagès 
  | nebbiolo1 | Linux (Ubuntu 22.04.2 LTS) / x86_64 | OK | OK | WARNINGS | |||||||||
| palomino3 | Windows Server 2022 Datacenter / x64 | OK | OK | OK | OK | |||||||||
| merida1 | macOS 12.6.4 Monterey / x86_64 | OK | OK | WARNINGS | OK | |||||||||
| kjohnson2 | macOS 12.6.1 Monterey / arm64 | see weekly results here | ||||||||||||
| 
To the developers/maintainers of the HDF5Array package: - Allow up to 24 hours (and sometimes 48 hours) for your latest push to git@git.bioconductor.org:packages/HDF5Array.git to reflect on this report. See Troubleshooting Build Report for more information. - Use the following Renviron settings to reproduce errors and warnings. - If 'R CMD check' started to fail recently on the Linux builder(s) over a missing dependency, add the missing dependency to 'Suggests:' in your DESCRIPTION file. See Renviron.bioc for more information.  | 
| Package: HDF5Array | 
| Version: 1.28.1 | 
| Command: /Library/Frameworks/R.framework/Resources/bin/R CMD check --install=check:HDF5Array.install-out.txt --library=/Library/Frameworks/R.framework/Resources/library --no-vignettes --timings HDF5Array_1.28.1.tar.gz | 
| StartedAt: 2023-10-16 02:33:13 -0400 (Mon, 16 Oct 2023) | 
| EndedAt: 2023-10-16 02:45:02 -0400 (Mon, 16 Oct 2023) | 
| EllapsedTime: 709.3 seconds | 
| RetCode: 0 | 
| Status: WARNINGS | 
| CheckDir: HDF5Array.Rcheck | 
| Warnings: 1 | 
##############################################################################
##############################################################################
###
### Running command:
###
###   /Library/Frameworks/R.framework/Resources/bin/R CMD check --install=check:HDF5Array.install-out.txt --library=/Library/Frameworks/R.framework/Resources/library --no-vignettes --timings HDF5Array_1.28.1.tar.gz
###
##############################################################################
##############################################################################
* using log directory ‘/Users/biocbuild/bbs-3.17-bioc/meat/HDF5Array.Rcheck’
* using R version 4.3.1 (2023-06-16)
* using platform: x86_64-apple-darwin20 (64-bit)
* R was compiled by
    Apple clang version 14.0.3 (clang-1403.0.22.14.1)
    GNU Fortran (GCC) 12.2.0
* running under: macOS Monterey 12.6.4
* using session charset: UTF-8
* using option ‘--no-vignettes’
* checking for file ‘HDF5Array/DESCRIPTION’ ... OK
* this is package ‘HDF5Array’ version ‘1.28.1’
* package encoding: UTF-8
* checking package namespace information ... OK
* checking package dependencies ... OK
* checking if this is a source package ... OK
* checking if there is a namespace ... OK
* checking for hidden files and directories ... NOTE
Found the following hidden files and directories:
  .BBSoptions
These were most likely included in error. See section ‘Package
structure’ in the ‘Writing R Extensions’ manual.
* checking for portable file names ... OK
* checking for sufficient/correct file permissions ... OK
* checking whether package ‘HDF5Array’ can be installed ... OK
* used C compiler: ‘Apple clang version 14.0.0 (clang-1400.0.29.202)’
* used SDK: ‘MacOSX11.3.sdk’
* checking installed package size ... NOTE
  installed size is 15.0Mb
  sub-directories of 1Mb or more:
    extdata   7.7Mb
    libs      6.3Mb
* checking package directory ... OK
* checking DESCRIPTION meta-information ... OK
* checking top-level files ... OK
* checking for left-over files ... OK
* checking index information ... OK
* checking package subdirectories ... OK
* checking R files for non-ASCII characters ... OK
* checking R files for syntax errors ... OK
* checking whether the package can be loaded ... OK
* checking whether the package can be loaded with stated dependencies ... OK
* checking whether the package can be unloaded cleanly ... OK
* checking whether the namespace can be loaded with stated dependencies ... OK
* checking whether the namespace can be unloaded cleanly ... OK
* checking startup messages can be suppressed ... OK
* checking dependencies in R code ... NOTE
Unexported object imported by a ':::' call: ‘rhdf5:::h5checktypeOrOpenLocS3’
  See the note in ?`:::` about the use of this operator.
* checking S3 generic/method consistency ... OK
* checking replacement functions ... OK
* checking foreign function calls ... OK
* checking R code for possible problems ... OK
* checking Rd files ... OK
* checking Rd metadata ... OK
* checking Rd cross-references ... OK
* checking for missing documentation entries ... OK
* checking for code/documentation mismatches ... OK
* checking Rd \usage sections ... OK
* checking Rd contents ... OK
* checking for unstated dependencies in examples ... OK
* checking line endings in C/C++/Fortran sources/headers ... OK
* checking line endings in Makefiles ... OK
* checking compilation flags in Makevars ... OK
* checking for GNU extensions in Makefiles ... NOTE
GNU make is a SystemRequirements.
* checking for portable use of $(BLAS_LIBS) and $(LAPACK_LIBS) ... OK
* checking use of PKG_*FLAGS in Makefiles ... OK
* checking compiled code ... WARNING
Note: information on .o files is not available
File ‘/Library/Frameworks/R.framework/Versions/4.3-x86_64/Resources/library/HDF5Array/libs/HDF5Array.so’:
  Found ‘___sprintf_chk’, possibly from ‘sprintf’ (C)
  Found ‘___stderrp’, possibly from ‘stderr’ (C)
  Found ‘___stdoutp’, possibly from ‘stdout’ (C)
  Found ‘_abort’, possibly from ‘abort’ (C)
  Found ‘_exit’, possibly from ‘exit’ (C)
  Found ‘_printf’, possibly from ‘printf’ (C)
  Found ‘_rand_r’, possibly from ‘rand_r’ (C)
  Found ‘_sprintf’, possibly from ‘sprintf’ (C)
Compiled code should not call entry points which might terminate R nor
write to stdout/stderr instead of to the console, nor use Fortran I/O
nor system RNGs nor [v]sprintf. The detected symbols are linked into
the code but might come from libraries and not actually be called.
See ‘Writing portable packages’ in the ‘Writing R Extensions’ manual.
* checking examples ... OK
Examples with CPU (user + system) or elapsed time > 5s
                        user system elapsed
TENxMatrix-class     131.497 38.976 130.919
h5mread               74.609 11.221 117.010
writeTENxMatrix       24.970  1.535  36.460
H5ADMatrix-class       6.234  0.352   8.496
TENxMatrixSeed-class   4.088  0.507   6.073
* checking for unstated dependencies in ‘tests’ ... OK
* checking tests ...
  Running ‘run_unitTests.R’
 OK
* checking PDF version of manual ... OK
* DONE
Status: 1 WARNING, 4 NOTEs
See
  ‘/Users/biocbuild/bbs-3.17-bioc/meat/HDF5Array.Rcheck/00check.log’
for details.
HDF5Array.Rcheck/00install.out
##############################################################################
##############################################################################
###
### Running command:
###
###   /Library/Frameworks/R.framework/Resources/bin/R CMD INSTALL HDF5Array
###
##############################################################################
##############################################################################
* installing to library ‘/Library/Frameworks/R.framework/Versions/4.3-x86_64/Resources/library’
* installing *source* package ‘HDF5Array’ ...
** using staged installation
** libs
using C compiler: ‘Apple clang version 14.0.0 (clang-1400.0.29.202)’
using SDK: ‘MacOSX11.3.sdk’
clang -arch x86_64 -I"/Library/Frameworks/R.framework/Resources/include" -DNDEBUG  -I'/Library/Frameworks/R.framework/Versions/4.3-x86_64/Resources/library/S4Vectors/include' -I'/Library/Frameworks/R.framework/Versions/4.3-x86_64/Resources/library/Rhdf5lib/include' -I/opt/R/x86_64/include    -fPIC  -falign-functions=64 -Wall -g -O2  -c S4Vectors_stubs.c -o S4Vectors_stubs.o
clang -arch x86_64 -I"/Library/Frameworks/R.framework/Resources/include" -DNDEBUG  -I'/Library/Frameworks/R.framework/Versions/4.3-x86_64/Resources/library/S4Vectors/include' -I'/Library/Frameworks/R.framework/Versions/4.3-x86_64/Resources/library/Rhdf5lib/include' -I/opt/R/x86_64/include    -fPIC  -falign-functions=64 -Wall -g -O2  -c H5File.c -o H5File.o
clang -arch x86_64 -I"/Library/Frameworks/R.framework/Resources/include" -DNDEBUG  -I'/Library/Frameworks/R.framework/Versions/4.3-x86_64/Resources/library/S4Vectors/include' -I'/Library/Frameworks/R.framework/Versions/4.3-x86_64/Resources/library/Rhdf5lib/include' -I/opt/R/x86_64/include    -fPIC  -falign-functions=64 -Wall -g -O2  -c global_errmsg_buf.c -o global_errmsg_buf.o
clang -arch x86_64 -I"/Library/Frameworks/R.framework/Resources/include" -DNDEBUG  -I'/Library/Frameworks/R.framework/Versions/4.3-x86_64/Resources/library/S4Vectors/include' -I'/Library/Frameworks/R.framework/Versions/4.3-x86_64/Resources/library/Rhdf5lib/include' -I/opt/R/x86_64/include    -fPIC  -falign-functions=64 -Wall -g -O2  -c H5DSetDescriptor.c -o H5DSetDescriptor.o
clang -arch x86_64 -I"/Library/Frameworks/R.framework/Resources/include" -DNDEBUG  -I'/Library/Frameworks/R.framework/Versions/4.3-x86_64/Resources/library/S4Vectors/include' -I'/Library/Frameworks/R.framework/Versions/4.3-x86_64/Resources/library/Rhdf5lib/include' -I/opt/R/x86_64/include    -fPIC  -falign-functions=64 -Wall -g -O2  -c h5dimscales.c -o h5dimscales.o
clang -arch x86_64 -I"/Library/Frameworks/R.framework/Resources/include" -DNDEBUG  -I'/Library/Frameworks/R.framework/Versions/4.3-x86_64/Resources/library/S4Vectors/include' -I'/Library/Frameworks/R.framework/Versions/4.3-x86_64/Resources/library/Rhdf5lib/include' -I/opt/R/x86_64/include    -fPIC  -falign-functions=64 -Wall -g -O2  -c uaselection.c -o uaselection.o
clang -arch x86_64 -I"/Library/Frameworks/R.framework/Resources/include" -DNDEBUG  -I'/Library/Frameworks/R.framework/Versions/4.3-x86_64/Resources/library/S4Vectors/include' -I'/Library/Frameworks/R.framework/Versions/4.3-x86_64/Resources/library/Rhdf5lib/include' -I/opt/R/x86_64/include    -fPIC  -falign-functions=64 -Wall -g -O2  -c h5mread_helpers.c -o h5mread_helpers.o
clang -arch x86_64 -I"/Library/Frameworks/R.framework/Resources/include" -DNDEBUG  -I'/Library/Frameworks/R.framework/Versions/4.3-x86_64/Resources/library/S4Vectors/include' -I'/Library/Frameworks/R.framework/Versions/4.3-x86_64/Resources/library/Rhdf5lib/include' -I/opt/R/x86_64/include    -fPIC  -falign-functions=64 -Wall -g -O2  -c h5mread_startscounts.c -o h5mread_startscounts.o
clang -arch x86_64 -I"/Library/Frameworks/R.framework/Resources/include" -DNDEBUG  -I'/Library/Frameworks/R.framework/Versions/4.3-x86_64/Resources/library/S4Vectors/include' -I'/Library/Frameworks/R.framework/Versions/4.3-x86_64/Resources/library/Rhdf5lib/include' -I/opt/R/x86_64/include    -fPIC  -falign-functions=64 -Wall -g -O2  -c ChunkIterator.c -o ChunkIterator.o
clang -arch x86_64 -I"/Library/Frameworks/R.framework/Resources/include" -DNDEBUG  -I'/Library/Frameworks/R.framework/Versions/4.3-x86_64/Resources/library/S4Vectors/include' -I'/Library/Frameworks/R.framework/Versions/4.3-x86_64/Resources/library/Rhdf5lib/include' -I/opt/R/x86_64/include    -fPIC  -falign-functions=64 -Wall -g -O2  -c h5mread_index.c -o h5mread_index.o
clang -arch x86_64 -I"/Library/Frameworks/R.framework/Resources/include" -DNDEBUG  -I'/Library/Frameworks/R.framework/Versions/4.3-x86_64/Resources/library/S4Vectors/include' -I'/Library/Frameworks/R.framework/Versions/4.3-x86_64/Resources/library/Rhdf5lib/include' -I/opt/R/x86_64/include    -fPIC  -falign-functions=64 -Wall -g -O2  -c h5mread_sparse.c -o h5mread_sparse.o
h5mread_sparse.c:123:13: warning: unused function 'NOT_USED_make_nzindex_from_buf' [-Wunused-function]
static SEXP NOT_USED_make_nzindex_from_buf(const IntAE *nzindex_buf,
            ^
h5mread_sparse.c:179:13: warning: unused function 'NOT_USED_make_nzdata_from_IntAE_bufs' [-Wunused-function]
static SEXP NOT_USED_make_nzdata_from_IntAE_bufs(const IntAEAE *nzdata_bufs,
            ^
h5mread_sparse.c:206:13: warning: unused function 'NOT_USED_make_nzindex_from_bufs' [-Wunused-function]
static SEXP NOT_USED_make_nzindex_from_bufs(const IntAEAE *nzindex_bufs,
            ^
3 warnings generated.
clang -arch x86_64 -I"/Library/Frameworks/R.framework/Resources/include" -DNDEBUG  -I'/Library/Frameworks/R.framework/Versions/4.3-x86_64/Resources/library/S4Vectors/include' -I'/Library/Frameworks/R.framework/Versions/4.3-x86_64/Resources/library/Rhdf5lib/include' -I/opt/R/x86_64/include    -fPIC  -falign-functions=64 -Wall -g -O2  -c h5mread.c -o h5mread.o
clang -arch x86_64 -I"/Library/Frameworks/R.framework/Resources/include" -DNDEBUG  -I'/Library/Frameworks/R.framework/Versions/4.3-x86_64/Resources/library/S4Vectors/include' -I'/Library/Frameworks/R.framework/Versions/4.3-x86_64/Resources/library/Rhdf5lib/include' -I/opt/R/x86_64/include    -fPIC  -falign-functions=64 -Wall -g -O2  -c h5summarize.c -o h5summarize.o
clang -arch x86_64 -I"/Library/Frameworks/R.framework/Resources/include" -DNDEBUG  -I'/Library/Frameworks/R.framework/Versions/4.3-x86_64/Resources/library/S4Vectors/include' -I'/Library/Frameworks/R.framework/Versions/4.3-x86_64/Resources/library/Rhdf5lib/include' -I/opt/R/x86_64/include    -fPIC  -falign-functions=64 -Wall -g -O2  -c R_init_HDF5Array.c -o R_init_HDF5Array.o
clang -arch x86_64 -dynamiclib -Wl,-headerpad_max_install_names -undefined dynamic_lookup -single_module -multiply_defined suppress -L/Library/Frameworks/R.framework/Resources/lib -L/opt/R/x86_64/lib -o HDF5Array.so S4Vectors_stubs.o H5File.o global_errmsg_buf.o H5DSetDescriptor.o h5dimscales.o uaselection.o h5mread_helpers.o h5mread_startscounts.o ChunkIterator.o h5mread_index.o h5mread_sparse.o h5mread.o h5summarize.o R_init_HDF5Array.o /Library/Frameworks/R.framework/Versions/4.3-x86_64/Resources/library/Rhdf5lib/lib/libhdf5_hl.a /Library/Frameworks/R.framework/Versions/4.3-x86_64/Resources/library/Rhdf5lib/lib/libhdf5.a -L/Library/Frameworks/R.framework/Versions/4.3-x86_64/Resources/library/Rhdf5lib/lib -lcrypto -lcurl -lsz -laec -lz -ldl -lm -F/Library/Frameworks/R.framework/.. -framework R -Wl,-framework -Wl,CoreFoundation
installing to /Library/Frameworks/R.framework/Versions/4.3-x86_64/Resources/library/00LOCK-HDF5Array/00new/HDF5Array/libs
** R
** inst
** byte-compile and prepare package for lazy loading
** help
*** installing help indices
** building package indices
** testing if installed package can be loaded from temporary location
** checking absolute paths in shared objects and dynamic libraries
** testing if installed package can be loaded from final location
** testing if installed package keeps a record of temporary installation path
* DONE (HDF5Array)
HDF5Array.Rcheck/tests/run_unitTests.Rout
R version 4.3.1 (2023-06-16) -- "Beagle Scouts"
Copyright (C) 2023 The R Foundation for Statistical Computing
Platform: x86_64-apple-darwin20 (64-bit)
R is free software and comes with ABSOLUTELY NO WARRANTY.
You are welcome to redistribute it under certain conditions.
Type 'license()' or 'licence()' for distribution details.
R is a collaborative project with many contributors.
Type 'contributors()' for more information and
'citation()' on how to cite R or R packages in publications.
Type 'demo()' for some demos, 'help()' for on-line help, or
'help.start()' for an HTML browser interface to help.
Type 'q()' to quit R.
> require("HDF5Array") || stop("unable to load HDF5Array package")
Loading required package: HDF5Array
Loading required package: DelayedArray
Loading required package: stats4
Loading required package: Matrix
Loading required package: BiocGenerics
Attaching package: 'BiocGenerics'
The following objects are masked from 'package:stats':
    IQR, mad, sd, var, xtabs
The following objects are masked from 'package:base':
    Filter, Find, Map, Position, Reduce, anyDuplicated, aperm, append,
    as.data.frame, basename, cbind, colnames, dirname, do.call,
    duplicated, eval, evalq, get, grep, grepl, intersect, is.unsorted,
    lapply, mapply, match, mget, order, paste, pmax, pmax.int, pmin,
    pmin.int, rank, rbind, rownames, sapply, setdiff, sort, table,
    tapply, union, unique, unsplit, which.max, which.min
Loading required package: MatrixGenerics
Loading required package: matrixStats
Attaching package: 'MatrixGenerics'
The following objects are masked from 'package:matrixStats':
    colAlls, colAnyNAs, colAnys, colAvgsPerRowSet, colCollapse,
    colCounts, colCummaxs, colCummins, colCumprods, colCumsums,
    colDiffs, colIQRDiffs, colIQRs, colLogSumExps, colMadDiffs,
    colMads, colMaxs, colMeans2, colMedians, colMins, colOrderStats,
    colProds, colQuantiles, colRanges, colRanks, colSdDiffs, colSds,
    colSums2, colTabulates, colVarDiffs, colVars, colWeightedMads,
    colWeightedMeans, colWeightedMedians, colWeightedSds,
    colWeightedVars, rowAlls, rowAnyNAs, rowAnys, rowAvgsPerColSet,
    rowCollapse, rowCounts, rowCummaxs, rowCummins, rowCumprods,
    rowCumsums, rowDiffs, rowIQRDiffs, rowIQRs, rowLogSumExps,
    rowMadDiffs, rowMads, rowMaxs, rowMeans2, rowMedians, rowMins,
    rowOrderStats, rowProds, rowQuantiles, rowRanges, rowRanks,
    rowSdDiffs, rowSds, rowSums2, rowTabulates, rowVarDiffs, rowVars,
    rowWeightedMads, rowWeightedMeans, rowWeightedMedians,
    rowWeightedSds, rowWeightedVars
Loading required package: S4Vectors
Attaching package: 'S4Vectors'
The following objects are masked from 'package:Matrix':
    expand, unname
The following object is masked from 'package:utils':
    findMatches
The following objects are masked from 'package:base':
    I, expand.grid, unname
Loading required package: IRanges
Loading required package: S4Arrays
Loading required package: abind
Attaching package: 'S4Arrays'
The following object is masked from 'package:abind':
    abind
The following object is masked from 'package:base':
    rowsum
Attaching package: 'DelayedArray'
The following objects are masked from 'package:base':
    apply, scale, sweep
Loading required package: rhdf5
Attaching package: 'HDF5Array'
The following object is masked from 'package:rhdf5':
    h5ls
[1] TRUE
> HDF5Array:::.test()
Loading required package: SummarizedExperiment
Loading required package: GenomicRanges
Loading required package: GenomeInfoDb
Loading required package: Biobase
Welcome to Bioconductor
    Vignettes contain introductory material; view with
    'browseVignettes()'. To cite Bioconductor, see
    'citation("Biobase")', and for packages 'citation("pkgname")'.
Attaching package: 'Biobase'
The following object is masked from 'package:MatrixGenerics':
    rowMedians
The following objects are masked from 'package:matrixStats':
    anyMissing, rowMedians
RUNIT TEST PROTOCOL -- Mon Oct 16 02:44:41 2023 
*********************************************** 
Number of test functions: 15 
Number of errors: 0 
Number of failures: 0 
 
1 Test Suite : 
HDF5Array RUnit Tests - 15 test functions, 0 errors, 0 failures
Number of test functions: 15 
Number of errors: 0 
Number of failures: 0 
> 
> proc.time()
   user  system elapsed 
 70.386   9.859 112.718 
HDF5Array.Rcheck/HDF5Array-Ex.timings
| name | user | system | elapsed | |
| H5ADMatrix-class | 6.234 | 0.352 | 8.496 | |
| H5ADMatrixSeed-class | 0.190 | 0.047 | 0.309 | |
| H5File-class | 0.928 | 0.042 | 1.276 | |
| H5SparseMatrix-class | 0.199 | 0.021 | 0.284 | |
| H5SparseMatrixSeed-class | 0.003 | 0.002 | 0.004 | |
| HDF5Array-class | 2.839 | 0.333 | 4.204 | |
| HDF5ArraySeed-class | 0.202 | 0.023 | 0.293 | |
| ReshapedHDF5Array-class | 0.245 | 0.022 | 0.340 | |
| ReshapedHDF5ArraySeed-class | 0.128 | 0.014 | 0.181 | |
| TENxMatrix-class | 131.497 | 38.976 | 130.919 | |
| TENxMatrixSeed-class | 4.088 | 0.507 | 6.073 | |
| dump-management | 0.723 | 0.077 | 1.008 | |
| h5ls | 0.014 | 0.003 | 0.019 | |
| h5mread | 74.609 | 11.221 | 117.010 | |
| h5mread_from_reshaped | 0.426 | 0.048 | 0.600 | |
| h5writeDimnames | 1.411 | 0.163 | 1.988 | |
| saveHDF5SummarizedExperiment | 1.501 | 0.142 | 2.091 | |
| writeHDF5Array | 0.963 | 0.118 | 1.378 | |
| writeTENxMatrix | 24.970 | 1.535 | 36.460 | |