| Back to Multiple platform build/check report for BioC 3.17: simplified long |
|
This page was generated on 2023-10-16 11:37:05 -0400 (Mon, 16 Oct 2023).
| Hostname | OS | Arch (*) | R version | Installed pkgs |
|---|---|---|---|---|
| nebbiolo1 | Linux (Ubuntu 22.04.2 LTS) | x86_64 | 4.3.1 (2023-06-16) -- "Beagle Scouts" | 4626 |
| palomino3 | Windows Server 2022 Datacenter | x64 | 4.3.1 (2023-06-16 ucrt) -- "Beagle Scouts" | 4379 |
| merida1 | macOS 12.6.4 Monterey | x86_64 | 4.3.1 (2023-06-16) -- "Beagle Scouts" | 4395 |
| Click on any hostname to see more info about the system (e.g. compilers) (*) as reported by 'uname -p', except on Windows and Mac OS X | ||||
| Package 812/2230 | Hostname | OS / Arch | INSTALL | BUILD | CHECK | BUILD BIN | ||||||||
| GenomicRanges 1.52.1 (landing page) Hervé Pagès
| nebbiolo1 | Linux (Ubuntu 22.04.2 LTS) / x86_64 | OK | OK | WARNINGS | |||||||||
| palomino3 | Windows Server 2022 Datacenter / x64 | OK | OK | WARNINGS | OK | |||||||||
| merida1 | macOS 12.6.4 Monterey / x86_64 | OK | OK | WARNINGS | OK | |||||||||
| kjohnson2 | macOS 12.6.1 Monterey / arm64 | see weekly results here | ||||||||||||
|
To the developers/maintainers of the GenomicRanges package: - Allow up to 24 hours (and sometimes 48 hours) for your latest push to git@git.bioconductor.org:packages/GenomicRanges.git to reflect on this report. See Troubleshooting Build Report for more information. - Use the following Renviron settings to reproduce errors and warnings. - If 'R CMD check' started to fail recently on the Linux builder(s) over a missing dependency, add the missing dependency to 'Suggests:' in your DESCRIPTION file. See Renviron.bioc for more information. |
| Package: GenomicRanges |
| Version: 1.52.1 |
| Command: /Library/Frameworks/R.framework/Resources/bin/R CMD check --install=check:GenomicRanges.install-out.txt --library=/Library/Frameworks/R.framework/Resources/library --no-vignettes --timings GenomicRanges_1.52.1.tar.gz |
| StartedAt: 2023-10-16 02:04:49 -0400 (Mon, 16 Oct 2023) |
| EndedAt: 2023-10-16 02:14:38 -0400 (Mon, 16 Oct 2023) |
| EllapsedTime: 589.6 seconds |
| RetCode: 0 |
| Status: WARNINGS |
| CheckDir: GenomicRanges.Rcheck |
| Warnings: 1 |
##############################################################################
##############################################################################
###
### Running command:
###
### /Library/Frameworks/R.framework/Resources/bin/R CMD check --install=check:GenomicRanges.install-out.txt --library=/Library/Frameworks/R.framework/Resources/library --no-vignettes --timings GenomicRanges_1.52.1.tar.gz
###
##############################################################################
##############################################################################
* using log directory ‘/Users/biocbuild/bbs-3.17-bioc/meat/GenomicRanges.Rcheck’
* using R version 4.3.1 (2023-06-16)
* using platform: x86_64-apple-darwin20 (64-bit)
* R was compiled by
Apple clang version 14.0.3 (clang-1403.0.22.14.1)
GNU Fortran (GCC) 12.2.0
* running under: macOS Monterey 12.6.4
* using session charset: UTF-8
* using option ‘--no-vignettes’
* checking for file ‘GenomicRanges/DESCRIPTION’ ... OK
* this is package ‘GenomicRanges’ version ‘1.52.1’
* package encoding: UTF-8
* checking package namespace information ... OK
* checking package dependencies ... OK
* checking if this is a source package ... OK
* checking if there is a namespace ... OK
* checking for hidden files and directories ... OK
* checking for portable file names ... OK
* checking for sufficient/correct file permissions ... OK
* checking whether package ‘GenomicRanges’ can be installed ... OK
* used C compiler: ‘Apple clang version 14.0.0 (clang-1400.0.29.202)’
* used SDK: ‘MacOSX11.3.sdk’
* checking installed package size ... OK
* checking package directory ... OK
* checking ‘build’ directory ... OK
* checking DESCRIPTION meta-information ... OK
* checking top-level files ... OK
* checking for left-over files ... OK
* checking index information ... OK
* checking package subdirectories ... NOTE
Problems with news in ‘NEWS’:
Cannot process chunk/lines:
SIGNIFICANT USER-VISIBLE CHANGES
Cannot process chunk/lines:
DEPRECATED AND DEFUNCT
* checking R files for non-ASCII characters ... OK
* checking R files for syntax errors ... OK
* checking whether the package can be loaded ... OK
* checking whether the package can be loaded with stated dependencies ... OK
* checking whether the package can be unloaded cleanly ... OK
* checking whether the namespace can be loaded with stated dependencies ... OK
* checking whether the namespace can be unloaded cleanly ... OK
* checking dependencies in R code ... OK
* checking S3 generic/method consistency ... OK
* checking replacement functions ... OK
* checking foreign function calls ... OK
* checking R code for possible problems ... OK
* checking Rd files ... WARNING
checkRd: (5) GRanges-class.Rd:115-165: \item in \describe must have non-empty label
checkRd: (5) GRanges-class.Rd:173-176: \item in \describe must have non-empty label
checkRd: (5) GRanges-class.Rd:177-182: \item in \describe must have non-empty label
checkRd: (5) GRanges-class.Rd:183-187: \item in \describe must have non-empty label
checkRd: (5) GRanges-class.Rd:188-191: \item in \describe must have non-empty label
checkRd: (5) GRanges-class.Rd:192-195: \item in \describe must have non-empty label
checkRd: (5) GRanges-class.Rd:196-199: \item in \describe must have non-empty label
checkRd: (5) GRanges-class.Rd:200-204: \item in \describe must have non-empty label
checkRd: (5) GRanges-class.Rd:205-208: \item in \describe must have non-empty label
checkRd: (5) GRanges-class.Rd:209-218: \item in \describe must have non-empty label
checkRd: (5) GRanges-class.Rd:219-223: \item in \describe must have non-empty label
checkRd: (5) GRanges-class.Rd:224-228: \item in \describe must have non-empty label
checkRd: (5) GRanges-class.Rd:229-238: \item in \describe must have non-empty label
checkRd: (5) GRanges-class.Rd:239-245: \item in \describe must have non-empty label
checkRd: (5) GRanges-class.Rd:246-251: \item in \describe must have non-empty label
checkRd: (5) GRanges-class.Rd:252-257: \item in \describe must have non-empty label
checkRd: (5) GRanges-class.Rd:258-263: \item in \describe must have non-empty label
checkRd: (5) GRanges-class.Rd:264-267: \item in \describe must have non-empty label
checkRd: (5) GRanges-class.Rd:268-276: \item in \describe must have non-empty label
checkRd: (5) GRanges-class.Rd:284-299: \item in \describe must have non-empty label
checkRd: (5) GRanges-class.Rd:300-307: \item in \describe must have non-empty label
checkRd: (5) GRanges-class.Rd:308-322: \item in \describe must have non-empty label
checkRd: (5) GRanges-class.Rd:323-332: \item in \describe must have non-empty label
checkRd: (5) GRanges-class.Rd:333-342: \item in \describe must have non-empty label
checkRd: (5) GRanges-class.Rd:343-349: \item in \describe must have non-empty label
checkRd: (5) GRanges-class.Rd:356-361: \item in \describe must have non-empty label
checkRd: (5) GRanges-class.Rd:368-371: \item in \describe must have non-empty label
checkRd: (5) GRanges-class.Rd:372-376: \item in \describe must have non-empty label
checkRd: (5) GRanges-class.Rd:377-380: \item in \describe must have non-empty label
checkRd: (5) GRanges-class.Rd:381-394: \item in \describe must have non-empty label
checkRd: (5) GRanges-class.Rd:409-415: \item in \describe must have non-empty label
checkRd: (5) GRanges-class.Rd:421-427: \item in \describe must have non-empty label
checkRd: (5) GRanges-class.Rd:433-445: \item in \describe must have non-empty label
checkRd: (5) GRanges-class.Rd:453-466: \item in \describe must have non-empty label
* checking Rd metadata ... OK
* checking Rd cross-references ... OK
* checking for missing documentation entries ... OK
* checking for code/documentation mismatches ... OK
* checking Rd \usage sections ... OK
* checking Rd contents ... OK
* checking for unstated dependencies in examples ... OK
* checking line endings in C/C++/Fortran sources/headers ... OK
* checking compiled code ... NOTE
Note: information on .o files is not available
* checking sizes of PDF files under ‘inst/doc’ ... OK
* checking files in ‘vignettes’ ... OK
* checking examples ... OK
Examples with CPU (user + system) or elapsed time > 5s
user system elapsed
genomicvars 76.293 8.718 107.593
GPos-class 58.629 3.398 79.880
setops-methods 6.985 0.070 8.907
inter-range-methods 4.918 0.274 6.538
findOverlaps-methods 3.960 0.040 5.077
makeGRangesFromDataFrame 1.413 0.225 9.235
* checking for unstated dependencies in ‘tests’ ... OK
* checking tests ...
Running ‘run_unitTests.R’
OK
* checking for unstated dependencies in vignettes ... OK
* checking package vignettes in ‘inst/doc’ ... OK
* checking running R code from vignettes ... SKIPPED
* checking re-building of vignette outputs ... SKIPPED
* checking PDF version of manual ... OK
* DONE
Status: 1 WARNING, 2 NOTEs
See
‘/Users/biocbuild/bbs-3.17-bioc/meat/GenomicRanges.Rcheck/00check.log’
for details.
GenomicRanges.Rcheck/00install.out
############################################################################## ############################################################################## ### ### Running command: ### ### /Library/Frameworks/R.framework/Resources/bin/R CMD INSTALL GenomicRanges ### ############################################################################## ############################################################################## * installing to library ‘/Library/Frameworks/R.framework/Versions/4.3-x86_64/Resources/library’ * installing *source* package ‘GenomicRanges’ ... ** using staged installation ** libs using C compiler: ‘Apple clang version 14.0.0 (clang-1400.0.29.202)’ using SDK: ‘MacOSX11.3.sdk’ clang -arch x86_64 -I"/Library/Frameworks/R.framework/Resources/include" -DNDEBUG -I'/Library/Frameworks/R.framework/Versions/4.3-x86_64/Resources/library/S4Vectors/include' -I'/Library/Frameworks/R.framework/Versions/4.3-x86_64/Resources/library/IRanges/include' -I/opt/R/x86_64/include -fPIC -falign-functions=64 -Wall -g -O2 -c IRanges_stubs.c -o IRanges_stubs.o clang -arch x86_64 -I"/Library/Frameworks/R.framework/Resources/include" -DNDEBUG -I'/Library/Frameworks/R.framework/Versions/4.3-x86_64/Resources/library/S4Vectors/include' -I'/Library/Frameworks/R.framework/Versions/4.3-x86_64/Resources/library/IRanges/include' -I/opt/R/x86_64/include -fPIC -falign-functions=64 -Wall -g -O2 -c R_init_GenomicRanges.c -o R_init_GenomicRanges.o clang -arch x86_64 -I"/Library/Frameworks/R.framework/Resources/include" -DNDEBUG -I'/Library/Frameworks/R.framework/Versions/4.3-x86_64/Resources/library/S4Vectors/include' -I'/Library/Frameworks/R.framework/Versions/4.3-x86_64/Resources/library/IRanges/include' -I/opt/R/x86_64/include -fPIC -falign-functions=64 -Wall -g -O2 -c S4Vectors_stubs.c -o S4Vectors_stubs.o clang -arch x86_64 -I"/Library/Frameworks/R.framework/Resources/include" -DNDEBUG -I'/Library/Frameworks/R.framework/Versions/4.3-x86_64/Resources/library/S4Vectors/include' -I'/Library/Frameworks/R.framework/Versions/4.3-x86_64/Resources/library/IRanges/include' -I/opt/R/x86_64/include -fPIC -falign-functions=64 -Wall -g -O2 -c transcript_utils.c -o transcript_utils.o clang -arch x86_64 -dynamiclib -Wl,-headerpad_max_install_names -undefined dynamic_lookup -single_module -multiply_defined suppress -L/Library/Frameworks/R.framework/Resources/lib -L/opt/R/x86_64/lib -o GenomicRanges.so IRanges_stubs.o R_init_GenomicRanges.o S4Vectors_stubs.o transcript_utils.o -F/Library/Frameworks/R.framework/.. -framework R -Wl,-framework -Wl,CoreFoundation installing to /Library/Frameworks/R.framework/Versions/4.3-x86_64/Resources/library/00LOCK-GenomicRanges/00new/GenomicRanges/libs ** R ** inst ** byte-compile and prepare package for lazy loading ** help *** installing help indices ** building package indices ** installing vignettes ** testing if installed package can be loaded from temporary location ** checking absolute paths in shared objects and dynamic libraries ** testing if installed package can be loaded from final location ** testing if installed package keeps a record of temporary installation path * DONE (GenomicRanges)
GenomicRanges.Rcheck/tests/run_unitTests.Rout
R version 4.3.1 (2023-06-16) -- "Beagle Scouts"
Copyright (C) 2023 The R Foundation for Statistical Computing
Platform: x86_64-apple-darwin20 (64-bit)
R is free software and comes with ABSOLUTELY NO WARRANTY.
You are welcome to redistribute it under certain conditions.
Type 'license()' or 'licence()' for distribution details.
R is a collaborative project with many contributors.
Type 'contributors()' for more information and
'citation()' on how to cite R or R packages in publications.
Type 'demo()' for some demos, 'help()' for on-line help, or
'help.start()' for an HTML browser interface to help.
Type 'q()' to quit R.
> require("GenomicRanges") || stop("unable to load GenomicRanges package")
Loading required package: GenomicRanges
Loading required package: stats4
Loading required package: BiocGenerics
Attaching package: 'BiocGenerics'
The following objects are masked from 'package:stats':
IQR, mad, sd, var, xtabs
The following objects are masked from 'package:base':
Filter, Find, Map, Position, Reduce, anyDuplicated, aperm, append,
as.data.frame, basename, cbind, colnames, dirname, do.call,
duplicated, eval, evalq, get, grep, grepl, intersect, is.unsorted,
lapply, mapply, match, mget, order, paste, pmax, pmax.int, pmin,
pmin.int, rank, rbind, rownames, sapply, setdiff, sort, table,
tapply, union, unique, unsplit, which.max, which.min
Loading required package: S4Vectors
Attaching package: 'S4Vectors'
The following object is masked from 'package:utils':
findMatches
The following objects are masked from 'package:base':
I, expand.grid, unname
Loading required package: IRanges
Loading required package: GenomeInfoDb
[1] TRUE
> GenomicRanges:::.test()
RUNIT TEST PROTOCOL -- Mon Oct 16 02:14:14 2023
***********************************************
Number of test functions: 73
Number of errors: 0
Number of failures: 0
1 Test Suite :
GenomicRanges RUnit Tests - 73 test functions, 0 errors, 0 failures
Number of test functions: 73
Number of errors: 0
Number of failures: 0
>
> proc.time()
user system elapsed
101.002 1.510 131.133
GenomicRanges.Rcheck/GenomicRanges-Ex.timings
| name | user | system | elapsed | |
| GNCList-class | 0.774 | 0.101 | 1.093 | |
| GPos-class | 58.629 | 3.398 | 79.880 | |
| GRanges-class | 1.894 | 0.095 | 2.539 | |
| GRangesFactor-class | 0.875 | 0.018 | 1.100 | |
| GRangesList-class | 0.996 | 0.025 | 1.315 | |
| GenomicRanges-comparison | 0.489 | 0.014 | 0.675 | |
| absoluteRanges | 2.328 | 0.248 | 3.511 | |
| constraint | 1.930 | 0.038 | 2.546 | |
| coverage-methods | 0.597 | 0.006 | 0.778 | |
| findOverlaps-methods | 3.960 | 0.040 | 5.077 | |
| genomic-range-squeezers | 0 | 0 | 0 | |
| genomicvars | 76.293 | 8.718 | 107.593 | |
| inter-range-methods | 4.918 | 0.274 | 6.538 | |
| intra-range-methods | 1.341 | 0.200 | 2.086 | |
| makeGRangesFromDataFrame | 1.413 | 0.225 | 9.235 | |
| makeGRangesListFromDataFrame | 0.199 | 0.007 | 0.229 | |
| nearest-methods | 3.616 | 0.028 | 4.630 | |
| phicoef | 0.003 | 0.001 | 0.004 | |
| setops-methods | 6.985 | 0.070 | 8.907 | |
| strand-utils | 0.225 | 0.013 | 0.310 | |
| subtract-methods | 0.524 | 0.005 | 0.688 | |
| tile-methods | 0.197 | 0.003 | 0.225 | |
| tileGenome | 0.649 | 0.026 | 0.887 | |