| Back to Multiple platform build/check report for BioC 3.17: simplified long |
|
This page was generated on 2023-10-16 11:36:10 -0400 (Mon, 16 Oct 2023).
| Hostname | OS | Arch (*) | R version | Installed pkgs |
|---|---|---|---|---|
| nebbiolo1 | Linux (Ubuntu 22.04.2 LTS) | x86_64 | 4.3.1 (2023-06-16) -- "Beagle Scouts" | 4626 |
| palomino3 | Windows Server 2022 Datacenter | x64 | 4.3.1 (2023-06-16 ucrt) -- "Beagle Scouts" | 4379 |
| merida1 | macOS 12.6.4 Monterey | x86_64 | 4.3.1 (2023-06-16) -- "Beagle Scouts" | 4395 |
| Click on any hostname to see more info about the system (e.g. compilers) (*) as reported by 'uname -p', except on Windows and Mac OS X | ||||
| Package 800/2230 | Hostname | OS / Arch | INSTALL | BUILD | CHECK | BUILD BIN | ||||||||
| GenomeInfoDb 1.36.4 (landing page) Hervé Pagès
| nebbiolo1 | Linux (Ubuntu 22.04.2 LTS) / x86_64 | OK | OK | WARNINGS | |||||||||
| palomino3 | Windows Server 2022 Datacenter / x64 | OK | OK | WARNINGS | OK | |||||||||
| merida1 | macOS 12.6.4 Monterey / x86_64 | OK | OK | WARNINGS | OK | |||||||||
| kjohnson2 | macOS 12.6.1 Monterey / arm64 | see weekly results here | ||||||||||||
|
To the developers/maintainers of the GenomeInfoDb package: - Allow up to 24 hours (and sometimes 48 hours) for your latest push to git@git.bioconductor.org:packages/GenomeInfoDb.git to reflect on this report. See Troubleshooting Build Report for more information. - Use the following Renviron settings to reproduce errors and warnings. - If 'R CMD check' started to fail recently on the Linux builder(s) over a missing dependency, add the missing dependency to 'Suggests:' in your DESCRIPTION file. See Renviron.bioc for more information. |
| Package: GenomeInfoDb |
| Version: 1.36.4 |
| Command: F:\biocbuild\bbs-3.17-bioc\R\bin\R.exe CMD check --no-multiarch --install=check:GenomeInfoDb.install-out.txt --library=F:\biocbuild\bbs-3.17-bioc\R\library --no-vignettes --timings GenomeInfoDb_1.36.4.tar.gz |
| StartedAt: 2023-10-16 02:29:23 -0400 (Mon, 16 Oct 2023) |
| EndedAt: 2023-10-16 02:38:28 -0400 (Mon, 16 Oct 2023) |
| EllapsedTime: 544.5 seconds |
| RetCode: 0 |
| Status: WARNINGS |
| CheckDir: GenomeInfoDb.Rcheck |
| Warnings: 1 |
##############################################################################
##############################################################################
###
### Running command:
###
### F:\biocbuild\bbs-3.17-bioc\R\bin\R.exe CMD check --no-multiarch --install=check:GenomeInfoDb.install-out.txt --library=F:\biocbuild\bbs-3.17-bioc\R\library --no-vignettes --timings GenomeInfoDb_1.36.4.tar.gz
###
##############################################################################
##############################################################################
* using log directory 'F:/biocbuild/bbs-3.17-bioc/meat/GenomeInfoDb.Rcheck'
* using R version 4.3.1 (2023-06-16 ucrt)
* using platform: x86_64-w64-mingw32 (64-bit)
* R was compiled by
gcc.exe (GCC) 12.2.0
GNU Fortran (GCC) 12.2.0
* running under: Windows Server 2022 x64 (build 20348)
* using session charset: UTF-8
* using option '--no-vignettes'
* checking for file 'GenomeInfoDb/DESCRIPTION' ... OK
* this is package 'GenomeInfoDb' version '1.36.4'
* package encoding: UTF-8
* checking package namespace information ... OK
* checking package dependencies ... OK
* checking if this is a source package ... OK
* checking if there is a namespace ... OK
* checking for hidden files and directories ... OK
* checking for portable file names ... OK
* checking whether package 'GenomeInfoDb' can be installed ... OK
* checking installed package size ... NOTE
installed size is 5.0Mb
sub-directories of 1Mb or more:
extdata 3.6Mb
* checking package directory ... OK
* checking 'build' directory ... OK
* checking DESCRIPTION meta-information ... OK
* checking top-level files ... OK
* checking for left-over files ... OK
* checking index information ... OK
* checking package subdirectories ... NOTE
Problems with news in 'NEWS':
Cannot process chunk/lines:
NEW FEATURES
Cannot process chunk/lines:
SIGNIFICANT USER-VISIBLE CHANGES
* checking R files for non-ASCII characters ... OK
* checking R files for syntax errors ... OK
* checking whether the package can be loaded ... OK
* checking whether the package can be loaded with stated dependencies ... OK
* checking whether the package can be unloaded cleanly ... OK
* checking whether the namespace can be loaded with stated dependencies ... OK
* checking whether the namespace can be unloaded cleanly ... OK
* checking startup messages can be suppressed ... OK
* checking dependencies in R code ... NOTE
Unexported object imported by a ':::' call: 'utils:::.roman2numeric'
See the note in ?`:::` about the use of this operator.
* checking S3 generic/method consistency ... OK
* checking replacement functions ... OK
* checking foreign function calls ... OK
* checking R code for possible problems ... OK
* checking Rd files ... WARNING
checkRd: (5) GenomeDescription-class.Rd:53-58: \item in \describe must have non-empty label
checkRd: (5) GenomeDescription-class.Rd:59-63: \item in \describe must have non-empty label
checkRd: (5) GenomeDescription-class.Rd:64-70: \item in \describe must have non-empty label
checkRd: (5) GenomeDescription-class.Rd:71-75: \item in \describe must have non-empty label
checkRd: (5) GenomeDescription-class.Rd:76-79: \item in \describe must have non-empty label
checkRd: (5) GenomeDescription-class.Rd:80-88: \item in \describe must have non-empty label
checkRd: (5) Seqinfo-class.Rd:83-93: \item in \describe must have non-empty label
checkRd: (5) Seqinfo-class.Rd:101-104: \item in \describe must have non-empty label
checkRd: (5) Seqinfo-class.Rd:105-115: \item in \describe must have non-empty label
checkRd: (5) Seqinfo-class.Rd:116-119: \item in \describe must have non-empty label
checkRd: (5) Seqinfo-class.Rd:120-123: \item in \describe must have non-empty label
checkRd: (5) Seqinfo-class.Rd:124-149: \item in \describe must have non-empty label
checkRd: (5) Seqinfo-class.Rd:150-153: \item in \describe must have non-empty label
checkRd: (5) Seqinfo-class.Rd:154-157: \item in \describe must have non-empty label
checkRd: (5) Seqinfo-class.Rd:158-162: \item in \describe must have non-empty label
checkRd: (5) Seqinfo-class.Rd:170-178: \item in \describe must have non-empty label
checkRd: (5) Seqinfo-class.Rd:186-189: \item in \describe must have non-empty label
checkRd: (5) Seqinfo-class.Rd:226-249: \item in \describe must have non-empty label
checkRd: (5) Seqinfo-class.Rd:250-256: \item in \describe must have non-empty label
checkRd: (5) Seqinfo-class.Rd:257-262: \item in \describe must have non-empty label
* checking Rd metadata ... OK
* checking Rd cross-references ... OK
* checking for missing documentation entries ... OK
* checking for code/documentation mismatches ... OK
* checking Rd \usage sections ... OK
* checking Rd contents ... OK
* checking for unstated dependencies in examples ... OK
* checking sizes of PDF files under 'inst/doc' ... OK
* checking files in 'vignettes' ... OK
* checking examples ... OK
Examples with CPU (user + system) or elapsed time > 5s
user system elapsed
loadTaxonomyDb 7.61 0.10 7.73
GenomeDescription-class 6.60 0.27 7.00
seqinfo 4.82 0.30 5.15
seqlevelsStyle 3.85 0.44 6.05
getChromInfoFromEnsembl 0.47 0.14 28.07
* checking for unstated dependencies in 'tests' ... OK
* checking tests ...
Running 'run_unitTests.R'
OK
* checking for unstated dependencies in vignettes ... OK
* checking package vignettes in 'inst/doc' ... OK
* checking running R code from vignettes ... SKIPPED
* checking re-building of vignette outputs ... SKIPPED
* checking PDF version of manual ... OK
* DONE
Status: 1 WARNING, 3 NOTEs
See
'F:/biocbuild/bbs-3.17-bioc/meat/GenomeInfoDb.Rcheck/00check.log'
for details.
GenomeInfoDb.Rcheck/00install.out
############################################################################## ############################################################################## ### ### Running command: ### ### F:\biocbuild\bbs-3.17-bioc\R\bin\R.exe CMD INSTALL GenomeInfoDb ### ############################################################################## ############################################################################## * installing to library 'F:/biocbuild/bbs-3.17-bioc/R/library' * installing *source* package 'GenomeInfoDb' ... ** using staged installation ** R ** inst ** byte-compile and prepare package for lazy loading ** help *** installing help indices ** building package indices ** installing vignettes ** testing if installed package can be loaded from temporary location ** testing if installed package can be loaded from final location ** testing if installed package keeps a record of temporary installation path * DONE (GenomeInfoDb)
GenomeInfoDb.Rcheck/tests/run_unitTests.Rout
R version 4.3.1 (2023-06-16 ucrt) -- "Beagle Scouts"
Copyright (C) 2023 The R Foundation for Statistical Computing
Platform: x86_64-w64-mingw32/x64 (64-bit)
R is free software and comes with ABSOLUTELY NO WARRANTY.
You are welcome to redistribute it under certain conditions.
Type 'license()' or 'licence()' for distribution details.
R is a collaborative project with many contributors.
Type 'contributors()' for more information and
'citation()' on how to cite R or R packages in publications.
Type 'demo()' for some demos, 'help()' for on-line help, or
'help.start()' for an HTML browser interface to help.
Type 'q()' to quit R.
> require("GenomeInfoDb") || stop("unable to load GenomeInfoDb package")
Loading required package: GenomeInfoDb
Loading required package: BiocGenerics
Attaching package: 'BiocGenerics'
The following objects are masked from 'package:stats':
IQR, mad, sd, var, xtabs
The following objects are masked from 'package:base':
Filter, Find, Map, Position, Reduce, anyDuplicated, aperm, append,
as.data.frame, basename, cbind, colnames, dirname, do.call,
duplicated, eval, evalq, get, grep, grepl, intersect, is.unsorted,
lapply, mapply, match, mget, order, paste, pmax, pmax.int, pmin,
pmin.int, rank, rbind, rownames, sapply, setdiff, sort, table,
tapply, union, unique, unsplit, which.max, which.min
Loading required package: S4Vectors
Loading required package: stats4
Attaching package: 'S4Vectors'
The following object is masked from 'package:utils':
findMatches
The following objects are masked from 'package:base':
I, expand.grid, unname
Loading required package: IRanges
Attaching package: 'IRanges'
The following object is masked from 'package:grDevices':
windows
[1] TRUE
> GenomeInfoDb:::.test()
RUNIT TEST PROTOCOL -- Mon Oct 16 02:38:19 2023
***********************************************
Number of test functions: 21
Number of errors: 0
Number of failures: 0
1 Test Suite :
GenomeInfoDb RUnit Tests - 21 test functions, 0 errors, 0 failures
Number of test functions: 21
Number of errors: 0
Number of failures: 0
There were 50 or more warnings (use warnings() to see the first 50)
>
> proc.time()
user system elapsed
359.76 25.59 410.48
GenomeInfoDb.Rcheck/GenomeInfoDb-Ex.timings
| name | user | system | elapsed | |
| GenomeDescription-class | 6.60 | 0.27 | 7.00 | |
| NCBI-utils | 0.03 | 0.01 | 0.30 | |
| Seqinfo-class | 0.28 | 0.03 | 0.42 | |
| getChromInfoFromEnsembl | 0.47 | 0.14 | 28.07 | |
| getChromInfoFromNCBI | 0.18 | 0.02 | 0.42 | |
| getChromInfoFromUCSC | 3.02 | 1.34 | 5.00 | |
| loadTaxonomyDb | 7.61 | 0.10 | 7.73 | |
| mapGenomeBuilds | 0.04 | 0.01 | 0.07 | |
| rankSeqlevels | 0.11 | 0.00 | 0.17 | |
| seqinfo | 4.82 | 0.30 | 5.15 | |
| seqlevels-wrappers | 3.11 | 0.67 | 4.39 | |
| seqlevelsStyle | 3.85 | 0.44 | 6.05 | |