| Back to Multiple platform build/check report for BioC 3.17: simplified long |
|
This page was generated on 2023-10-16 11:37:01 -0400 (Mon, 16 Oct 2023).
| Hostname | OS | Arch (*) | R version | Installed pkgs |
|---|---|---|---|---|
| nebbiolo1 | Linux (Ubuntu 22.04.2 LTS) | x86_64 | 4.3.1 (2023-06-16) -- "Beagle Scouts" | 4626 |
| palomino3 | Windows Server 2022 Datacenter | x64 | 4.3.1 (2023-06-16 ucrt) -- "Beagle Scouts" | 4379 |
| merida1 | macOS 12.6.4 Monterey | x86_64 | 4.3.1 (2023-06-16) -- "Beagle Scouts" | 4395 |
| Click on any hostname to see more info about the system (e.g. compilers) (*) as reported by 'uname -p', except on Windows and Mac OS X | ||||
| Package 631/2230 | Hostname | OS / Arch | INSTALL | BUILD | CHECK | BUILD BIN | ||||||||
| EnrichmentBrowser 2.30.2 (landing page) Ludwig Geistlinger
| nebbiolo1 | Linux (Ubuntu 22.04.2 LTS) / x86_64 | OK | OK | OK | |||||||||
| palomino3 | Windows Server 2022 Datacenter / x64 | OK | OK | OK | OK | |||||||||
| merida1 | macOS 12.6.4 Monterey / x86_64 | OK | OK | ERROR | OK | |||||||||
| kjohnson2 | macOS 12.6.1 Monterey / arm64 | see weekly results here | ||||||||||||
|
To the developers/maintainers of the EnrichmentBrowser package: - Allow up to 24 hours (and sometimes 48 hours) for your latest push to git@git.bioconductor.org:packages/EnrichmentBrowser.git to reflect on this report. See Troubleshooting Build Report for more information. - Use the following Renviron settings to reproduce errors and warnings. - If 'R CMD check' started to fail recently on the Linux builder(s) over a missing dependency, add the missing dependency to 'Suggests:' in your DESCRIPTION file. See Renviron.bioc for more information. |
| Package: EnrichmentBrowser |
| Version: 2.30.2 |
| Command: /Library/Frameworks/R.framework/Resources/bin/R CMD check --install=check:EnrichmentBrowser.install-out.txt --library=/Library/Frameworks/R.framework/Resources/library --no-vignettes --timings EnrichmentBrowser_2.30.2.tar.gz |
| StartedAt: 2023-10-16 01:21:43 -0400 (Mon, 16 Oct 2023) |
| EndedAt: 2023-10-16 01:35:39 -0400 (Mon, 16 Oct 2023) |
| EllapsedTime: 836.1 seconds |
| RetCode: 1 |
| Status: ERROR |
| CheckDir: EnrichmentBrowser.Rcheck |
| Warnings: NA |
##############################################################################
##############################################################################
###
### Running command:
###
### /Library/Frameworks/R.framework/Resources/bin/R CMD check --install=check:EnrichmentBrowser.install-out.txt --library=/Library/Frameworks/R.framework/Resources/library --no-vignettes --timings EnrichmentBrowser_2.30.2.tar.gz
###
##############################################################################
##############################################################################
* using log directory ‘/Users/biocbuild/bbs-3.17-bioc/meat/EnrichmentBrowser.Rcheck’
* using R version 4.3.1 (2023-06-16)
* using platform: x86_64-apple-darwin20 (64-bit)
* R was compiled by
Apple clang version 14.0.3 (clang-1403.0.22.14.1)
GNU Fortran (GCC) 12.2.0
* running under: macOS Monterey 12.6.4
* using session charset: UTF-8
* using option ‘--no-vignettes’
* checking for file ‘EnrichmentBrowser/DESCRIPTION’ ... OK
* this is package ‘EnrichmentBrowser’ version ‘2.30.2’
* package encoding: UTF-8
* checking package namespace information ... OK
* checking package dependencies ... OK
* checking if this is a source package ... OK
* checking if there is a namespace ... OK
* checking for hidden files and directories ... OK
* checking for portable file names ... OK
* checking for sufficient/correct file permissions ... OK
* checking whether package ‘EnrichmentBrowser’ can be installed ... OK
* checking installed package size ... OK
* checking package directory ... OK
* checking ‘build’ directory ... OK
* checking DESCRIPTION meta-information ... OK
* checking top-level files ... OK
* checking for left-over files ... OK
* checking index information ... OK
* checking package subdirectories ... OK
* checking R files for non-ASCII characters ... OK
* checking R files for syntax errors ... OK
* checking whether the package can be loaded ... OK
* checking whether the package can be loaded with stated dependencies ... OK
* checking whether the package can be unloaded cleanly ... OK
* checking whether the namespace can be loaded with stated dependencies ... OK
* checking whether the namespace can be unloaded cleanly ... OK
* checking startup messages can be suppressed ... OK
* checking dependencies in R code ... NOTE
Unexported object imported by a ':::' call: 'pathview:::parseKGML2Graph2'
See the note in ?`:::` about the use of this operator.
* checking S3 generic/method consistency ... OK
* checking replacement functions ... OK
* checking foreign function calls ... OK
* checking R code for possible problems ... NOTE
.getGOFromBiomart: no visible binding for global variable
‘go_linkage_type’
Undefined global functions or variables:
go_linkage_type
* checking Rd files ... OK
* checking Rd metadata ... OK
* checking Rd cross-references ... OK
* checking for missing documentation entries ... OK
* checking for code/documentation mismatches ... OK
* checking Rd \usage sections ... OK
* checking Rd contents ... OK
* checking for unstated dependencies in examples ... OK
* checking sizes of PDF files under ‘inst/doc’ ... OK
* checking files in ‘vignettes’ ... OK
* checking examples ... ERROR
Running examples in ‘EnrichmentBrowser-Ex.R’ failed
The error most likely occurred in:
> base::assign(".ptime", proc.time(), pos = "CheckExEnv")
> ### Name: getGenesets
> ### Title: Definition of gene sets according to different sources
> ### Aliases: getGenesets get.go.genesets get.kegg.genesets
> ### parse.genesets.from.GMT showAvailableSpecies showAvailableCollections
> ### writeGMT
>
> ### ** Examples
>
>
> # (1) Typical usage for gene set enrichment analysis with GO:
> # Biological process terms based on BioC annotation (for human)
> go.gs <- getGenesets(org = "hsa", db = "go")
>
> # eq.:
> # go.gs <- getGenesets(org = "hsa", db = "go", onto = "BP", mode = "GO.db")
> # (2) Defining gene sets according to KEGG
> kegg.gs <- getGenesets(org = "hsa", db = "kegg")
Error in .getUrl(url, .listParser, nameColumn = 1, valueColumn = 2) :
Forbidden (HTTP 403).
Calls: getGenesets ... .dwnldAllKeggGS -> <Anonymous> -> .getUrl -> stop_for_status
Execution halted
* checking for unstated dependencies in vignettes ... OK
* checking package vignettes in ‘inst/doc’ ... OK
* checking running R code from vignettes ... SKIPPED
* checking re-building of vignette outputs ... SKIPPED
* checking PDF version of manual ... OK
* DONE
Status: 1 ERROR, 2 NOTEs
See
‘/Users/biocbuild/bbs-3.17-bioc/meat/EnrichmentBrowser.Rcheck/00check.log’
for details.
EnrichmentBrowser.Rcheck/00install.out
############################################################################## ############################################################################## ### ### Running command: ### ### /Library/Frameworks/R.framework/Resources/bin/R CMD INSTALL EnrichmentBrowser ### ############################################################################## ############################################################################## * installing to library ‘/Library/Frameworks/R.framework/Versions/4.3-x86_64/Resources/library’ * installing *source* package ‘EnrichmentBrowser’ ... ** using staged installation ** R ** inst ** byte-compile and prepare package for lazy loading ** help *** installing help indices ** building package indices ** installing vignettes ** testing if installed package can be loaded from temporary location ** testing if installed package can be loaded from final location ** testing if installed package keeps a record of temporary installation path * DONE (EnrichmentBrowser)
EnrichmentBrowser.Rcheck/EnrichmentBrowser-Ex.timings
| name | user | system | elapsed | |
| combResults | 1.106 | 0.066 | 1.600 | |
| compileGRN | 8.002 | 0.325 | 11.014 | |
| configEBrowser | 0.001 | 0.001 | 0.002 | |
| deAna | 8.574 | 0.344 | 11.725 | |
| downloadPathways | 0.000 | 0.001 | 0.000 | |
| eaBrowse | 15.895 | 1.546 | 22.693 | |
| ebrowser | 128.337 | 18.831 | 193.812 | |