| Back to Multiple platform build/check report for BioC 3.17: simplified long |
|
This page was generated on 2023-10-16 11:36:57 -0400 (Mon, 16 Oct 2023).
| Hostname | OS | Arch (*) | R version | Installed pkgs |
|---|---|---|---|---|
| nebbiolo1 | Linux (Ubuntu 22.04.2 LTS) | x86_64 | 4.3.1 (2023-06-16) -- "Beagle Scouts" | 4626 |
| palomino3 | Windows Server 2022 Datacenter | x64 | 4.3.1 (2023-06-16 ucrt) -- "Beagle Scouts" | 4379 |
| merida1 | macOS 12.6.4 Monterey | x86_64 | 4.3.1 (2023-06-16) -- "Beagle Scouts" | 4395 |
| Click on any hostname to see more info about the system (e.g. compilers) (*) as reported by 'uname -p', except on Windows and Mac OS X | ||||
| Package 456/2230 | Hostname | OS / Arch | INSTALL | BUILD | CHECK | BUILD BIN | ||||||||
| CrispRVariants 1.28.0 (landing page) Helen Lindsay
| nebbiolo1 | Linux (Ubuntu 22.04.2 LTS) / x86_64 | OK | OK | WARNINGS | |||||||||
| palomino3 | Windows Server 2022 Datacenter / x64 | OK | OK | WARNINGS | OK | |||||||||
| merida1 | macOS 12.6.4 Monterey / x86_64 | OK | OK | WARNINGS | OK | |||||||||
| kjohnson2 | macOS 12.6.1 Monterey / arm64 | see weekly results here | ||||||||||||
|
To the developers/maintainers of the CrispRVariants package: - Allow up to 24 hours (and sometimes 48 hours) for your latest push to git@git.bioconductor.org:packages/CrispRVariants.git to reflect on this report. See Troubleshooting Build Report for more information. - Use the following Renviron settings to reproduce errors and warnings. - If 'R CMD check' started to fail recently on the Linux builder(s) over a missing dependency, add the missing dependency to 'Suggests:' in your DESCRIPTION file. See Renviron.bioc for more information. |
| Package: CrispRVariants |
| Version: 1.28.0 |
| Command: /Library/Frameworks/R.framework/Resources/bin/R CMD check --install=check:CrispRVariants.install-out.txt --library=/Library/Frameworks/R.framework/Resources/library --no-vignettes --timings CrispRVariants_1.28.0.tar.gz |
| StartedAt: 2023-10-16 00:24:13 -0400 (Mon, 16 Oct 2023) |
| EndedAt: 2023-10-16 00:36:22 -0400 (Mon, 16 Oct 2023) |
| EllapsedTime: 729.0 seconds |
| RetCode: 0 |
| Status: WARNINGS |
| CheckDir: CrispRVariants.Rcheck |
| Warnings: 2 |
##############################################################################
##############################################################################
###
### Running command:
###
### /Library/Frameworks/R.framework/Resources/bin/R CMD check --install=check:CrispRVariants.install-out.txt --library=/Library/Frameworks/R.framework/Resources/library --no-vignettes --timings CrispRVariants_1.28.0.tar.gz
###
##############################################################################
##############################################################################
* using log directory ‘/Users/biocbuild/bbs-3.17-bioc/meat/CrispRVariants.Rcheck’
* using R version 4.3.1 (2023-06-16)
* using platform: x86_64-apple-darwin20 (64-bit)
* R was compiled by
Apple clang version 14.0.3 (clang-1403.0.22.14.1)
GNU Fortran (GCC) 12.2.0
* running under: macOS Monterey 12.6.4
* using session charset: UTF-8
* using option ‘--no-vignettes’
* checking for file ‘CrispRVariants/DESCRIPTION’ ... OK
* checking extension type ... Package
* this is package ‘CrispRVariants’ version ‘1.28.0’
* checking package namespace information ... OK
* checking package dependencies ... OK
* checking if this is a source package ... OK
* checking if there is a namespace ... OK
* checking for hidden files and directories ... OK
* checking for portable file names ... OK
* checking for sufficient/correct file permissions ... OK
* checking whether package ‘CrispRVariants’ can be installed ... OK
* checking installed package size ... OK
* checking package directory ... OK
* checking ‘build’ directory ... OK
* checking DESCRIPTION meta-information ... OK
* checking top-level files ... OK
* checking for left-over files ... OK
* checking index information ... OK
* checking package subdirectories ... OK
* checking R files for non-ASCII characters ... OK
* checking R files for syntax errors ... OK
* checking whether the package can be loaded ... OK
* checking whether the package can be loaded with stated dependencies ... OK
* checking whether the package can be unloaded cleanly ... OK
* checking whether the namespace can be loaded with stated dependencies ... OK
* checking whether the namespace can be unloaded cleanly ... OK
* checking dependencies in R code ... WARNING
'::' or ':::' import not declared from: ‘SummarizedExperiment’
There are ::: calls to the package's namespace in its code. A package
almost never needs to use ::: for its own objects:
‘indelLabels’
* checking S3 generic/method consistency ... OK
* checking replacement functions ... OK
* checking foreign function calls ... OK
* checking R code for possible problems ... OK
* checking Rd files ... OK
* checking Rd metadata ... OK
* checking Rd cross-references ... OK
* checking for missing documentation entries ... OK
* checking for code/documentation mismatches ... WARNING
Codoc mismatches from documentation object 'arrangePlots':
arrangePlots
Code: function(top.plot, left.plot, right.plot, fig.height = NULL,
col.wdth.ratio = c(2, 1), row.ht.ratio = c(1, 6),
left.plot.margin = grid::unit(c(0.1, 0.2, 3, 0.2),
"lines"))
Docs: function(top.plot, left.plot, right.plot, fig.height = NULL,
col.wdth.ratio = c(2, 1), row.ht.ratio = c(1, 6),
left.plot.margin = grid::unit(c(0.1, 0, 3, 0.2),
"lines"))
Mismatches in argument default values:
Name: 'left.plot.margin' Code: grid::unit(c(0.1, 0.2, 3, 0.2), "lines") Docs: grid::unit(c(0.1, 0, 3, 0.2), "lines")
Codoc mismatches from documentation object 'indelLabels':
indelLabels
Code: function(alns, rc = FALSE, genome.to.pos = NULL, keep.ops =
c("I", "D", "N"), regions = NULL, as.string = TRUE,
...)
Docs: function(alns, rc = FALSE, genome.to.pos = NULL, keep.ops =
c("I", "D", "N"), regions = NULL, ...)
Argument names in code not in docs:
as.string
Mismatches in argument names:
Position: 6 Code: as.string Docs: ...
* checking Rd \usage sections ... OK
* checking Rd contents ... OK
* checking for unstated dependencies in examples ... OK
* checking contents of ‘data’ directory ... OK
* checking data for non-ASCII characters ... OK
* checking LazyData ... OK
* checking data for ASCII and uncompressed saves ... OK
* checking sizes of PDF files under ‘inst/doc’ ... OK
* checking installed files from ‘inst/doc’ ... OK
* checking files in ‘vignettes’ ... OK
* checking examples ... OK
Examples with CPU (user + system) or elapsed time > 5s
user system elapsed
plotVariants 14.739 0.183 20.469
CrisprSet-class 9.428 0.331 13.795
mergeCrisprSets 9.105 0.092 12.095
readsToTarget 8.407 0.056 12.121
* checking for unstated dependencies in ‘tests’ ... OK
* checking tests ...
Running ‘testthat.R’
OK
* checking for unstated dependencies in vignettes ... OK
* checking package vignettes in ‘inst/doc’ ... OK
* checking running R code from vignettes ... SKIPPED
* checking re-building of vignette outputs ... SKIPPED
* checking PDF version of manual ... OK
* DONE
Status: 2 WARNINGs
See
‘/Users/biocbuild/bbs-3.17-bioc/meat/CrispRVariants.Rcheck/00check.log’
for details.
CrispRVariants.Rcheck/00install.out
############################################################################## ############################################################################## ### ### Running command: ### ### /Library/Frameworks/R.framework/Resources/bin/R CMD INSTALL CrispRVariants ### ############################################################################## ############################################################################## * installing to library ‘/Library/Frameworks/R.framework/Versions/4.3-x86_64/Resources/library’ * installing *source* package ‘CrispRVariants’ ... ** using staged installation ** R ** data *** moving datasets to lazyload DB ** inst ** byte-compile and prepare package for lazy loading ** help *** installing help indices ** building package indices ** installing vignettes ** testing if installed package can be loaded from temporary location ** testing if installed package can be loaded from final location ** testing if installed package keeps a record of temporary installation path * DONE (CrispRVariants)
CrispRVariants.Rcheck/tests/testthat.Rout
R version 4.3.1 (2023-06-16) -- "Beagle Scouts"
Copyright (C) 2023 The R Foundation for Statistical Computing
Platform: x86_64-apple-darwin20 (64-bit)
R is free software and comes with ABSOLUTELY NO WARRANTY.
You are welcome to redistribute it under certain conditions.
Type 'license()' or 'licence()' for distribution details.
R is a collaborative project with many contributors.
Type 'contributors()' for more information and
'citation()' on how to cite R or R packages in publications.
Type 'demo()' for some demos, 'help()' for on-line help, or
'help.start()' for an HTML browser interface to help.
Type 'q()' to quit R.
> library(testthat)
> test_check("CrispRVariants")
Loading required package: CrispRVariants
Loading required package: ggplot2
[ FAIL 0 | WARN 2 | SKIP 1 | PASS 75 ]
══ Skipped tests (1) ═══════════════════════════════════════════════════════════
• empty test (1): 'test-seqsToAln.R:98:1'
[ FAIL 0 | WARN 2 | SKIP 1 | PASS 75 ]
>
> proc.time()
user system elapsed
52.625 2.142 78.227
CrispRVariants.Rcheck/CrispRVariants-Ex.timings
| name | user | system | elapsed | |
| CrisprRun-class | 1.281 | 0.069 | 1.762 | |
| CrisprSet-class | 9.428 | 0.331 | 13.795 | |
| abifToFastq | 0.564 | 0.028 | 0.752 | |
| alleles | 0.330 | 0.010 | 0.449 | |
| alns | 0.216 | 0.008 | 0.286 | |
| barplotAlleleFreqs | 2.712 | 0.077 | 3.671 | |
| consensusSeqs | 0.866 | 0.030 | 1.188 | |
| dispatchDots | 0.005 | 0.001 | 0.006 | |
| findChimeras | 0.056 | 0.003 | 0.075 | |
| getChimeras | 0.049 | 0.003 | 0.067 | |
| indelCounts | 0.207 | 0.004 | 0.276 | |
| intersperse | 0.001 | 0.000 | 0.001 | |
| mergeCrisprSets | 9.105 | 0.092 | 12.095 | |
| mutationEfficiency | 0.058 | 0.003 | 0.081 | |
| narrowAlignments | 0.620 | 0.007 | 0.812 | |
| plotAlignments | 1.712 | 0.013 | 2.245 | |
| plotChimeras | 2.540 | 0.015 | 3.347 | |
| plotFreqHeatmap | 0.745 | 0.008 | 0.972 | |
| plotVariants | 14.739 | 0.183 | 20.469 | |
| readsToTarget | 8.407 | 0.056 | 12.121 | |
| selectAlnRegionsHelpers | 0.000 | 0.001 | 0.017 | |
| variantCounts | 0.059 | 0.005 | 0.112 | |