| Back to Multiple platform build/check report for BioC 3.17: simplified long |
|
This page was generated on 2023-10-16 11:36:55 -0400 (Mon, 16 Oct 2023).
| Hostname | OS | Arch (*) | R version | Installed pkgs |
|---|---|---|---|---|
| nebbiolo1 | Linux (Ubuntu 22.04.2 LTS) | x86_64 | 4.3.1 (2023-06-16) -- "Beagle Scouts" | 4626 |
| palomino3 | Windows Server 2022 Datacenter | x64 | 4.3.1 (2023-06-16 ucrt) -- "Beagle Scouts" | 4379 |
| merida1 | macOS 12.6.4 Monterey | x86_64 | 4.3.1 (2023-06-16) -- "Beagle Scouts" | 4395 |
| Click on any hostname to see more info about the system (e.g. compilers) (*) as reported by 'uname -p', except on Windows and Mac OS X | ||||
| Package 339/2230 | Hostname | OS / Arch | INSTALL | BUILD | CHECK | BUILD BIN | ||||||||
| ChromSCape 1.10.0 (landing page) Pacome Prompsy
| nebbiolo1 | Linux (Ubuntu 22.04.2 LTS) / x86_64 | OK | OK | WARNINGS | |||||||||
| palomino3 | Windows Server 2022 Datacenter / x64 | OK | OK | WARNINGS | OK | |||||||||
| merida1 | macOS 12.6.4 Monterey / x86_64 | OK | OK | WARNINGS | OK | |||||||||
| kjohnson2 | macOS 12.6.1 Monterey / arm64 | see weekly results here | ||||||||||||
|
To the developers/maintainers of the ChromSCape package: - Allow up to 24 hours (and sometimes 48 hours) for your latest push to git@git.bioconductor.org:packages/ChromSCape.git to reflect on this report. See Troubleshooting Build Report for more information. - Use the following Renviron settings to reproduce errors and warnings. - If 'R CMD check' started to fail recently on the Linux builder(s) over a missing dependency, add the missing dependency to 'Suggests:' in your DESCRIPTION file. See Renviron.bioc for more information. |
| Package: ChromSCape |
| Version: 1.10.0 |
| Command: /Library/Frameworks/R.framework/Resources/bin/R CMD check --install=check:ChromSCape.install-out.txt --library=/Library/Frameworks/R.framework/Resources/library --no-vignettes --timings ChromSCape_1.10.0.tar.gz |
| StartedAt: 2023-10-15 23:47:06 -0400 (Sun, 15 Oct 2023) |
| EndedAt: 2023-10-16 00:18:40 -0400 (Mon, 16 Oct 2023) |
| EllapsedTime: 1893.3 seconds |
| RetCode: 0 |
| Status: WARNINGS |
| CheckDir: ChromSCape.Rcheck |
| Warnings: 4 |
##############################################################################
##############################################################################
###
### Running command:
###
### /Library/Frameworks/R.framework/Resources/bin/R CMD check --install=check:ChromSCape.install-out.txt --library=/Library/Frameworks/R.framework/Resources/library --no-vignettes --timings ChromSCape_1.10.0.tar.gz
###
##############################################################################
##############################################################################
* using log directory ‘/Users/biocbuild/bbs-3.17-bioc/meat/ChromSCape.Rcheck’
* using R version 4.3.1 (2023-06-16)
* using platform: x86_64-apple-darwin20 (64-bit)
* R was compiled by
Apple clang version 14.0.3 (clang-1403.0.22.14.1)
GNU Fortran (GCC) 12.2.0
* running under: macOS Monterey 12.6.4
* using session charset: UTF-8
* using option ‘--no-vignettes’
* checking for file ‘ChromSCape/DESCRIPTION’ ... OK
* this is package ‘ChromSCape’ version ‘1.10.0’
* package encoding: UTF-8
* checking package namespace information ... OK
* checking package dependencies ... OK
* checking if this is a source package ... OK
* checking if there is a namespace ... OK
* checking for hidden files and directories ... NOTE
Found the following hidden files and directories:
.BBSoptions
These were most likely included in error. See section ‘Package
structure’ in the ‘Writing R Extensions’ manual.
* checking for portable file names ... OK
* checking for sufficient/correct file permissions ... OK
* checking whether package ‘ChromSCape’ can be installed ... OK
* used C++ compiler: ‘Apple clang version 14.0.0 (clang-1400.0.29.202)’
* used SDK: ‘MacOSX11.3.sdk’
* checking installed package size ... OK
* checking package directory ... OK
* checking ‘build’ directory ... OK
* checking DESCRIPTION meta-information ... OK
* checking top-level files ... OK
* checking for left-over files ... OK
* checking index information ... OK
* checking package subdirectories ... OK
* checking R files for non-ASCII characters ... OK
* checking R files for syntax errors ... OK
* checking whether the package can be loaded ... OK
* checking whether the package can be loaded with stated dependencies ... OK
* checking whether the package can be unloaded cleanly ... OK
* checking whether the namespace can be loaded with stated dependencies ... OK
* checking whether the namespace can be unloaded cleanly ... OK
* checking startup messages can be suppressed ... OK
* checking dependencies in R code ... WARNING
'library' or 'require' call not declared from: ‘dplyr’
'library' or 'require' call to ‘dplyr’ in package code.
Please use :: or requireNamespace() instead.
See section 'Suggested packages' in the 'Writing R Extensions' manual.
* checking S3 generic/method consistency ... OK
* checking replacement functions ... OK
* checking foreign function calls ... OK
* checking R code for possible problems ... NOTE
bams_to_matrix_indexes: no visible binding for global variable
‘files_dir_list’
enrich_TF_ChEA3_genes: no visible binding for global variable
‘CheA3_TF_nTargets’
filter_correlated_cell_scExp: no visible binding for global variable
‘run_tsne’
generate_analysis: no visible global function definition for ‘head’
generate_analysis: no visible binding for global variable ‘k’
generate_analysis: no visible binding for global variable
‘clusterConsensus’
get_most_variable_cyto: no visible binding for global variable
‘cytoBand’
get_most_variable_cyto: no visible binding for global variable
‘Fri_cyto’
num_cell_after_QC_filt_scExp: no visible binding for global variable
‘sample_id’
num_cell_after_QC_filt_scExp: no visible binding for global variable
‘total_counts’
num_cell_scExp: no visible binding for global variable ‘sample_id’
num_cell_scExp: no visible binding for global variable ‘total_counts’
plot_correlation_PCA_scExp: no visible binding for global variable
‘Component’
plot_coverage_BigWig: no visible binding for global variable ‘molecule’
plot_coverage_BigWig: no visible binding for global variable
‘orientation’
plot_coverage_BigWig: no visible binding for global variable ‘Gene’
plot_gain_or_loss_barplots: no visible binding for global variable
‘Gain_or_Loss’
plot_gain_or_loss_barplots: no visible binding for global variable
‘ncells’
plot_gain_or_loss_barplots: no visible binding for global variable
‘cytoBand’
plot_most_contributing_features: no visible binding for global variable
‘genes’
plot_percent_active_feature_scExp: no visible binding for global
variable ‘group’
plot_percent_active_feature_scExp: no visible binding for global
variable ‘percent_active’
plot_pie_most_contributing_chr: no visible binding for global variable
‘absolute_value’
plot_reduced_dim_scExp: no visible binding for global variable ‘V1’
plot_reduced_dim_scExp: no visible binding for global variable ‘V2’
plot_reduced_dim_scExp: no visible binding for global variable
‘cluster’
plot_top_TF_scExp: no visible binding for global variable ‘TF’
rebin_helper: no visible binding for global variable ‘new_row’
rebin_helper: no visible binding for global variable ‘origin_value’
rebin_matrix: no visible binding for global variable ‘group’
subset_bam_call_peaks: no visible binding for global variable
‘merged_bam’
Undefined global functions or variables:
CheA3_TF_nTargets Component Fri_cyto Gain_or_Loss Gene TF V1 V2
absolute_value cluster clusterConsensus cytoBand files_dir_list genes
group head k merged_bam molecule ncells new_row orientation
origin_value percent_active run_tsne sample_id total_counts
Consider adding
importFrom("utils", "head")
to your NAMESPACE file.
* checking Rd files ... NOTE
prepare_Rd: raw_counts_to_sparse_matrix.Rd:6-8: Dropping empty section \source
* checking Rd metadata ... OK
* checking Rd cross-references ... OK
* checking for missing documentation entries ... OK
* checking for code/documentation mismatches ... WARNING
Codoc mismatches from documentation object 'generate_analysis':
generate_analysis
Code: function(input_data_folder, analysis_name = "Analysis_1",
output_directory = "./", input_data_type = c("scBED",
"DenseMatrix", "SparseMatrix", "scBAM")[1],
feature_count_on = c("bins", "genebody", "peaks")[1],
feature_count_parameter = 50000, rebin_sparse_matrix =
FALSE, ref_genome = c("hg38", "mm10")[1], run =
c("filter", "CNA", "cluster", "consensus", "coverage",
"DA", "GSA", "report")[c(1, 3, 5, 6, 7, 8)],
min_reads_per_cell = 1000, max_quantile_read_per_cell
= 99, n_top_features = 40000, norm_type = "CPM",
subsample_n = NULL, exclude_regions = NULL, n_clust =
NULL, corr_threshold = 99, percent_correlation = 1,
maxK = 10, qval.th = 0.1, logFC.th = 1,
enrichment_qval = 0.1, doBatchCorr = FALSE, batch_sels
= NULL, control_samples_CNA = NULL, genes_to_plot =
c("Krt8", "Krt5", "Tgfb1", "Foxq1", "Cdkn2b",
"Cdkn2a", "chr7:15000000-20000000"))
Docs: function(input_data_folder, analysis_name = "Analysis_1",
output_directory = "./", input_data_type = c("scBED",
"DenseMatrix", "SparseMatrix", "scBAM")[1],
rebin_sparse_matrix = FALSE, feature_count_on =
c("bins", "genebody", "peaks")[1],
feature_count_parameter = 50000, ref_genome =
c("hg38", "mm10")[1], run = c("filter", "CNA",
"cluster", "consensus", "peak_call", "coverage", "DA",
"GSA", "report")[c(1, 3, 6, 7, 8, 9)],
min_reads_per_cell = 1000, max_quantile_read_per_cell
= 99, n_top_features = 40000, norm_type = "CPM",
subsample_n = NULL, exclude_regions = NULL, n_clust =
NULL, corr_threshold = 99, percent_correlation = 1,
maxK = 10, qval.th = 0.1, logFC.th = 1,
enrichment_qval = 0.1, doBatchCorr = FALSE, batch_sels
= NULL, control_samples_CNA = NULL, genes_to_plot =
c("Krt8", "Krt5", "Tgfb1", "Foxq1", "Cdkn2b",
"Cdkn2a", "chr7:15000000-20000000"))
Mismatches in argument names:
Position: 5 Code: feature_count_on Docs: rebin_sparse_matrix
Position: 6 Code: feature_count_parameter Docs: feature_count_on
Position: 7 Code: rebin_sparse_matrix Docs: feature_count_parameter
Mismatches in argument default values:
Name: 'run'
Code: c("filter", "CNA", "cluster", "consensus", "coverage", "DA",
"GSA", "report")[c(1, 3, 5, 6, 7, 8)]
Docs: c("filter", "CNA", "cluster", "consensus", "peak_call", "coverage",
"DA", "GSA", "report")[c(1, 3, 6, 7, 8, 9)]
* checking Rd \usage sections ... WARNING
Undocumented arguments in documentation object 'rebin_matrix'
‘rebin_function’
Functions with \usage entries need to have the appropriate \alias
entries, and all their arguments documented.
The \usage entries must correspond to syntactically valid R code.
See chapter ‘Writing R documentation files’ in the ‘Writing R
Extensions’ manual.
* checking Rd contents ... OK
* checking for unstated dependencies in examples ... OK
* checking contents of ‘data’ directory ... OK
* checking data for non-ASCII characters ... OK
* checking data for ASCII and uncompressed saves ... OK
* checking line endings in C/C++/Fortran sources/headers ... OK
* checking compiled code ... NOTE
Note: information on .o files is not available
* checking files in ‘vignettes’ ... OK
* checking examples ... WARNING
Found the following significant warnings:
Warning: 'as(<matrix>, "dspMatrix")' is deprecated.
Deprecated functions may be defunct as soon as of the next release of
R.
See ?Deprecated.
Examples with CPU (user + system) or elapsed time > 5s
user system elapsed
plot_gain_or_loss_barplots 106.585 0.895 141.420
get_pathway_mat_scExp 62.767 7.763 93.854
calculate_CNA 51.367 4.567 80.303
plot_reduced_dim_scExp_CNA 52.033 0.348 67.881
calculate_gain_or_loss 50.388 1.659 76.394
calculate_logRatio_CNA 48.911 1.993 75.082
calculate_cyto_mat 48.326 1.958 73.006
get_most_variable_cyto 49.222 0.573 67.009
get_cyto_features 46.729 0.896 65.082
num_cell_after_cor_filt_scExp 12.396 0.719 17.479
filter_correlated_cell_scExp 11.735 0.735 16.491
differential_activation 12.251 0.154 16.675
preprocessing_filtering_and_reduction 11.957 0.216 15.732
create_scDataset_raw 10.383 0.750 15.665
CompareedgeRGLM 9.413 0.477 13.762
CompareWilcox 7.793 0.699 11.068
import_scExp 7.537 0.561 10.877
rebin_matrix 7.231 0.066 45.349
plot_reduced_dim_scExp 7.030 0.098 9.759
choose_cluster_scExp 6.348 0.544 9.641
differential_analysis_scExp 6.488 0.124 8.139
consensus_clustering_scExp 5.587 0.458 8.424
plot_violin_feature_scExp 4.957 0.061 6.517
plot_percent_active_feature_scExp 4.788 0.048 6.065
reduce_dims_scExp 3.905 0.049 5.221
enrich_TF_ChEA3_scExp 1.916 0.105 5.606
enrich_TF_ChEA3_genes 0.970 0.640 5.169
* checking for unstated dependencies in ‘tests’ ... OK
* checking tests ...
Running ‘testthat.R’
OK
* checking for unstated dependencies in vignettes ... OK
* checking package vignettes in ‘inst/doc’ ... OK
* checking running R code from vignettes ... SKIPPED
* checking re-building of vignette outputs ... SKIPPED
* checking PDF version of manual ... OK
* DONE
Status: 4 WARNINGs, 4 NOTEs
See
‘/Users/biocbuild/bbs-3.17-bioc/meat/ChromSCape.Rcheck/00check.log’
for details.
ChromSCape.Rcheck/00install.out
############################################################################## ############################################################################## ### ### Running command: ### ### /Library/Frameworks/R.framework/Resources/bin/R CMD INSTALL ChromSCape ### ############################################################################## ############################################################################## * installing to library ‘/Library/Frameworks/R.framework/Versions/4.3-x86_64/Resources/library’ * installing *source* package ‘ChromSCape’ ... ** using staged installation ** libs using C++ compiler: ‘Apple clang version 14.0.0 (clang-1400.0.29.202)’ using SDK: ‘MacOSX11.3.sdk’ clang++ -arch x86_64 -std=gnu++17 -I"/Library/Frameworks/R.framework/Resources/include" -DNDEBUG -I'/Library/Frameworks/R.framework/Versions/4.3-x86_64/Resources/library/Rcpp/include' -I/opt/R/x86_64/include -fPIC -falign-functions=64 -Wall -g -O2 -c RcppExports.cpp -o RcppExports.o clang++ -arch x86_64 -std=gnu++17 -I"/Library/Frameworks/R.framework/Resources/include" -DNDEBUG -I'/Library/Frameworks/R.framework/Versions/4.3-x86_64/Resources/library/Rcpp/include' -I/opt/R/x86_64/include -fPIC -falign-functions=64 -Wall -g -O2 -c as_dist.cpp -o as_dist.o clang++ -arch x86_64 -std=gnu++17 -dynamiclib -Wl,-headerpad_max_install_names -undefined dynamic_lookup -single_module -multiply_defined suppress -L/Library/Frameworks/R.framework/Resources/lib -L/opt/R/x86_64/lib -o ChromSCape.so RcppExports.o as_dist.o -F/Library/Frameworks/R.framework/.. -framework R -Wl,-framework -Wl,CoreFoundation installing to /Library/Frameworks/R.framework/Versions/4.3-x86_64/Resources/library/00LOCK-ChromSCape/00new/ChromSCape/libs ** R ** data ** inst ** byte-compile and prepare package for lazy loading ** help *** installing help indices ** building package indices ** installing vignettes ** testing if installed package can be loaded from temporary location ** checking absolute paths in shared objects and dynamic libraries ** testing if installed package can be loaded from final location ** testing if installed package keeps a record of temporary installation path * DONE (ChromSCape)
ChromSCape.Rcheck/tests/testthat.Rout
R version 4.3.1 (2023-06-16) -- "Beagle Scouts"
Copyright (C) 2023 The R Foundation for Statistical Computing
Platform: x86_64-apple-darwin20 (64-bit)
R is free software and comes with ABSOLUTELY NO WARRANTY.
You are welcome to redistribute it under certain conditions.
Type 'license()' or 'licence()' for distribution details.
R is a collaborative project with many contributors.
Type 'contributors()' for more information and
'citation()' on how to cite R or R packages in publications.
Type 'demo()' for some demos, 'help()' for on-line help, or
'help.start()' for an HTML browser interface to help.
Type 'q()' to quit R.
> library(testthat)
> library(ChromSCape)
>
> test_check("ChromSCape")
[ FAIL 0 | WARN 2 | SKIP 0 | PASS 11 ]
[ FAIL 0 | WARN 2 | SKIP 0 | PASS 11 ]
>
> proc.time()
user system elapsed
62.070 4.347 86.527
ChromSCape.Rcheck/ChromSCape-Ex.timings
| name | user | system | elapsed | |
| CheA3_TF_nTargets | 0.014 | 0.005 | 0.035 | |
| CompareWilcox | 7.793 | 0.699 | 11.068 | |
| CompareedgeRGLM | 9.413 | 0.477 | 13.762 | |
| annotToCol2 | 1.832 | 0.111 | 2.723 | |
| calculate_CNA | 51.367 | 4.567 | 80.303 | |
| calculate_cyto_mat | 48.326 | 1.958 | 73.006 | |
| calculate_gain_or_loss | 50.388 | 1.659 | 76.394 | |
| calculate_logRatio_CNA | 48.911 | 1.993 | 75.082 | |
| choose_cluster_scExp | 6.348 | 0.544 | 9.641 | |
| colors_scExp | 0.603 | 0.012 | 0.822 | |
| consensus_clustering_scExp | 5.587 | 0.458 | 8.424 | |
| correlation_and_hierarchical_clust_scExp | 0.661 | 0.012 | 0.946 | |
| create_project_folder | 0.002 | 0.004 | 0.006 | |
| create_scDataset_raw | 10.383 | 0.750 | 15.665 | |
| create_scExp | 1.432 | 0.097 | 2.190 | |
| define_feature | 0.281 | 0.009 | 0.427 | |
| detect_samples | 1.228 | 0.054 | 1.838 | |
| differential_activation | 12.251 | 0.154 | 16.675 | |
| differential_analysis_scExp | 6.488 | 0.124 | 8.139 | |
| enrich_TF_ChEA3_genes | 0.970 | 0.640 | 5.169 | |
| enrich_TF_ChEA3_scExp | 1.916 | 0.105 | 5.606 | |
| exclude_features_scExp | 1.453 | 0.022 | 1.914 | |
| feature_annotation_scExp | 3.697 | 0.114 | 4.903 | |
| filter_correlated_cell_scExp | 11.735 | 0.735 | 16.491 | |
| filter_scExp | 1.886 | 0.067 | 3.136 | |
| find_clusters_louvain_scExp | 0.882 | 0.450 | 1.478 | |
| find_top_features | 0.693 | 0.076 | 1.050 | |
| gene_set_enrichment_analysis_scExp | 0.432 | 0.018 | 0.569 | |
| generate_analysis | 0.000 | 0.000 | 0.001 | |
| generate_coverage_tracks | 0.000 | 0.001 | 0.002 | |
| generate_report | 0.000 | 0.000 | 0.001 | |
| getExperimentNames | 0.498 | 0.023 | 0.699 | |
| getMainExperiment | 0.584 | 0.038 | 0.803 | |
| get_cyto_features | 46.729 | 0.896 | 65.082 | |
| get_genomic_coordinates | 1.226 | 0.024 | 1.637 | |
| get_most_variable_cyto | 49.222 | 0.573 | 67.009 | |
| get_pathway_mat_scExp | 62.767 | 7.763 | 93.854 | |
| has_genomic_coordinates | 2.035 | 0.021 | 2.779 | |
| import_scExp | 7.537 | 0.561 | 10.877 | |
| inter_correlation_scExp | 0.732 | 0.037 | 1.066 | |
| intra_correlation_scExp | 0.731 | 0.033 | 1.027 | |
| launchApp | 0.000 | 0.001 | 0.001 | |
| normalize_scExp | 1.271 | 0.059 | 1.783 | |
| num_cell_after_QC_filt_scExp | 1.371 | 0.013 | 1.831 | |
| num_cell_after_cor_filt_scExp | 12.396 | 0.719 | 17.479 | |
| num_cell_before_cor_filt_scExp | 0.417 | 0.024 | 0.584 | |
| num_cell_in_cluster_scExp | 0.998 | 0.030 | 1.525 | |
| num_cell_scExp | 1.161 | 0.044 | 1.682 | |
| plot_cluster_consensus_scExp | 2.135 | 0.178 | 3.069 | |
| plot_correlation_PCA_scExp | 2.084 | 0.061 | 2.759 | |
| plot_coverage_BigWig | 0.416 | 0.016 | 0.552 | |
| plot_differential_summary_scExp | 0.460 | 0.017 | 0.610 | |
| plot_differential_volcano_scExp | 0.601 | 0.018 | 0.807 | |
| plot_distribution_scExp | 0.889 | 0.027 | 1.192 | |
| plot_gain_or_loss_barplots | 106.585 | 0.895 | 141.420 | |
| plot_heatmap_scExp | 0.638 | 0.024 | 0.906 | |
| plot_inter_correlation_scExp | 1.224 | 0.021 | 1.610 | |
| plot_intra_correlation_scExp | 1.151 | 0.019 | 1.503 | |
| plot_most_contributing_features | 0.889 | 0.021 | 1.132 | |
| plot_percent_active_feature_scExp | 4.788 | 0.048 | 6.065 | |
| plot_pie_most_contributing_chr | 0.582 | 0.014 | 0.765 | |
| plot_reduced_dim_scExp | 7.030 | 0.098 | 9.759 | |
| plot_reduced_dim_scExp_CNA | 52.033 | 0.348 | 67.881 | |
| plot_top_TF_scExp | 1.016 | 0.029 | 1.325 | |
| plot_violin_feature_scExp | 4.957 | 0.061 | 6.517 | |
| preprocess_CPM | 1.259 | 0.064 | 1.680 | |
| preprocess_RPKM | 1.379 | 0.094 | 1.917 | |
| preprocess_TFIDF | 1.247 | 0.068 | 1.713 | |
| preprocess_TPM | 1.316 | 0.069 | 1.835 | |
| preprocess_feature_size_only | 1.302 | 0.112 | 1.855 | |
| preprocessing_filtering_and_reduction | 11.957 | 0.216 | 15.732 | |
| read_sparse_matrix | 0.000 | 0.000 | 0.001 | |
| rebin_matrix | 7.231 | 0.066 | 45.349 | |
| reduce_dims_scExp | 3.905 | 0.049 | 5.221 | |
| scExp | 2.238 | 0.061 | 3.075 | |
| subsample_scExp | 1.821 | 0.026 | 2.521 | |
| subset_bam_call_peaks | 0.000 | 0.000 | 0.001 | |
| summary_DA | 0.476 | 0.016 | 0.673 | |
| swapAltExp_sameColData | 0.671 | 0.017 | 0.936 | |
| table_enriched_genes_scExp | 0.428 | 0.011 | 0.607 | |
| wrapper_Signac_FeatureMatrix | 0.001 | 0.001 | 0.001 | |