| Back to Multiple platform build/check report for BioC 3.17: simplified long |
|
This page was generated on 2023-10-16 11:35:14 -0400 (Mon, 16 Oct 2023).
| Hostname | OS | Arch (*) | R version | Installed pkgs |
|---|---|---|---|---|
| nebbiolo1 | Linux (Ubuntu 22.04.2 LTS) | x86_64 | 4.3.1 (2023-06-16) -- "Beagle Scouts" | 4626 |
| palomino3 | Windows Server 2022 Datacenter | x64 | 4.3.1 (2023-06-16 ucrt) -- "Beagle Scouts" | 4379 |
| merida1 | macOS 12.6.4 Monterey | x86_64 | 4.3.1 (2023-06-16) -- "Beagle Scouts" | 4395 |
| Click on any hostname to see more info about the system (e.g. compilers) (*) as reported by 'uname -p', except on Windows and Mac OS X | ||||
| Package 271/2230 | Hostname | OS / Arch | INSTALL | BUILD | CHECK | BUILD BIN | ||||||||
| Category 2.66.0 (landing page) Bioconductor Package Maintainer
| nebbiolo1 | Linux (Ubuntu 22.04.2 LTS) / x86_64 | OK | OK | ERROR | |||||||||
| palomino3 | Windows Server 2022 Datacenter / x64 | OK | OK | OK | OK | |||||||||
| merida1 | macOS 12.6.4 Monterey / x86_64 | OK | OK | ERROR | OK | |||||||||
| kjohnson2 | macOS 12.6.1 Monterey / arm64 | see weekly results here | ||||||||||||
|
To the developers/maintainers of the Category package: - Allow up to 24 hours (and sometimes 48 hours) for your latest push to git@git.bioconductor.org:packages/Category.git to reflect on this report. See Troubleshooting Build Report for more information. - Use the following Renviron settings to reproduce errors and warnings. - If 'R CMD check' started to fail recently on the Linux builder(s) over a missing dependency, add the missing dependency to 'Suggests:' in your DESCRIPTION file. See Renviron.bioc for more information. |
| Package: Category |
| Version: 2.66.0 |
| Command: /home/biocbuild/bbs-3.17-bioc/R/bin/R CMD check --install=check:Category.install-out.txt --library=/home/biocbuild/bbs-3.17-bioc/R/site-library --timings Category_2.66.0.tar.gz |
| StartedAt: 2023-10-15 19:51:46 -0400 (Sun, 15 Oct 2023) |
| EndedAt: 2023-10-15 19:57:02 -0400 (Sun, 15 Oct 2023) |
| EllapsedTime: 316.3 seconds |
| RetCode: 1 |
| Status: ERROR |
| CheckDir: Category.Rcheck |
| Warnings: NA |
##############################################################################
##############################################################################
###
### Running command:
###
### /home/biocbuild/bbs-3.17-bioc/R/bin/R CMD check --install=check:Category.install-out.txt --library=/home/biocbuild/bbs-3.17-bioc/R/site-library --timings Category_2.66.0.tar.gz
###
##############################################################################
##############################################################################
* using log directory ‘/home/biocbuild/bbs-3.17-bioc/meat/Category.Rcheck’
* using R version 4.3.1 (2023-06-16)
* using platform: x86_64-pc-linux-gnu (64-bit)
* R was compiled by
gcc (Ubuntu 11.3.0-1ubuntu1~22.04.1) 11.3.0
GNU Fortran (Ubuntu 11.3.0-1ubuntu1~22.04.1) 11.3.0
* running under: Ubuntu 22.04.3 LTS
* using session charset: UTF-8
* checking for file ‘Category/DESCRIPTION’ ... OK
* this is package ‘Category’ version ‘2.66.0’
* checking package namespace information ... OK
* checking package dependencies ... OK
* checking if this is a source package ... OK
* checking if there is a namespace ... OK
* checking for hidden files and directories ... OK
* checking for portable file names ... OK
* checking for sufficient/correct file permissions ... OK
* checking whether package ‘Category’ can be installed ... OK
* checking installed package size ... OK
* checking package directory ... OK
* checking ‘build’ directory ... OK
* checking DESCRIPTION meta-information ... OK
* checking top-level files ... OK
* checking for left-over files ... OK
* checking index information ... OK
* checking package subdirectories ... OK
* checking R files for non-ASCII characters ... OK
* checking R files for syntax errors ... OK
* checking whether the package can be loaded ... OK
* checking whether the package can be loaded with stated dependencies ... OK
* checking whether the package can be unloaded cleanly ... OK
* checking whether the namespace can be loaded with stated dependencies ... OK
* checking whether the namespace can be unloaded cleanly ... OK
* checking loading without being on the library search path ... OK
* checking dependencies in R code ... OK
* checking S3 generic/method consistency ... OK
* checking replacement functions ... OK
* checking foreign function calls ... OK
* checking R code for possible problems ... OK
* checking Rd files ... NOTE
checkRd: (-1) cb_parse_band_Hs.Rd:23: Escaped LaTeX specials: \_ \_ \_
checkRd: (-1) cb_parse_band_Mm.Rd:22: Escaped LaTeX specials: \&
* checking Rd metadata ... OK
* checking Rd cross-references ... NOTE
Unknown package ‘KEGG.db’ in Rd xrefs
* checking for missing documentation entries ... OK
* checking for code/documentation mismatches ... OK
* checking Rd \usage sections ... OK
* checking Rd contents ... OK
* checking for unstated dependencies in examples ... OK
* checking files in ‘vignettes’ ... OK
* checking examples ... ERROR
Running examples in ‘Category-Ex.R’ failed
The error most likely occurred in:
> base::assign(".ptime", proc.time(), pos = "CheckExEnv")
> ### Name: getPathNames
> ### Title: A function to print pathway names given their numeric ID.
> ### Aliases: getPathNames
> ### Keywords: manip
>
> ### ** Examples
>
>
> nms = "00031"
> getPathNames(nms)
Error in .getUrl(url, .listParser, nameColumn = 1, valueColumn = 2) :
Forbidden (HTTP 403).
Calls: getPathNames -> <Anonymous> -> .getUrl -> stop_for_status
Execution halted
* checking for unstated dependencies in ‘tests’ ... OK
* checking tests ...
Running ‘runTests.R’
OK
* checking for unstated dependencies in vignettes ... OK
* checking package vignettes in ‘inst/doc’ ... OK
* checking running R code from vignettes ...
‘Category.Rnw’... failed
‘ChromBand.Rnw’... OK
ERROR
Errors in running code in vignettes:
when running code in ‘Category.Rnw’
...
> byTT = names(tA)[tA < -7]
> KEGGmnplot(byTT, eS, group = eS$mol, data = "hgu95av2",
+ main = paste(getPathNames(byTT)[[1]], paste("Overall:", round(tA[byTT],
+ 3) .... [TRUNCATED]
When sourcing ‘Category.R’:
Error: Forbidden (HTTP 403).
Execution halted
* checking re-building of vignette outputs ... NOTE
Error(s) in re-building vignettes:
--- re-building ‘Category.Rnw’ using Sweave
Loading required package: BiocGenerics
Attaching package: ‘BiocGenerics’
The following objects are masked from ‘package:stats’:
IQR, mad, sd, var, xtabs
The following objects are masked from ‘package:base’:
Filter, Find, Map, Position, Reduce, anyDuplicated, aperm, append,
as.data.frame, basename, cbind, colnames, dirname, do.call,
duplicated, eval, evalq, get, grep, grepl, intersect, is.unsorted,
lapply, mapply, match, mget, order, paste, pmax, pmax.int, pmin,
pmin.int, rank, rbind, rownames, sapply, setdiff, sort, table,
tapply, union, unique, unsplit, which.max, which.min
Welcome to Bioconductor
Vignettes contain introductory material; view with
'browseVignettes()'. To cite Bioconductor, see
'citation("Biobase")', and for packages 'citation("pkgname")'.
Loading required package: AnnotationDbi
Loading required package: stats4
Loading required package: IRanges
Loading required package: S4Vectors
Attaching package: ‘S4Vectors’
The following object is masked from ‘package:utils’:
findMatches
The following objects are masked from ‘package:base’:
I, expand.grid, unname
Loading required package: XML
Loading required package: org.Hs.eg.db
Loading required package: Matrix
Attaching package: ‘Matrix’
The following object is masked from ‘package:S4Vectors’:
expand
Error: processing vignette 'Category.Rnw' failed with diagnostics:
chunk 10 (label = KEGGmnplot)
Error in .getUrl(url, .listParser, nameColumn = 1, valueColumn = 2) :
Forbidden (HTTP 403).
--- failed re-building ‘Category.Rnw’
--- re-building ‘ChromBand.Rnw’ using Sweave
Loading required package: stats4
Loading required package: BiocGenerics
Attaching package: ‘BiocGenerics’
The following objects are masked from ‘package:stats’:
IQR, mad, sd, var, xtabs
The following objects are masked from ‘package:base’:
Filter, Find, Map, Position, Reduce, anyDuplicated, aperm, append,
as.data.frame, basename, cbind, colnames, dirname, do.call,
duplicated, eval, evalq, get, grep, grepl, intersect, is.unsorted,
lapply, mapply, match, mget, order, paste, pmax, pmax.int, pmin,
pmin.int, rank, rbind, rownames, sapply, setdiff, sort, table,
tapply, union, unique, unsplit, which.max, which.min
Loading required package: AnnotationDbi
Loading required package: Biobase
Welcome to Bioconductor
Vignettes contain introductory material; view with
'browseVignettes()'. To cite Bioconductor, see
'citation("Biobase")', and for packages 'citation("pkgname")'.
Loading required package: IRanges
Loading required package: S4Vectors
Attaching package: ‘S4Vectors’
The following object is masked from ‘package:utils’:
findMatches
The following objects are masked from ‘package:base’:
I, expand.grid, unname
Loading required package: Matrix
Attaching package: ‘Matrix’
The following object is masked from ‘package:S4Vectors’:
expand
Loading required package: org.Hs.eg.db
Loading required package: XML
Loading required package: regioneR
Loading required package: GenomicRanges
Loading required package: GenomeInfoDb
Loading required package: lattice
Attaching package: 'limma'
The following object is masked from 'package:geneplotter':
plotMA
The following object is masked from 'package:BiocGenerics':
plotMA
Attaching package: 'graph'
The following object is masked from 'package:XML':
addNode
--- finished re-building 'ChromBand.Rnw'
SUMMARY: processing the following file failed:
‘Category.Rnw’
Error: Vignette re-building failed.
Execution halted
* checking PDF version of manual ... OK
* DONE
Status: 2 ERRORs, 3 NOTEs
See
‘/home/biocbuild/bbs-3.17-bioc/meat/Category.Rcheck/00check.log’
for details.
Category.Rcheck/00install.out
############################################################################## ############################################################################## ### ### Running command: ### ### /home/biocbuild/bbs-3.17-bioc/R/bin/R CMD INSTALL Category ### ############################################################################## ############################################################################## * installing to library ‘/home/biocbuild/bbs-3.17-bioc/R/site-library’ * installing *source* package ‘Category’ ... ** using staged installation ** R ** inst ** byte-compile and prepare package for lazy loading ** help *** installing help indices ** building package indices ** installing vignettes ** testing if installed package can be loaded from temporary location ** testing if installed package can be loaded from final location ** testing if installed package keeps a record of temporary installation path * DONE (Category)
Category.Rcheck/tests/runTests.Rout
R version 4.3.1 (2023-06-16) -- "Beagle Scouts"
Copyright (C) 2023 The R Foundation for Statistical Computing
Platform: x86_64-pc-linux-gnu (64-bit)
R is free software and comes with ABSOLUTELY NO WARRANTY.
You are welcome to redistribute it under certain conditions.
Type 'license()' or 'licence()' for distribution details.
R is a collaborative project with many contributors.
Type 'contributors()' for more information and
'citation()' on how to cite R or R packages in publications.
Type 'demo()' for some demos, 'help()' for on-line help, or
'help.start()' for an HTML browser interface to help.
Type 'q()' to quit R.
> require("Category") || stop("unable to load Category")
Loading required package: Category
Loading required package: stats4
Loading required package: BiocGenerics
Attaching package: 'BiocGenerics'
The following objects are masked from 'package:stats':
IQR, mad, sd, var, xtabs
The following objects are masked from 'package:base':
Filter, Find, Map, Position, Reduce, anyDuplicated, aperm, append,
as.data.frame, basename, cbind, colnames, dirname, do.call,
duplicated, eval, evalq, get, grep, grepl, intersect, is.unsorted,
lapply, mapply, match, mget, order, paste, pmax, pmax.int, pmin,
pmin.int, rank, rbind, rownames, sapply, setdiff, sort, table,
tapply, union, unique, unsplit, which.max, which.min
Loading required package: AnnotationDbi
Loading required package: Biobase
Welcome to Bioconductor
Vignettes contain introductory material; view with
'browseVignettes()'. To cite Bioconductor, see
'citation("Biobase")', and for packages 'citation("pkgname")'.
Loading required package: IRanges
Loading required package: S4Vectors
Attaching package: 'S4Vectors'
The following object is masked from 'package:utils':
findMatches
The following objects are masked from 'package:base':
I, expand.grid, unname
Loading required package: Matrix
Attaching package: 'Matrix'
The following object is masked from 'package:S4Vectors':
expand
[1] TRUE
> BiocGenerics:::testPackage("Category", "UnitTests", ".*_test\\.R$")
Loading required package: org.Hs.eg.db
'select()' returned 1:many mapping between keys and columns
'select()' returned 1:many mapping between keys and columns
'select()' returned 1:many mapping between keys and columns
Loading required package: graph
Attaching package: 'GOstats'
The following object is masked from 'package:AnnotationDbi':
makeGOGraph
RUNIT TEST PROTOCOL -- Sun Oct 15 19:55:03 2023
***********************************************
Number of test functions: 14
Number of errors: 0
Number of failures: 0
1 Test Suite :
Category RUnit Tests - 14 test functions, 0 errors, 0 failures
Number of test functions: 14
Number of errors: 0
Number of failures: 0
Warning messages:
1: In makeValidParams(.Object) : removing duplicate IDs in geneIds
2: In makeValidParams(.Object) : removing duplicate IDs in universeGeneIds
3: In makeValidParams(.Object) : removing geneIds not in universeGeneIds
4: In makeValidParams(.Object) : removing duplicate IDs in geneIds
5: In makeValidParams(.Object) : removing duplicate IDs in universeGeneIds
6: In makeValidParams(.Object) : removing geneIds not in universeGeneIds
7: In makeValidParams(.Object) :
converting geneIds from list to atomic vector via unlist
8: In makeValidParams(.Object) :
converting univ from list to atomic vector via unlist
9: In makeValidParams(.Object) : removing duplicate IDs in universeGeneIds
>
> proc.time()
user system elapsed
38.006 11.303 49.409
Category.Rcheck/Category-Ex.timings
| name | user | system | elapsed | |
| ChrBandTree-class | 3.349 | 0.344 | 3.694 | |
| ChrMapHyperGParams-class | 0.001 | 0.000 | 0.001 | |
| ChrMapHyperGResult-class | 0.001 | 0.000 | 0.000 | |
| ChrMapLinearMParams-class | 0.001 | 0.000 | 0.001 | |
| ChrMapLinearMResult-class | 0.000 | 0.000 | 0.001 | |
| DatPkg-class | 0.024 | 0.004 | 0.029 | |
| HyperGResult-accessors | 0.788 | 0.028 | 0.816 | |
| LinearMResult-class | 0.000 | 0.001 | 0.001 | |
| MAPAmat | 2.434 | 0.089 | 2.522 | |
| applyByCategory | 0.001 | 0.003 | 0.004 | |
| cateGOryMatrix | 0.207 | 0.020 | 0.228 | |
| cb_parse_band_Hs | 0 | 0 | 0 | |
| cb_parse_band_Mm | 0 | 0 | 0 | |
| findAMstats | 0.000 | 0.001 | 0.001 | |