| Back to Multiple platform build/check report for BioC 3.17: simplified long |
|
This page was generated on 2023-10-16 11:35:59 -0400 (Mon, 16 Oct 2023).
| Hostname | OS | Arch (*) | R version | Installed pkgs |
|---|---|---|---|---|
| nebbiolo1 | Linux (Ubuntu 22.04.2 LTS) | x86_64 | 4.3.1 (2023-06-16) -- "Beagle Scouts" | 4626 |
| palomino3 | Windows Server 2022 Datacenter | x64 | 4.3.1 (2023-06-16 ucrt) -- "Beagle Scouts" | 4379 |
| merida1 | macOS 12.6.4 Monterey | x86_64 | 4.3.1 (2023-06-16) -- "Beagle Scouts" | 4395 |
| Click on any hostname to see more info about the system (e.g. compilers) (*) as reported by 'uname -p', except on Windows and Mac OS X | ||||
| Package 265/2230 | Hostname | OS / Arch | INSTALL | BUILD | CHECK | BUILD BIN | ||||||||
| CancerSubtypes 1.26.0 (landing page) Taosheng Xu
| nebbiolo1 | Linux (Ubuntu 22.04.2 LTS) / x86_64 | OK | OK | ERROR | |||||||||
| palomino3 | Windows Server 2022 Datacenter / x64 | OK | OK | WARNINGS | OK | |||||||||
| merida1 | macOS 12.6.4 Monterey / x86_64 | OK | OK | WARNINGS | OK | |||||||||
| kjohnson2 | macOS 12.6.1 Monterey / arm64 | see weekly results here | ||||||||||||
|
To the developers/maintainers of the CancerSubtypes package: - Allow up to 24 hours (and sometimes 48 hours) for your latest push to git@git.bioconductor.org:packages/CancerSubtypes.git to reflect on this report. See Troubleshooting Build Report for more information. - Use the following Renviron settings to reproduce errors and warnings. - If 'R CMD check' started to fail recently on the Linux builder(s) over a missing dependency, add the missing dependency to 'Suggests:' in your DESCRIPTION file. See Renviron.bioc for more information. |
| Package: CancerSubtypes |
| Version: 1.26.0 |
| Command: F:\biocbuild\bbs-3.17-bioc\R\bin\R.exe CMD check --no-multiarch --install=check:CancerSubtypes.install-out.txt --library=F:\biocbuild\bbs-3.17-bioc\R\library --no-vignettes --timings CancerSubtypes_1.26.0.tar.gz |
| StartedAt: 2023-10-16 00:14:54 -0400 (Mon, 16 Oct 2023) |
| EndedAt: 2023-10-16 00:17:46 -0400 (Mon, 16 Oct 2023) |
| EllapsedTime: 171.6 seconds |
| RetCode: 0 |
| Status: WARNINGS |
| CheckDir: CancerSubtypes.Rcheck |
| Warnings: 1 |
##############################################################################
##############################################################################
###
### Running command:
###
### F:\biocbuild\bbs-3.17-bioc\R\bin\R.exe CMD check --no-multiarch --install=check:CancerSubtypes.install-out.txt --library=F:\biocbuild\bbs-3.17-bioc\R\library --no-vignettes --timings CancerSubtypes_1.26.0.tar.gz
###
##############################################################################
##############################################################################
* using log directory 'F:/biocbuild/bbs-3.17-bioc/meat/CancerSubtypes.Rcheck'
* using R version 4.3.1 (2023-06-16 ucrt)
* using platform: x86_64-w64-mingw32 (64-bit)
* R was compiled by
gcc.exe (GCC) 12.2.0
GNU Fortran (GCC) 12.2.0
* running under: Windows Server 2022 x64 (build 20348)
* using session charset: UTF-8
* using option '--no-vignettes'
* checking for file 'CancerSubtypes/DESCRIPTION' ... OK
* checking extension type ... Package
* this is package 'CancerSubtypes' version '1.26.0'
* checking package namespace information ... OK
* checking package dependencies ... OK
* checking if this is a source package ... OK
* checking if there is a namespace ... OK
* checking for hidden files and directories ... OK
* checking for portable file names ... OK
* checking whether package 'CancerSubtypes' can be installed ... OK
* checking installed package size ... OK
* checking package directory ... OK
* checking 'build' directory ... OK
* checking DESCRIPTION meta-information ... OK
* checking top-level files ... OK
* checking for left-over files ... OK
* checking index information ... OK
* checking package subdirectories ... OK
* checking R files for non-ASCII characters ... OK
* checking R files for syntax errors ... OK
* checking whether the package can be loaded ... OK
* checking whether the package can be loaded with stated dependencies ... OK
* checking whether the package can be unloaded cleanly ... OK
* checking whether the namespace can be loaded with stated dependencies ... OK
* checking whether the namespace can be unloaded cleanly ... OK
* checking dependencies in R code ... OK
* checking S3 generic/method consistency ... OK
* checking replacement functions ... OK
* checking foreign function calls ... OK
* checking R code for possible problems ... NOTE
displayClusters: no visible global function definition for 'grey'
plotiCluster: no visible global function definition for 'gray'
Undefined global functions or variables:
gray grey
Consider adding
importFrom("grDevices", "gray", "grey")
to your NAMESPACE file.
* checking Rd files ... OK
* checking Rd metadata ... OK
* checking Rd cross-references ... WARNING
Missing link or links in documentation object 'ExecuteiCluster.Rd':
'iCluster2'
See section 'Cross-references' in the 'Writing R Extensions' manual.
* checking for missing documentation entries ... OK
* checking for code/documentation mismatches ... OK
* checking Rd \usage sections ... OK
* checking Rd contents ... OK
* checking for unstated dependencies in examples ... OK
* checking contents of 'data' directory ... OK
* checking data for non-ASCII characters ... OK
* checking data for ASCII and uncompressed saves ... OK
* checking installed files from 'inst/doc' ... OK
* checking files in 'vignettes' ... OK
* checking examples ... OK
Examples with CPU (user + system) or elapsed time > 5s
user system elapsed
sigclustTest 22.40 0.18 22.60
ExecuteSNF.CC 13.46 0.26 13.72
survAnalysis 8.62 0.19 8.84
ExecuteCC 6.73 1.29 8.12
FSbyCox 5.32 0.16 5.48
ExecuteCNMF 1.36 0.02 14.53
* checking for unstated dependencies in 'tests' ... OK
* checking tests ...
Running 'runTests.R'
OK
* checking for unstated dependencies in vignettes ... OK
* checking package vignettes in 'inst/doc' ... OK
* checking running R code from vignettes ... SKIPPED
* checking re-building of vignette outputs ... SKIPPED
* checking PDF version of manual ... OK
* DONE
Status: 1 WARNING, 1 NOTE
See
'F:/biocbuild/bbs-3.17-bioc/meat/CancerSubtypes.Rcheck/00check.log'
for details.
CancerSubtypes.Rcheck/00install.out
############################################################################## ############################################################################## ### ### Running command: ### ### F:\biocbuild\bbs-3.17-bioc\R\bin\R.exe CMD INSTALL CancerSubtypes ### ############################################################################## ############################################################################## * installing to library 'F:/biocbuild/bbs-3.17-bioc/R/library' * installing *source* package 'CancerSubtypes' ... ** using staged installation ** R ** data ** inst ** byte-compile and prepare package for lazy loading ** help *** installing help indices ** building package indices ** installing vignettes ** testing if installed package can be loaded from temporary location ** testing if installed package can be loaded from final location ** testing if installed package keeps a record of temporary installation path * DONE (CancerSubtypes)
CancerSubtypes.Rcheck/tests/runTests.Rout
R version 4.3.1 (2023-06-16 ucrt) -- "Beagle Scouts"
Copyright (C) 2023 The R Foundation for Statistical Computing
Platform: x86_64-w64-mingw32/x64 (64-bit)
R is free software and comes with ABSOLUTELY NO WARRANTY.
You are welcome to redistribute it under certain conditions.
Type 'license()' or 'licence()' for distribution details.
R is a collaborative project with many contributors.
Type 'contributors()' for more information and
'citation()' on how to cite R or R packages in publications.
Type 'demo()' for some demos, 'help()' for on-line help, or
'help.start()' for an HTML browser interface to help.
Type 'q()' to quit R.
> BiocGenerics:::testPackage("CancerSubtypes")
NMF - BioConductor layer [OK] | Shared memory capabilities [NO: windows] | Cores 2/2
RUNIT TEST PROTOCOL -- Mon Oct 16 00:17:37 2023
***********************************************
Number of test functions: 1
Number of errors: 0
Number of failures: 0
1 Test Suite :
CancerSubtypes RUnit Tests - 1 test function, 0 errors, 0 failures
Number of test functions: 1
Number of errors: 0
Number of failures: 0
>
> proc.time()
user system elapsed
2.92 0.23 3.15
CancerSubtypes.Rcheck/CancerSubtypes-Ex.timings
| name | user | system | elapsed | |
| DiffExp.limma | 0.25 | 0.03 | 0.28 | |
| ExecuteCC | 6.73 | 1.29 | 8.12 | |
| ExecuteCNMF | 1.36 | 0.02 | 14.53 | |
| ExecuteSNF.CC | 13.46 | 0.26 | 13.72 | |
| ExecuteSNF | 0.22 | 0.00 | 0.22 | |
| ExecuteWSNF | 1.46 | 0.04 | 1.50 | |
| ExecuteiCluster | 2.89 | 0.04 | 2.94 | |
| FSbyCox | 5.32 | 0.16 | 5.48 | |
| FSbyMAD | 0.14 | 0.01 | 0.16 | |
| FSbyPCA | 0.09 | 0.04 | 0.12 | |
| FSbyVar | 0.05 | 0.00 | 0.05 | |
| GeneExp | 0.01 | 0.00 | 0.01 | |
| Ranking | 0.04 | 0.00 | 0.04 | |
| affinityMatrix | 0.03 | 0.00 | 0.03 | |
| data.checkDistribution | 0.36 | 0.01 | 0.37 | |
| data.imputation | 0 | 0 | 0 | |
| data.normalization | 0.11 | 0.02 | 0.13 | |
| dist2 | 0.01 | 0.00 | 0.01 | |
| drawHeatmap | 3.64 | 0.06 | 3.71 | |
| miRNAExp | 0.00 | 0.02 | 0.01 | |
| saveFigure | 1.1 | 0.1 | 1.2 | |
| sigclustTest | 22.40 | 0.18 | 22.60 | |
| silhouette_SimilarityMatrix | 0.22 | 0.00 | 0.22 | |
| spectralAlg | 0.02 | 0.00 | 0.01 | |
| status | 0.00 | 0.01 | 0.02 | |
| survAnalysis | 8.62 | 0.19 | 8.84 | |
| time | 0 | 0 | 0 | |