| Back to Mac ARM64 build report for BioC 3.16 |
|
This page was generated on 2023-04-19 11:01:59 -0400 (Wed, 19 Apr 2023).
| Hostname | OS | Arch (*) | R version | Installed pkgs |
|---|---|---|---|---|
| kjohnson | macOS 13.0 Ventura | arm64 | 4.2.2 (2022-10-31) -- "Innocent and Trusting" | 4256 |
| Click on any hostname to see more info about the system (e.g. compilers) (*) as reported by 'uname -p', except on Windows and Mac OS X | ||||
|
To the developers/maintainers of the xcore package: Make sure to use the following settings in order to reproduce any error or warning you see on this page. |
| Package 2169/2183 | Hostname | OS / Arch | INSTALL | BUILD | BUILD BIN | ||||||||
| xcore 1.2.0 (landing page) Maciej Migdał
| kjohnson | macOS 13.0 Ventura / arm64 | OK | ERROR | skipped | ||||||||
| Package: xcore |
| Version: 1.2.0 |
| Command: /Library/Frameworks/R.framework/Resources/bin/R CMD build --keep-empty-dirs --no-resave-data xcore |
| StartedAt: 2023-04-18 13:10:13 -0400 (Tue, 18 Apr 2023) |
| EndedAt: 2023-04-18 13:11:07 -0400 (Tue, 18 Apr 2023) |
| EllapsedTime: 54.5 seconds |
| RetCode: 1 |
| Status: ERROR |
| PackageFile: None |
| PackageFileSize: NA |
############################################################################## ############################################################################## ### ### Running command: ### ### /Library/Frameworks/R.framework/Resources/bin/R CMD build --keep-empty-dirs --no-resave-data xcore ### ############################################################################## ############################################################################## * checking for file ‘xcore/DESCRIPTION’ ... OK * preparing ‘xcore’: * checking DESCRIPTION meta-information ... OK * installing the package to build vignettes * creating vignettes ... ERROR --- re-building ‘xcore_vignette.Rmd’ using rmarkdown Quitting from lines 121-127 (xcore_vignette.Rmd) Error: processing vignette 'xcore_vignette.Rmd' failed with diagnostics: failed to load resource name: EH7301 title: remap_promoters_f5 reason: error in evaluating the argument 'x' in selecting a method for function 'get': error reading from connection --- failed re-building ‘xcore_vignette.Rmd’ SUMMARY: processing the following file failed: ‘xcore_vignette.Rmd’ Error: Vignette re-building failed. Execution halted