| Back to Mac ARM64 build report for BioC 3.16 |
|
This page was generated on 2023-04-19 11:01:59 -0400 (Wed, 19 Apr 2023).
| Hostname | OS | Arch (*) | R version | Installed pkgs |
|---|---|---|---|---|
| kjohnson | macOS 13.0 Ventura | arm64 | 4.2.2 (2022-10-31) -- "Innocent and Trusting" | 4256 |
| Click on any hostname to see more info about the system (e.g. compilers) (*) as reported by 'uname -p', except on Windows and Mac OS X | ||||
|
To the developers/maintainers of the velociraptor package: Make sure to use the following settings in order to reproduce any error or warning you see on this page. |
| Package 2142/2183 | Hostname | OS / Arch | INSTALL | BUILD | BUILD BIN | ||||||||
| velociraptor 1.8.0 (landing page) Kevin Rue-Albrecht
| kjohnson | macOS 13.0 Ventura / arm64 | OK | ERROR | skipped | ||||||||
| Package: velociraptor |
| Version: 1.8.0 |
| Command: /Library/Frameworks/R.framework/Resources/bin/R CMD build --keep-empty-dirs --no-resave-data velociraptor |
| StartedAt: 2023-04-18 12:39:18 -0400 (Tue, 18 Apr 2023) |
| EndedAt: 2023-04-18 12:42:18 -0400 (Tue, 18 Apr 2023) |
| EllapsedTime: 180.3 seconds |
| RetCode: 1 |
| Status: ERROR |
| PackageFile: None |
| PackageFileSize: NA |
##############################################################################
##############################################################################
###
### Running command:
###
### /Library/Frameworks/R.framework/Resources/bin/R CMD build --keep-empty-dirs --no-resave-data velociraptor
###
##############################################################################
##############################################################################
* checking for file ‘velociraptor/DESCRIPTION’ ... OK
* preparing ‘velociraptor’:
* checking DESCRIPTION meta-information ... OK
* installing the package to build vignettes
* creating vignettes ... ERROR
--- re-building ‘velociraptor.Rmd’ using rmarkdown
Collecting package metadata (current_repodata.json): ...working... done
Solving environment: ...working... failed with repodata from current_repodata.json, will retry with next repodata source.
Collecting package metadata (repodata.json): ...working... done
Solving environment: ...working... done
## Package Plan ##
environment location: /Users/biocbuild/Library/Caches/org.R-project.R/R/basilisk/1.10.2/velociraptor/1.8.0/env
added / updated specs:
- python=3.8.13
The following NEW packages will be INSTALLED:
bzip2 conda-forge/osx-arm64::bzip2-1.0.8-h3422bc3_4
ca-certificates conda-forge/osx-arm64::ca-certificates-2022.12.7-h4653dfc_0
libffi conda-forge/osx-arm64::libffi-3.4.2-h3422bc3_5
libsqlite conda-forge/osx-arm64::libsqlite-3.40.0-h76d750c_0
libzlib conda-forge/osx-arm64::libzlib-1.2.13-h03a7124_4
ncurses conda-forge/osx-arm64::ncurses-6.3-h07bb92c_1
openssl conda-forge/osx-arm64::openssl-3.1.0-h03a7124_0
pip conda-forge/noarch::pip-23.1-pyhd8ed1ab_0
python conda-forge/osx-arm64::python-3.8.13-hd3575e6_0_cpython
readline conda-forge/osx-arm64::readline-8.2-h92ec313_1
setuptools conda-forge/noarch::setuptools-67.6.1-pyhd8ed1ab_0
sqlite conda-forge/osx-arm64::sqlite-3.40.0-h2229b38_0
tk conda-forge/osx-arm64::tk-8.6.12-he1e0b03_0
wheel conda-forge/noarch::wheel-0.40.0-pyhd8ed1ab_0
xz conda-forge/osx-arm64::xz-5.2.6-h57fd34a_0
Preparing transaction: ...working... done
Verifying transaction: ...working... done
Executing transaction: ...working... done
Collecting package metadata (current_repodata.json): ...working... done
Solving environment: ...working... done
## Package Plan ##
environment location: /Users/biocbuild/Library/Caches/org.R-project.R/R/basilisk/1.10.2/velociraptor/1.8.0/env
added / updated specs:
- python=3.8.13
The following packages will be UPDATED:
ca-certificates conda-forge::ca-certificates-2022.12.~ --> pkgs/main::ca-certificates-2023.01.10-hca03da5_0
Preparing transaction: ...working... done
Verifying transaction: ...working... done
Executing transaction: ...working... done
==> WARNING: A newer version of conda exists. <==
current version: 4.12.0
latest version: 23.3.1
Please update conda by running
$ conda update -n base -c defaults conda
Collecting package metadata (current_repodata.json): ...working... done
Solving environment: ...working... failed with initial frozen solve. Retrying with flexible solve.
Collecting package metadata (repodata.json): ...working... done
Solving environment: ...working... failed with initial frozen solve. Retrying with flexible solve.
PackagesNotFoundError: The following packages are not available from current channels:
- cffi=1.14.1
- kiwisolver=1.2.0
- tornado=6.0.4
- llvmlite=0.34.0
- numexpr=2.7.1
- statsmodels=0.12.0
- anndata=0.7.4
- matplotlib=3.3.1
- numpy=1.19.1
- stdlib-list=0.6.0
- pandas=1.1.2
- pillow=7.2.0
- umap-learn=0.4.6
- numba=0.51.2
Current channels:
- https://conda.anaconda.org/bioconda/osx-arm64
- https://conda.anaconda.org/bioconda/noarch
- https://conda.anaconda.org/conda-forge/osx-arm64
- https://conda.anaconda.org/conda-forge/noarch
- https://repo.anaconda.com/pkgs/main/osx-arm64
- https://repo.anaconda.com/pkgs/main/noarch
- https://repo.anaconda.com/pkgs/r/osx-arm64
- https://repo.anaconda.com/pkgs/r/noarch
To search for alternate channels that may provide the conda package you're
looking for, navigate to
https://anaconda.org
and use the search bar at the top of the page.
Quitting from lines 70-73 (velociraptor.Rmd)
Error: processing vignette 'velociraptor.Rmd' failed with diagnostics:
one or more Python packages failed to install [error code 1]
--- failed re-building ‘velociraptor.Rmd’
SUMMARY: processing the following file failed:
‘velociraptor.Rmd’
Error: Vignette re-building failed.
Execution halted