| Back to Mac ARM64 build report for BioC 3.16 |
|
This page was generated on 2023-04-19 11:01:59 -0400 (Wed, 19 Apr 2023).
| Hostname | OS | Arch (*) | R version | Installed pkgs |
|---|---|---|---|---|
| kjohnson | macOS 13.0 Ventura | arm64 | 4.2.2 (2022-10-31) -- "Innocent and Trusting" | 4256 |
| Click on any hostname to see more info about the system (e.g. compilers) (*) as reported by 'uname -p', except on Windows and Mac OS X | ||||
|
To the developers/maintainers of the tidySingleCellExperiment package: Make sure to use the following settings in order to reproduce any error or warning you see on this page. |
| Package 2044/2183 | Hostname | OS / Arch | INSTALL | BUILD | BUILD BIN | ||||||||
| tidySingleCellExperiment 1.8.2 (landing page) Stefano Mangiola
| kjohnson | macOS 13.0 Ventura / arm64 | OK | ERROR | skipped | ||||||||
| Package: tidySingleCellExperiment |
| Version: 1.8.2 |
| Command: /Library/Frameworks/R.framework/Resources/bin/R CMD build --keep-empty-dirs --no-resave-data tidySingleCellExperiment |
| StartedAt: 2023-04-18 10:43:31 -0400 (Tue, 18 Apr 2023) |
| EndedAt: 2023-04-18 10:44:51 -0400 (Tue, 18 Apr 2023) |
| EllapsedTime: 79.3 seconds |
| RetCode: 1 |
| Status: ERROR |
| PackageFile: None |
| PackageFileSize: NA |
############################################################################## ############################################################################## ### ### Running command: ### ### /Library/Frameworks/R.framework/Resources/bin/R CMD build --keep-empty-dirs --no-resave-data tidySingleCellExperiment ### ############################################################################## ############################################################################## * checking for file ‘tidySingleCellExperiment/DESCRIPTION’ ... OK * preparing ‘tidySingleCellExperiment’: * checking DESCRIPTION meta-information ... OK * installing the package to process help pages * building the PDF package manual * creating vignettes ... ERROR --- re-building ‘introduction.Rmd’ using knitr Quitting from lines 327-340 (introduction.Rmd) Error: processing vignette 'introduction.Rmd' failed with diagnostics: Arguments in `...` must be used. ✖ Problematic argument: • cols_vary = cols_vary --- failed re-building ‘introduction.Rmd’ SUMMARY: processing the following file failed: ‘introduction.Rmd’ Error: Vignette re-building failed. Execution halted