| Back to Mac ARM64 build report for BioC 3.16 |
|
This page was generated on 2023-04-19 11:01:54 -0400 (Wed, 19 Apr 2023).
| Hostname | OS | Arch (*) | R version | Installed pkgs |
|---|---|---|---|---|
| kjohnson | macOS 13.0 Ventura | arm64 | 4.2.2 (2022-10-31) -- "Innocent and Trusting" | 4256 |
| Click on any hostname to see more info about the system (e.g. compilers) (*) as reported by 'uname -p', except on Windows and Mac OS X | ||||
|
To the developers/maintainers of the fedup package: Make sure to use the following settings in order to reproduce any error or warning you see on this page. |
| Package 670/2183 | Hostname | OS / Arch | INSTALL | BUILD | BUILD BIN | ||||||||
| fedup 1.6.0 (landing page) Catherine Ross
| kjohnson | macOS 13.0 Ventura / arm64 | OK | ERROR | skipped | ||||||||
| Package: fedup |
| Version: 1.6.0 |
| Command: /Library/Frameworks/R.framework/Resources/bin/R CMD build --keep-empty-dirs --no-resave-data fedup |
| StartedAt: 2023-04-17 06:20:26 -0400 (Mon, 17 Apr 2023) |
| EndedAt: 2023-04-17 06:21:06 -0400 (Mon, 17 Apr 2023) |
| EllapsedTime: 40.2 seconds |
| RetCode: 1 |
| Status: ERROR |
| PackageFile: None |
| PackageFileSize: NA |
############################################################################## ############################################################################## ### ### Running command: ### ### /Library/Frameworks/R.framework/Resources/bin/R CMD build --keep-empty-dirs --no-resave-data fedup ### ############################################################################## ############################################################################## * checking for file ‘fedup/DESCRIPTION’ ... OK * preparing ‘fedup’: * checking DESCRIPTION meta-information ... OK * installing the package to build vignettes * creating vignettes ... ERROR --- re-building ‘fedup_doubleTest.rmd’ using rmarkdown Quitting from lines 58-62 (fedup_doubleTest.rmd) Error: processing vignette 'fedup_doubleTest.rmd' failed with diagnostics: package or namespace load failed for 'fedup' in loadNamespace(i, c(lib.loc, .libPaths()), versionCheck = vI[[i]]): namespace 'rlang' 1.0.6 is already loaded, but >= 1.1.0 is required --- failed re-building ‘fedup_doubleTest.rmd’ --- re-building ‘fedup_mutliTest.rmd’ using rmarkdown Quitting from lines 58-62 (fedup_mutliTest.rmd) Error: processing vignette 'fedup_mutliTest.rmd' failed with diagnostics: package or namespace load failed for 'fedup' in loadNamespace(i, c(lib.loc, .libPaths()), versionCheck = vI[[i]]): namespace 'rlang' 1.0.6 is already loaded, but >= 1.1.0 is required --- failed re-building ‘fedup_mutliTest.rmd’ --- re-building ‘fedup_singleTest.rmd’ using rmarkdown Quitting from lines 58-62 (fedup_singleTest.rmd) Error: processing vignette 'fedup_singleTest.rmd' failed with diagnostics: package or namespace load failed for 'fedup' in loadNamespace(i, c(lib.loc, .libPaths()), versionCheck = vI[[i]]): namespace 'rlang' 1.0.6 is already loaded, but >= 1.1.0 is required --- failed re-building ‘fedup_singleTest.rmd’ SUMMARY: processing the following files failed: ‘fedup_doubleTest.rmd’ ‘fedup_mutliTest.rmd’ ‘fedup_singleTest.rmd’ Error: Vignette re-building failed. Execution halted