| Back to Mac ARM64 build report for BioC 3.16 |
|
This page was generated on 2023-04-19 11:01:59 -0400 (Wed, 19 Apr 2023).
| Hostname | OS | Arch (*) | R version | Installed pkgs |
|---|---|---|---|---|
| kjohnson | macOS 13.0 Ventura | arm64 | 4.2.2 (2022-10-31) -- "Innocent and Trusting" | 4256 |
| Click on any hostname to see more info about the system (e.g. compilers) (*) as reported by 'uname -p', except on Windows and Mac OS X | ||||
|
To the developers/maintainers of the XCIR package: Make sure to use the following settings in order to reproduce any error or warning you see on this page. |
| Package 2167/2183 | Hostname | OS / Arch | INSTALL | BUILD | BUILD BIN | ||||||||
Renan Sauteraud
| kjohnson | macOS 13.0 Ventura / arm64 | OK | ERROR | skipped | ||||||||
| Package: XCIR |
| Version: 1.12.0 |
| Command: /Library/Frameworks/R.framework/Resources/bin/R CMD build --keep-empty-dirs --no-resave-data XCIR |
| StartedAt: 2023-04-18 13:02:23 -0400 (Tue, 18 Apr 2023) |
| EndedAt: 2023-04-18 13:03:39 -0400 (Tue, 18 Apr 2023) |
| EllapsedTime: 76.1 seconds |
| RetCode: 1 |
| Status: ERROR |
| PackageFile: None |
| PackageFileSize: NA |
############################################################################## ############################################################################## ### ### Running command: ### ### /Library/Frameworks/R.framework/Resources/bin/R CMD build --keep-empty-dirs --no-resave-data XCIR ### ############################################################################## ############################################################################## * checking for file ‘XCIR/DESCRIPTION’ ... OK * preparing ‘XCIR’: * checking DESCRIPTION meta-information ... OK * installing the package to build vignettes * creating vignettes ... ERROR --- re-building ‘xcir_intro.Rmd’ using knitr Quitting from lines 146-147 (xcir_intro.Rmd) Error: processing vignette 'xcir_intro.Rmd' failed with diagnostics: object 'pvalue' not found --- failed re-building ‘xcir_intro.Rmd’ SUMMARY: processing the following file failed: ‘xcir_intro.Rmd’ Error: Vignette re-building failed. Execution halted