| Back to Mac ARM64 build report for BioC 3.16 |
|
This page was generated on 2023-04-19 11:01:57 -0400 (Wed, 19 Apr 2023).
| Hostname | OS | Arch (*) | R version | Installed pkgs |
|---|---|---|---|---|
| kjohnson | macOS 13.0 Ventura | arm64 | 4.2.2 (2022-10-31) -- "Innocent and Trusting" | 4256 |
| Click on any hostname to see more info about the system (e.g. compilers) (*) as reported by 'uname -p', except on Windows and Mac OS X | ||||
|
To the developers/maintainers of the Rnits package: Make sure to use the following settings in order to reproduce any error or warning you see on this page. |
| Package 1712/2183 | Hostname | OS / Arch | INSTALL | BUILD | BUILD BIN | ||||||||
| Rnits 1.32.1 (landing page) Dipen P. Sangurdekar
| kjohnson | macOS 13.0 Ventura / arm64 | OK | ERROR | skipped | ||||||||
| Package: Rnits |
| Version: 1.32.1 |
| Command: /Library/Frameworks/R.framework/Resources/bin/R CMD build --keep-empty-dirs --no-resave-data Rnits |
| StartedAt: 2023-04-18 02:11:48 -0400 (Tue, 18 Apr 2023) |
| EndedAt: 2023-04-18 02:12:06 -0400 (Tue, 18 Apr 2023) |
| EllapsedTime: 18.3 seconds |
| RetCode: 1 |
| Status: ERROR |
| PackageFile: None |
| PackageFileSize: NA |
############################################################################## ############################################################################## ### ### Running command: ### ### /Library/Frameworks/R.framework/Resources/bin/R CMD build --keep-empty-dirs --no-resave-data Rnits ### ############################################################################## ############################################################################## * checking for file ‘Rnits/DESCRIPTION’ ... OK * preparing ‘Rnits’: * checking DESCRIPTION meta-information ... OK * installing the package to build vignettes * creating vignettes ... ERROR --- re-building ‘Rnits-vignette.Rnw’ using knitr Quitting from lines 90-114 (Rnits-vignette.Rnw) Error: processing vignette 'Rnits-vignette.Rnw' failed with diagnostics: Could not resolve host: ftp.ncbi.nlm.nih.gov --- failed re-building ‘Rnits-vignette.Rnw’ SUMMARY: processing the following file failed: ‘Rnits-vignette.Rnw’ Error: Vignette re-building failed. Execution halted