| Back to Mac ARM64 build report for BioC 3.16 |
|
This page was generated on 2023-04-19 11:01:54 -0400 (Wed, 19 Apr 2023).
| Hostname | OS | Arch (*) | R version | Installed pkgs |
|---|---|---|---|---|
| kjohnson | macOS 13.0 Ventura | arm64 | 4.2.2 (2022-10-31) -- "Innocent and Trusting" | 4256 |
| Click on any hostname to see more info about the system (e.g. compilers) (*) as reported by 'uname -p', except on Windows and Mac OS X | ||||
|
To the developers/maintainers of the EpiMix package: Make sure to use the following settings in order to reproduce any error or warning you see on this page. |
| Package 622/2183 | Hostname | OS / Arch | INSTALL | BUILD | BUILD BIN | ||||||||
| EpiMix 1.0.2 (landing page) Yuanning Zheng
| kjohnson | macOS 13.0 Ventura / arm64 | OK | ERROR | skipped | ||||||||
| Package: EpiMix |
| Version: 1.0.2 |
| Command: /Library/Frameworks/R.framework/Resources/bin/R CMD build --keep-empty-dirs --no-resave-data EpiMix |
| StartedAt: 2023-04-17 05:33:54 -0400 (Mon, 17 Apr 2023) |
| EndedAt: 2023-04-17 05:36:43 -0400 (Mon, 17 Apr 2023) |
| EllapsedTime: 168.9 seconds |
| RetCode: 1 |
| Status: ERROR |
| PackageFile: None |
| PackageFileSize: NA |
############################################################################## ############################################################################## ### ### Running command: ### ### /Library/Frameworks/R.framework/Resources/bin/R CMD build --keep-empty-dirs --no-resave-data EpiMix ### ############################################################################## ############################################################################## * checking for file ‘EpiMix/DESCRIPTION’ ... OK * preparing ‘EpiMix’: * checking DESCRIPTION meta-information ... OK * installing the package to build vignettes * creating vignettes ... ERROR --- re-building ‘Methylation_Modeling.Rmd’ using rmarkdown trying URL 'https://egg2.wustl.edu/roadmap/data/byFileType/chromhmmSegmentations/ChmmModels/core_K27ac/jointModel/final/E096_18_core_K27ac_hg38lift_mnemonics.bed.gz' Content type 'application/x-gzip' length 3835377 bytes (3.7 MB) ================================================== downloaded 3.7 MB Quitting from lines 204-220 (Methylation_Modeling.Rmd) Error: processing vignette 'Methylation_Modeling.Rmd' failed with diagnostics: must have 'max' > 'min' --- failed re-building ‘Methylation_Modeling.Rmd’ SUMMARY: processing the following file failed: ‘Methylation_Modeling.Rmd’ Error: Vignette re-building failed. Execution halted