| Back to Multiple platform build/check report for BioC 3.16 |
|
This page was generated on 2022-07-11 11:06:40 -0400 (Mon, 11 Jul 2022).
| Hostname | OS | Arch (*) | R version | Installed pkgs |
|---|---|---|---|---|
| nebbiolo2 | Linux (Ubuntu 20.04.4 LTS) | x86_64 | 4.2.1 (2022-06-23) -- "Funny-Looking Kid" | 4148 |
| lconway | macOS 12.2.1 Monterey | x86_64 | 4.2.0 Patched (2022-05-29 r82424) -- "Vigorous Calisthenics" | 4168 |
| kjohnson | macOS 12.4 Monterey | arm64 | 4.2.1 (2022-06-23) -- "Funny-Looking Kid" | 3545 |
| Click on any hostname to see more info about the system (e.g. compilers) (*) as reported by 'uname -p', except on Windows and Mac OS X | ||||
|
To the developers/maintainers of the BEclear package: - Please allow up to 24 hours (and sometimes 48 hours) for your latest push to git@git.bioconductor.org:packages/BEclear.git to reflect on this report. See How and When does the builder pull? When will my changes propagate? for more information. - Make sure to use the following settings in order to reproduce any error or warning you see on this page. |
| Package 137/2130 | Hostname | OS / Arch | INSTALL | BUILD | CHECK | BUILD BIN | ||||||||
| BEclear 2.13.1 (landing page) David Rasp
| nebbiolo2 | Linux (Ubuntu 20.04.4 LTS) / x86_64 | OK | OK | OK | |||||||||
| lconway | macOS 12.2.1 Monterey / x86_64 | OK | OK | OK | OK | |||||||||
| kjohnson | macOS 12.4 Monterey / arm64 | OK | ERROR | skipped | skipped | |||||||||
| Package: BEclear |
| Version: 2.13.1 |
| Command: /Library/Frameworks/R.framework/Resources/bin/R CMD build --keep-empty-dirs --no-resave-data BEclear |
| StartedAt: 2022-07-10 21:33:00 -0400 (Sun, 10 Jul 2022) |
| EndedAt: 2022-07-10 21:33:25 -0400 (Sun, 10 Jul 2022) |
| EllapsedTime: 25.9 seconds |
| RetCode: 1 |
| Status: ERROR |
| PackageFile: None |
| PackageFileSize: NA |
############################################################################## ############################################################################## ### ### Running command: ### ### /Library/Frameworks/R.framework/Resources/bin/R CMD build --keep-empty-dirs --no-resave-data BEclear ### ############################################################################## ############################################################################## * checking for file ‘BEclear/DESCRIPTION’ ... OK * preparing ‘BEclear’: * checking DESCRIPTION meta-information ... OK * cleaning src * installing the package to process help pages Loading required namespace: BEclear * saving partial Rd database * creating vignettes ... ERROR --- re-building ‘BEclear.Rmd’ using rmarkdown Quitting from lines 148-150 (BEclear.Rmd) Error: processing vignette 'BEclear.Rmd' failed with diagnostics: missing value where TRUE/FALSE needed --- failed re-building ‘BEclear.Rmd’ SUMMARY: processing the following file failed: ‘BEclear.Rmd’ Error: Vignette re-building failed. Execution halted