| Back to Multiple platform build/check report for BioC 3.16 |
|
This page was generated on 2022-07-11 11:06:38 -0400 (Mon, 11 Jul 2022).
| Hostname | OS | Arch (*) | R version | Installed pkgs |
|---|---|---|---|---|
| nebbiolo2 | Linux (Ubuntu 20.04.4 LTS) | x86_64 | 4.2.1 (2022-06-23) -- "Funny-Looking Kid" | 4148 |
| lconway | macOS 12.2.1 Monterey | x86_64 | 4.2.0 Patched (2022-05-29 r82424) -- "Vigorous Calisthenics" | 4168 |
| kjohnson | macOS 12.4 Monterey | arm64 | 4.2.1 (2022-06-23) -- "Funny-Looking Kid" | 3545 |
| Click on any hostname to see more info about the system (e.g. compilers) (*) as reported by 'uname -p', except on Windows and Mac OS X | ||||
|
To the developers/maintainers of the AnnotationHub package: - Please allow up to 24 hours (and sometimes 48 hours) for your latest push to git@git.bioconductor.org:packages/AnnotationHub.git to reflect on this report. See How and When does the builder pull? When will my changes propagate? for more information. - Make sure to use the following settings in order to reproduce any error or warning you see on this page. |
| Package 59/2130 | Hostname | OS / Arch | INSTALL | BUILD | CHECK | BUILD BIN | ||||||||
| AnnotationHub 3.5.0 (landing page) Bioconductor Package Maintainer
| nebbiolo2 | Linux (Ubuntu 20.04.4 LTS) / x86_64 | OK | OK | WARNINGS | |||||||||
| lconway | macOS 12.2.1 Monterey / x86_64 | OK | OK | WARNINGS | OK | |||||||||
| kjohnson | macOS 12.4 Monterey / arm64 | OK | ERROR | skipped | skipped | |||||||||
| Package: AnnotationHub |
| Version: 3.5.0 |
| Command: /Library/Frameworks/R.framework/Resources/bin/R CMD build --keep-empty-dirs --no-resave-data AnnotationHub |
| StartedAt: 2022-07-10 20:23:44 -0400 (Sun, 10 Jul 2022) |
| EndedAt: 2022-07-10 20:24:23 -0400 (Sun, 10 Jul 2022) |
| EllapsedTime: 39.5 seconds |
| RetCode: 1 |
| Status: ERROR |
| PackageFile: None |
| PackageFileSize: NA |
##############################################################################
##############################################################################
###
### Running command:
###
### /Library/Frameworks/R.framework/Resources/bin/R CMD build --keep-empty-dirs --no-resave-data AnnotationHub
###
##############################################################################
##############################################################################
* checking for file ‘AnnotationHub/DESCRIPTION’ ... OK
* preparing ‘AnnotationHub’:
* checking DESCRIPTION meta-information ... OK
* installing the package to build vignettes
* creating vignettes ... ERROR
--- re-building ‘AnnotationHub-HOWTO.Rmd’ using rmarkdown
Quitting from lines 13-22 (AnnotationHub-HOWTO.Rmd)
Error: processing vignette 'AnnotationHub-HOWTO.Rmd' failed with diagnostics:
there is no package called 'GenomicFeatures'
--- failed re-building ‘AnnotationHub-HOWTO.Rmd’
--- re-building ‘AnnotationHub.Rmd’ using rmarkdown
Quitting from lines 148-149 (AnnotationHub.Rmd)
Error: processing vignette 'AnnotationHub.Rmd' failed with diagnostics:
failed to load resource
name: AH15146
title: dm1ToDm2.over.chain.gz
reason: require("rtracklayer") failed: use BiocManager::install() to install package?
--- failed re-building ‘AnnotationHub.Rmd’
--- re-building ‘TroubleshootingTheCache.Rmd’ using rmarkdown
--- finished re-building ‘TroubleshootingTheCache.Rmd’
SUMMARY: processing the following files failed:
‘AnnotationHub-HOWTO.Rmd’ ‘AnnotationHub.Rmd’
Error: Vignette re-building failed.
Execution halted