| Back to Build/check report for BioC 3.15 experimental data |
|
This page was generated on 2022-10-18 14:50:14 -0400 (Tue, 18 Oct 2022).
| Hostname | OS | Arch (*) | R version | Installed pkgs |
|---|---|---|---|---|
| nebbiolo1 | Linux (Ubuntu 20.04.5 LTS) | x86_64 | 4.2.1 (2022-06-23) -- "Funny-Looking Kid" | 4386 |
| Click on any hostname to see more info about the system (e.g. compilers) (*) as reported by 'uname -p', except on Windows and Mac OS X | ||||
|
To the developers/maintainers of the scRNAseq package: Make sure to use the following settings in order to reproduce any error or warning you see on this page. |
| Package 341/410 | Hostname | OS / Arch | INSTALL | BUILD | CHECK | ||||||||
| scRNAseq 2.10.0 (landing page) Aaron Lun
| nebbiolo1 | Linux (Ubuntu 20.04.5 LTS) / x86_64 | OK | OK | WARNINGS | ||||||||
| Package: scRNAseq |
| Version: 2.10.0 |
| Command: /home/biocbuild/bbs-3.15-bioc/R/bin/R CMD check --install=check:scRNAseq.install-out.txt --library=/home/biocbuild/bbs-3.15-bioc/R/library --no-vignettes --timings scRNAseq_2.10.0.tar.gz |
| StartedAt: 2022-10-18 11:43:33 -0400 (Tue, 18 Oct 2022) |
| EndedAt: 2022-10-18 12:01:24 -0400 (Tue, 18 Oct 2022) |
| EllapsedTime: 1071.1 seconds |
| RetCode: 0 |
| Status: WARNINGS |
| CheckDir: scRNAseq.Rcheck |
| Warnings: 1 |
##############################################################################
##############################################################################
###
### Running command:
###
### /home/biocbuild/bbs-3.15-bioc/R/bin/R CMD check --install=check:scRNAseq.install-out.txt --library=/home/biocbuild/bbs-3.15-bioc/R/library --no-vignettes --timings scRNAseq_2.10.0.tar.gz
###
##############################################################################
##############################################################################
* using log directory ‘/home/biocbuild/bbs-3.15-data-experiment/meat/scRNAseq.Rcheck’
* using R version 4.2.1 (2022-06-23)
* using platform: x86_64-pc-linux-gnu (64-bit)
* using session charset: UTF-8
* using option ‘--no-vignettes’
* checking for file ‘scRNAseq/DESCRIPTION’ ... OK
* this is package ‘scRNAseq’ version ‘2.10.0’
* package encoding: UTF-8
* checking package namespace information ... OK
* checking package dependencies ... OK
* checking if this is a source package ... OK
* checking if there is a namespace ... OK
* checking for hidden files and directories ... NOTE
Found the following hidden files and directories:
.BBSoptions
These were most likely included in error. See section ‘Package
structure’ in the ‘Writing R Extensions’ manual.
* checking for portable file names ... OK
* checking for sufficient/correct file permissions ... OK
* checking whether package ‘scRNAseq’ can be installed ... OK
* checking installed package size ... OK
* checking package directory ... OK
* checking ‘build’ directory ... OK
* checking DESCRIPTION meta-information ... OK
* checking top-level files ... OK
* checking for left-over files ... OK
* checking index information ... OK
* checking package subdirectories ... WARNING
Problems with news in ‘inst/NEWS.Rd’:
inst/NEWS.Rd:35: unexpected section header '\section'
inst/NEWS.Rd:51: unexpected section header '\section'
inst/NEWS.Rd:59: unexpected section header '\section'
inst/NEWS.Rd:67: unexpected section header '\section'
inst/NEWS.Rd:70: unexpected END_OF_INPUT '
'
* checking R files for non-ASCII characters ... OK
* checking R files for syntax errors ... OK
* checking whether the package can be loaded ... OK
* checking whether the package can be loaded with stated dependencies ... OK
* checking whether the package can be unloaded cleanly ... OK
* checking whether the namespace can be loaded with stated dependencies ... OK
* checking whether the namespace can be unloaded cleanly ... OK
* checking dependencies in R code ... OK
* checking S3 generic/method consistency ... OK
* checking replacement functions ... OK
* checking foreign function calls ... OK
* checking R code for possible problems ... OK
* checking Rd files ... OK
* checking Rd metadata ... OK
* checking Rd cross-references ... OK
* checking for missing documentation entries ... OK
* checking for code/documentation mismatches ... OK
* checking Rd \usage sections ... OK
* checking Rd contents ... OK
* checking for unstated dependencies in examples ... OK
* checking files in ‘vignettes’ ... OK
* checking examples ... OK
Examples with CPU (user + system) or elapsed time > 5s
user system elapsed
HeOrganAtlasData 40.202 12.570 55.921
ZeiselNervousData 27.070 4.608 32.864
BhaduriOrganoidData 25.530 3.515 29.472
BacherTCellData 16.455 3.507 20.481
JessaBrainData 15.916 3.518 20.585
ErnstSpermatogenesisData 15.375 2.286 18.587
GiladiHSCData 13.004 3.210 17.077
LunSpikeInData 12.673 2.411 17.640
LaMannoBrainData 11.996 1.954 16.314
StoeckiusHashingData 9.663 1.837 12.925
ZhaoImmuneLiverData 9.482 1.374 11.473
MessmerESCData 7.915 1.481 10.975
ZilionisLungData 7.671 0.652 9.246
ReprocessedData 7.010 1.129 9.071
NestorowaHSCData 6.513 1.585 8.982
BuettnerESCData 6.359 1.284 8.993
AztekinTailData 6.717 0.920 8.265
BachMammaryData 5.937 1.381 8.816
BunisHSPCData 6.146 0.917 8.091
KotliarovPBMCData 5.979 0.777 7.299
KolodziejczykESCData 5.239 1.318 7.847
RichardTCellData 5.131 0.981 7.446
ZeiselBrainData 5.107 0.824 6.866
SegerstolpePancreasData 5.048 0.776 6.696
MairPBMCData 4.713 0.700 6.124
BaronPancreasData 4.822 0.581 6.308
CampbellBrainData 4.628 0.750 5.764
HermannSpermatogenesisData 4.603 0.772 6.083
TasicBrainData 4.612 0.736 6.125
MacoskoRetinaData 4.089 0.660 5.209
FletcherOlfactoryData 3.944 0.638 5.081
* checking for unstated dependencies in ‘tests’ ... OK
* checking tests ...
Running ‘testthat.R’
OK
* checking for unstated dependencies in vignettes ... OK
* checking package vignettes in ‘inst/doc’ ... OK
* checking running R code from vignettes ... SKIPPED
* checking re-building of vignette outputs ... SKIPPED
* checking PDF version of manual ... OK
* DONE
Status: 1 WARNING, 1 NOTE
See
‘/home/biocbuild/bbs-3.15-data-experiment/meat/scRNAseq.Rcheck/00check.log’
for details.
scRNAseq.Rcheck/00install.out
############################################################################## ############################################################################## ### ### Running command: ### ### /home/biocbuild/bbs-3.15-bioc/R/bin/R CMD INSTALL scRNAseq ### ############################################################################## ############################################################################## * installing to library ‘/home/biocbuild/bbs-3.15-bioc/R/library’ * installing *source* package ‘scRNAseq’ ... ** using staged installation ** R ** inst ** byte-compile and prepare package for lazy loading ** help *** installing help indices ** building package indices ** installing vignettes ** testing if installed package can be loaded from temporary location ** testing if installed package can be loaded from final location ** testing if installed package keeps a record of temporary installation path * DONE (scRNAseq)
scRNAseq.Rcheck/tests/testthat.Rout
R version 4.2.1 (2022-06-23) -- "Funny-Looking Kid"
Copyright (C) 2022 The R Foundation for Statistical Computing
Platform: x86_64-pc-linux-gnu (64-bit)
R is free software and comes with ABSOLUTELY NO WARRANTY.
You are welcome to redistribute it under certain conditions.
Type 'license()' or 'licence()' for distribution details.
R is a collaborative project with many contributors.
Type 'contributors()' for more information and
'citation()' on how to cite R or R packages in publications.
Type 'demo()' for some demos, 'help()' for on-line help, or
'help.start()' for an HTML browser interface to help.
Type 'q()' to quit R.
> library(testthat)
> library(scRNAseq)
Loading required package: SingleCellExperiment
Loading required package: SummarizedExperiment
Loading required package: MatrixGenerics
Loading required package: matrixStats
Attaching package: 'MatrixGenerics'
The following objects are masked from 'package:matrixStats':
colAlls, colAnyNAs, colAnys, colAvgsPerRowSet, colCollapse,
colCounts, colCummaxs, colCummins, colCumprods, colCumsums,
colDiffs, colIQRDiffs, colIQRs, colLogSumExps, colMadDiffs,
colMads, colMaxs, colMeans2, colMedians, colMins, colOrderStats,
colProds, colQuantiles, colRanges, colRanks, colSdDiffs, colSds,
colSums2, colTabulates, colVarDiffs, colVars, colWeightedMads,
colWeightedMeans, colWeightedMedians, colWeightedSds,
colWeightedVars, rowAlls, rowAnyNAs, rowAnys, rowAvgsPerColSet,
rowCollapse, rowCounts, rowCummaxs, rowCummins, rowCumprods,
rowCumsums, rowDiffs, rowIQRDiffs, rowIQRs, rowLogSumExps,
rowMadDiffs, rowMads, rowMaxs, rowMeans2, rowMedians, rowMins,
rowOrderStats, rowProds, rowQuantiles, rowRanges, rowRanks,
rowSdDiffs, rowSds, rowSums2, rowTabulates, rowVarDiffs, rowVars,
rowWeightedMads, rowWeightedMeans, rowWeightedMedians,
rowWeightedSds, rowWeightedVars
Loading required package: GenomicRanges
Loading required package: stats4
Loading required package: BiocGenerics
Attaching package: 'BiocGenerics'
The following objects are masked from 'package:stats':
IQR, mad, sd, var, xtabs
The following objects are masked from 'package:base':
Filter, Find, Map, Position, Reduce, anyDuplicated, append,
as.data.frame, basename, cbind, colnames, dirname, do.call,
duplicated, eval, evalq, get, grep, grepl, intersect, is.unsorted,
lapply, mapply, match, mget, order, paste, pmax, pmax.int, pmin,
pmin.int, rank, rbind, rownames, sapply, setdiff, sort, table,
tapply, union, unique, unsplit, which.max, which.min
Loading required package: S4Vectors
Attaching package: 'S4Vectors'
The following objects are masked from 'package:base':
I, expand.grid, unname
Loading required package: IRanges
Loading required package: GenomeInfoDb
Loading required package: Biobase
Welcome to Bioconductor
Vignettes contain introductory material; view with
'browseVignettes()'. To cite Bioconductor, see
'citation("Biobase")', and for packages 'citation("pkgname")'.
Attaching package: 'Biobase'
The following object is masked from 'package:MatrixGenerics':
rowMedians
The following objects are masked from 'package:matrixStats':
anyMissing, rowMedians
> test_check("scRNAseq")
[ FAIL 0 | WARN 37 | SKIP 0 | PASS 120 ]
[ FAIL 0 | WARN 37 | SKIP 0 | PASS 120 ]
Warning message:
call dbDisconnect() when finished working with a connection
>
> proc.time()
user system elapsed
309.404 42.219 415.743
scRNAseq.Rcheck/scRNAseq-Ex.timings
| name | user | system | elapsed | |
| AztekinTailData | 6.717 | 0.920 | 8.265 | |
| BachMammaryData | 5.937 | 1.381 | 8.816 | |
| BacherTCellData | 16.455 | 3.507 | 20.481 | |
| BaronPancreasData | 4.822 | 0.581 | 6.308 | |
| BhaduriOrganoidData | 25.530 | 3.515 | 29.472 | |
| BuettnerESCData | 6.359 | 1.284 | 8.993 | |
| BunisHSPCData | 6.146 | 0.917 | 8.091 | |
| CampbellBrainData | 4.628 | 0.750 | 5.764 | |
| ChenBrainData | 3.369 | 0.457 | 4.236 | |
| DarmanisBrainData | 2.362 | 0.325 | 3.154 | |
| ERCCSpikeInConcentrations | 1.251 | 0.211 | 1.867 | |
| ErnstSpermatogenesisData | 15.375 | 2.286 | 18.587 | |
| FletcherOlfactoryData | 3.944 | 0.638 | 5.081 | |
| GiladiHSCData | 13.004 | 3.210 | 17.077 | |
| GrunHSCData | 1.199 | 0.209 | 1.782 | |
| GrunPancreasData | 2.768 | 0.416 | 3.874 | |
| HeOrganAtlasData | 40.202 | 12.570 | 55.921 | |
| HermannSpermatogenesisData | 4.603 | 0.772 | 6.083 | |
| HuCortexData | 3.376 | 0.616 | 4.799 | |
| JessaBrainData | 15.916 | 3.518 | 20.585 | |
| KolodziejczykESCData | 5.239 | 1.318 | 7.847 | |
| KotliarovPBMCData | 5.979 | 0.777 | 7.299 | |
| LaMannoBrainData | 11.996 | 1.954 | 16.314 | |
| LawlorPancreasData | 2.428 | 0.332 | 3.159 | |
| LedergorMyelomaData | 3.953 | 0.524 | 4.966 | |
| LengESCData | 2.369 | 0.300 | 3.065 | |
| LunSpikeInData | 12.673 | 2.411 | 17.640 | |
| MacoskoRetinaData | 4.089 | 0.660 | 5.209 | |
| MairPBMCData | 4.713 | 0.700 | 6.124 | |
| MarquesBrainData | 2.780 | 0.416 | 3.686 | |
| MessmerESCData | 7.915 | 1.481 | 10.975 | |
| MuraroPancreasData | 3.160 | 0.555 | 4.168 | |
| NestorowaHSCData | 6.513 | 1.585 | 8.982 | |
| NowakowskiCortexData | 3.702 | 0.518 | 4.703 | |
| PaulHSCData | 3.124 | 0.591 | 4.198 | |
| PollenGliaData | 1.942 | 0.332 | 2.641 | |
| ReprocessedData | 7.010 | 1.129 | 9.071 | |
| RichardTCellData | 5.131 | 0.981 | 7.446 | |
| RomanovBrainData | 2.346 | 0.415 | 3.136 | |
| SegerstolpePancreasData | 5.048 | 0.776 | 6.696 | |
| ShekharRetinaData | 3.697 | 0.450 | 4.604 | |
| StoeckiusHashingData | 9.663 | 1.837 | 12.925 | |
| TasicBrainData | 4.612 | 0.736 | 6.125 | |
| UsoskinBrainData | 3.254 | 0.503 | 4.328 | |
| WuKidneyData | 1.338 | 0.222 | 1.877 | |
| XinPancreasData | 3.400 | 0.454 | 4.393 | |
| ZeiselBrainData | 5.107 | 0.824 | 6.866 | |
| ZeiselNervousData | 27.070 | 4.608 | 32.864 | |
| ZhaoImmuneLiverData | 9.482 | 1.374 | 11.473 | |
| ZhongPrefrontalData | 2.245 | 0.235 | 2.945 | |
| ZilionisLungData | 7.671 | 0.652 | 9.246 | |
| listDatasets | 0.005 | 0.007 | 0.013 | |