| Back to Build/check report for BioC 3.15 experimental data |
|
This page was generated on 2022-02-17 08:36:53 -0500 (Thu, 17 Feb 2022).
| Hostname | OS | Arch (*) | R version | Installed pkgs |
|---|---|---|---|---|
| nebbiolo2 | Linux (Ubuntu 20.04.4 LTS) | x86_64 | R Under development (unstable) (2022-01-05 r81451) -- "Unsuffered Consequences" | 1362 |
| Click on any hostname to see more info about the system (e.g. compilers) (*) as reported by 'uname -p', except on Windows and Mac OS X | ||||
|
To the developers/maintainers of the ppiData package: Make sure to use the following settings in order to reproduce any error or warning you see on this page. |
| Package 278/406 | Hostname | OS / Arch | INSTALL | BUILD | CHECK | ||||||||
Bioconductor Package Maintainer
| nebbiolo2 | Linux (Ubuntu 20.04.4 LTS) / x86_64 | OK | OK | WARNINGS | ||||||||
| Package: ppiData |
| Version: 0.33.1 |
| Command: /home/biocbuild/bbs-3.15-data-experiment/R/bin/R CMD check --install=check:ppiData.install-out.txt --library=/home/biocbuild/bbs-3.15-data-experiment/R/library --no-vignettes --timings ppiData_0.33.1.tar.gz |
| StartedAt: 2022-02-17 07:46:33 -0500 (Thu, 17 Feb 2022) |
| EndedAt: 2022-02-17 07:50:14 -0500 (Thu, 17 Feb 2022) |
| EllapsedTime: 220.7 seconds |
| RetCode: 0 |
| Status: WARNINGS |
| CheckDir: ppiData.Rcheck |
| Warnings: 2 |
##############################################################################
##############################################################################
###
### Running command:
###
### /home/biocbuild/bbs-3.15-data-experiment/R/bin/R CMD check --install=check:ppiData.install-out.txt --library=/home/biocbuild/bbs-3.15-data-experiment/R/library --no-vignettes --timings ppiData_0.33.1.tar.gz
###
##############################################################################
##############################################################################
* using log directory ‘/home/biocbuild/bbs-3.15-data-experiment/meat/ppiData.Rcheck’
* using R Under development (unstable) (2022-01-05 r81451)
* using platform: x86_64-pc-linux-gnu (64-bit)
* using session charset: UTF-8
* using option ‘--no-vignettes’
* checking for file ‘ppiData/DESCRIPTION’ ... OK
* this is package ‘ppiData’ version ‘0.33.1’
* checking package namespace information ... OK
* checking package dependencies ... OK
* checking if this is a source package ... OK
* checking if there is a namespace ... OK
* checking for hidden files and directories ... OK
* checking for portable file names ... OK
* checking for sufficient/correct file permissions ... OK
* checking whether package ‘ppiData’ can be installed ... WARNING
Found the following significant warnings:
Warning: Package 'ppiData' is deprecated and will be removed from Bioconductor
See ‘/home/biocbuild/bbs-3.15-data-experiment/meat/ppiData.Rcheck/00install.out’ for details.
* checking installed package size ... OK
* checking package directory ... OK
* checking ‘build’ directory ... OK
* checking DESCRIPTION meta-information ... OK
* checking top-level files ... OK
* checking for left-over files ... OK
* checking index information ... OK
* checking package subdirectories ... OK
* checking R files for non-ASCII characters ... OK
* checking R files for syntax errors ... OK
* checking whether the package can be loaded ... OK
* checking whether the package can be loaded with stated dependencies ... OK
* checking whether the package can be unloaded cleanly ... OK
* checking whether the namespace can be loaded with stated dependencies ... OK
* checking whether the namespace can be unloaded cleanly ... OK
* checking dependencies in R code ... OK
* checking S3 generic/method consistency ... OK
* checking replacement functions ... OK
* checking foreign function calls ... OK
* checking R code for possible problems ... OK
* checking Rd files ... OK
* checking Rd metadata ... OK
* checking Rd cross-references ... OK
* checking for missing documentation entries ... OK
* checking for code/documentation mismatches ... OK
* checking Rd \usage sections ... OK
* checking Rd contents ... OK
* checking for unstated dependencies in examples ... OK
* checking contents of ‘data’ directory ... OK
* checking data for non-ASCII characters ... OK
* checking data for ASCII and uncompressed saves ... WARNING
Warning: large data file saved inefficiently:
size ASCII compress
ppipred.rda 896Kb FALSE none
Note: significantly better compression could be obtained
by using R CMD build --resave-data
old_size new_size compress
Gavin2002BPGraph.rda 17Kb 10Kb xz
Gavin2006BPGraph.rda 50Kb 27Kb bzip2
Hazbun2003BPGraph.rda 20Kb 8Kb xz
Ho2002BPGraph.rda 19Kb 9Kb xz
Ito2001BPGraph.rda 33Kb 15Kb xz
ItoFull2001BPGraph.rda 33Kb 15Kb xz
Krogan2006BPGraph.rda 151Kb 84Kb bzip2
intActPPIData.rda 114Kb 63Kb xz
ppipred.rda 896Kb 86Kb xz
sWAC2Sys.rda 35Kb 18Kb xz
stochasticBaits.rda 31Kb 20Kb bzip2
tableList.rda 2.0Mb 783Kb xz
twTableAPMS.rda 24Kb 15Kb bzip2
viableBaits.rda 22Kb 14Kb xz
viablePrey.rda 47Kb 30Kb bzip2
y2h.rda 76Kb 47Kb bzip2
y2hSysGW.rda 71Kb 44Kb bzip2
* checking files in ‘vignettes’ ... OK
* checking examples ... OK
Examples with CPU (user + system) or elapsed time > 5s
user system elapsed
map2Systematic 43.432 0.492 43.924
collectIntactPPIData 38.143 0.944 39.092
createBPList 6.226 0.181 6.407
* checking for unstated dependencies in vignettes ... OK
* checking package vignettes in ‘inst/doc’ ... OK
* checking running R code from vignettes ... SKIPPED
* checking re-building of vignette outputs ... SKIPPED
* checking PDF version of manual ... OK
* DONE
Status: 2 WARNINGs
See
‘/home/biocbuild/bbs-3.15-data-experiment/meat/ppiData.Rcheck/00check.log’
for details.
ppiData.Rcheck/00install.out
############################################################################## ############################################################################## ### ### Running command: ### ### /home/biocbuild/bbs-3.15-data-experiment/R/bin/R CMD INSTALL ppiData ### ############################################################################## ############################################################################## * installing to library ‘/home/biocbuild/bbs-3.15-data-experiment/R/library’ * installing *source* package ‘ppiData’ ... ** using staged installation ** R ** data ** inst ** byte-compile and prepare package for lazy loading ** help *** installing help indices ** building package indices ** installing vignettes ** testing if installed package can be loaded from temporary location Warning: Package 'ppiData' is deprecated and will be removed from Bioconductor version 3.16 ** testing if installed package can be loaded from final location Warning: Package 'ppiData' is deprecated and will be removed from Bioconductor version 3.16 ** testing if installed package keeps a record of temporary installation path * DONE (ppiData)
ppiData.Rcheck/ppiData-Ex.timings
| name | user | system | elapsed | |
| Cagney2001BPGraph | 0.003 | 0.000 | 0.002 | |
| Gavin2002BPGraph | 0.005 | 0.000 | 0.004 | |
| Gavin2006bPGraph | 0.008 | 0.000 | 0.008 | |
| Hazbun2003BPGraph | 0.002 | 0.003 | 0.006 | |
| Ho2002BPGraph | 0.004 | 0.000 | 0.005 | |
| Ito2001BPGraph | 0.009 | 0.000 | 0.009 | |
| ItoCore2001BPGraph | 0.003 | 0.000 | 0.003 | |
| ItoFull2001BPGraph | 0.005 | 0.003 | 0.009 | |
| Krogan2004BPGraph | 0.002 | 0.001 | 0.003 | |
| Krogan2006BPGraph | 0.017 | 0.000 | 0.017 | |
| Tong2002BPGraph | 0.001 | 0.000 | 0.001 | |
| Uetz2000BPGraph1 | 0.003 | 0.000 | 0.003 | |
| Uetz2000BPGraph2 | 0.000 | 0.002 | 0.002 | |
| Zhao2005BPGraph | 0.000 | 0.001 | 0.001 | |
| bpExperimentNames | 0 | 0 | 0 | |
| collectIntactPPIData | 38.143 | 0.944 | 39.092 | |
| createBPList | 6.226 | 0.181 | 6.407 | |
| intActPPIData | 0.001 | 0.000 | 0.001 | |
| map2Systematic | 43.432 | 0.492 | 43.924 | |
| ppipred | 0.024 | 0.000 | 0.025 | |
| sWAC2Sys | 0.012 | 0.000 | 0.012 | |
| stochasticBaits | 0.008 | 0.000 | 0.008 | |
| tableList | 0.478 | 0.000 | 0.478 | |
| twTableAPMS | 0.004 | 0.000 | 0.004 | |
| twTableY2H | 0.002 | 0.000 | 0.002 | |
| viableProteins | 0.014 | 0.000 | 0.014 | |
| y2h | 0.016 | 0.000 | 0.016 | |
| y2hSysGW | 0.015 | 0.000 | 0.015 | |