| Back to Build/check report for BioC 3.15 experimental data |
|
This page was generated on 2022-02-17 08:36:52 -0500 (Thu, 17 Feb 2022).
| Hostname | OS | Arch (*) | R version | Installed pkgs |
|---|---|---|---|---|
| nebbiolo2 | Linux (Ubuntu 20.04.4 LTS) | x86_64 | R Under development (unstable) (2022-01-05 r81451) -- "Unsuffered Consequences" | 1362 |
| Click on any hostname to see more info about the system (e.g. compilers) (*) as reported by 'uname -p', except on Windows and Mac OS X | ||||
|
To the developers/maintainers of the healthyControlsPresenceChecker package: Make sure to use the following settings in order to reproduce any error or warning you see on this page. |
| Package 167/406 | Hostname | OS / Arch | INSTALL | BUILD | CHECK | ||||||||
| healthyControlsPresenceChecker 0.99.18 (landing page) Davide Chicco
| nebbiolo2 | Linux (Ubuntu 20.04.4 LTS) / x86_64 | OK | ERROR | skipped | ||||||||
| Package: healthyControlsPresenceChecker |
| Version: 0.99.18 |
| Command: /home/biocbuild/bbs-3.15-data-experiment/R/bin/R CMD build --keep-empty-dirs --no-resave-data healthyControlsPresenceChecker |
| StartedAt: 2022-02-17 05:58:48 -0500 (Thu, 17 Feb 2022) |
| EndedAt: 2022-02-17 05:59:07 -0500 (Thu, 17 Feb 2022) |
| EllapsedTime: 19.2 seconds |
| RetCode: 1 |
| Status: ERROR |
| PackageFile: None |
| PackageFileSize: NA |
############################################################################## ############################################################################## ### ### Running command: ### ### /home/biocbuild/bbs-3.15-data-experiment/R/bin/R CMD build --keep-empty-dirs --no-resave-data healthyControlsPresenceChecker ### ############################################################################## ############################################################################## * checking for file ‘healthyControlsPresenceChecker/DESCRIPTION’ ... OK * preparing ‘healthyControlsPresenceChecker’: * checking DESCRIPTION meta-information ... OK * installing the package to build vignettes * creating vignettes ... ERROR --- re-building ‘healthyControlsPresenceChecker.Rmd’ using rmarkdown Quitting from lines 69-70 (healthyControlsPresenceChecker.Rmd) Error: processing vignette 'healthyControlsPresenceChecker.Rmd' failed with diagnostics: Timeout was reached: [ftp.ncbi.nlm.nih.gov] Operation timed out after 10001 milliseconds with 0 out of 0 bytes received --- failed re-building ‘healthyControlsPresenceChecker.Rmd’ SUMMARY: processing the following file failed: ‘healthyControlsPresenceChecker.Rmd’ Error: Vignette re-building failed. Execution halted