| Back to Build/check report for BioC 3.15 experimental data |
|
This page was generated on 2022-10-18 14:50:11 -0400 (Tue, 18 Oct 2022).
| Hostname | OS | Arch (*) | R version | Installed pkgs |
|---|---|---|---|---|
| nebbiolo1 | Linux (Ubuntu 20.04.5 LTS) | x86_64 | 4.2.1 (2022-06-23) -- "Funny-Looking Kid" | 4386 |
| Click on any hostname to see more info about the system (e.g. compilers) (*) as reported by 'uname -p', except on Windows and Mac OS X | ||||
|
To the developers/maintainers of the breastCancerTRANSBIG package: Make sure to use the following settings in order to reproduce any error or warning you see on this page. |
| Package 37/410 | Hostname | OS / Arch | INSTALL | BUILD | CHECK | ||||||||
| breastCancerTRANSBIG 1.34.0 (landing page) Markus Schroeder
| nebbiolo1 | Linux (Ubuntu 20.04.5 LTS) / x86_64 | OK | OK | WARNINGS | ||||||||
| Package: breastCancerTRANSBIG |
| Version: 1.34.0 |
| Command: /home/biocbuild/bbs-3.15-bioc/R/bin/R CMD check --install=check:breastCancerTRANSBIG.install-out.txt --library=/home/biocbuild/bbs-3.15-bioc/R/library --no-vignettes --timings breastCancerTRANSBIG_1.34.0.tar.gz |
| StartedAt: 2022-10-18 11:11:28 -0400 (Tue, 18 Oct 2022) |
| EndedAt: 2022-10-18 11:12:13 -0400 (Tue, 18 Oct 2022) |
| EllapsedTime: 44.3 seconds |
| RetCode: 0 |
| Status: WARNINGS |
| CheckDir: breastCancerTRANSBIG.Rcheck |
| Warnings: 1 |
##############################################################################
##############################################################################
###
### Running command:
###
### /home/biocbuild/bbs-3.15-bioc/R/bin/R CMD check --install=check:breastCancerTRANSBIG.install-out.txt --library=/home/biocbuild/bbs-3.15-bioc/R/library --no-vignettes --timings breastCancerTRANSBIG_1.34.0.tar.gz
###
##############################################################################
##############################################################################
* using log directory ‘/home/biocbuild/bbs-3.15-data-experiment/meat/breastCancerTRANSBIG.Rcheck’
* using R version 4.2.1 (2022-06-23)
* using platform: x86_64-pc-linux-gnu (64-bit)
* using session charset: UTF-8
* using option ‘--no-vignettes’
* checking for file ‘breastCancerTRANSBIG/DESCRIPTION’ ... OK
* checking extension type ... Package
* this is package ‘breastCancerTRANSBIG’ version ‘1.34.0’
* checking package namespace information ... OK
* checking package dependencies ... OK
* checking if this is a source package ... OK
* checking if there is a namespace ... OK
* checking for hidden files and directories ... OK
* checking for portable file names ... OK
* checking for sufficient/correct file permissions ... OK
* checking whether package ‘breastCancerTRANSBIG’ can be installed ... OK
* checking installed package size ... NOTE
installed size is 34.6Mb
sub-directories of 1Mb or more:
data 34.5Mb
* checking package directory ... OK
* checking DESCRIPTION meta-information ... OK
* checking top-level files ... OK
* checking for left-over files ... OK
* checking index information ... OK
* checking package subdirectories ... OK
* checking whether the package can be loaded ... OK
* checking whether the package can be loaded with stated dependencies ... OK
* checking whether the package can be unloaded cleanly ... OK
* checking whether the namespace can be loaded with stated dependencies ... OK
* checking whether the namespace can be unloaded cleanly ... OK
* checking Rd files ... OK
* checking Rd metadata ... OK
* checking Rd cross-references ... OK
* checking for missing documentation entries ... OK
* checking for code/documentation mismatches ... OK
* checking Rd \usage sections ... OK
* checking Rd contents ... OK
* checking for unstated dependencies in examples ... OK
* checking contents of ‘data’ directory ... OK
* checking data for non-ASCII characters ... OK
* checking data for ASCII and uncompressed saves ... WARNING
Note: significantly better compression could be obtained
by using R CMD build --resave-data
old_size new_size compress
transbig.rda 34.5Mb 30.9Mb xz
* checking examples ... OK
* checking PDF version of manual ... OK
* DONE
Status: 1 WARNING, 1 NOTE
See
‘/home/biocbuild/bbs-3.15-data-experiment/meat/breastCancerTRANSBIG.Rcheck/00check.log’
for details.
breastCancerTRANSBIG.Rcheck/00install.out
############################################################################## ############################################################################## ### ### Running command: ### ### /home/biocbuild/bbs-3.15-bioc/R/bin/R CMD INSTALL breastCancerTRANSBIG ### ############################################################################## ############################################################################## * installing to library ‘/home/biocbuild/bbs-3.15-bioc/R/library’ * installing *source* package ‘breastCancerTRANSBIG’ ... ** using staged installation ** data ** help *** installing help indices ** building package indices ** testing if installed package can be loaded from temporary location ** testing if installed package can be loaded from final location ** testing if installed package keeps a record of temporary installation path * DONE (breastCancerTRANSBIG)
breastCancerTRANSBIG.Rcheck/breastCancerTRANSBIG-Ex.timings
| name | user | system | elapsed | |
| transbig | 0.809 | 0.040 | 0.849 | |