| Back to Build/check report for BioC 3.15 experimental data |
|
This page was generated on 2022-02-17 08:36:51 -0500 (Thu, 17 Feb 2022).
| Hostname | OS | Arch (*) | R version | Installed pkgs |
|---|---|---|---|---|
| nebbiolo2 | Linux (Ubuntu 20.04.4 LTS) | x86_64 | R Under development (unstable) (2022-01-05 r81451) -- "Unsuffered Consequences" | 1362 |
| Click on any hostname to see more info about the system (e.g. compilers) (*) as reported by 'uname -p', except on Windows and Mac OS X | ||||
|
To the developers/maintainers of the breastCancerNKI package: Make sure to use the following settings in order to reproduce any error or warning you see on this page. |
| Package 36/406 | Hostname | OS / Arch | INSTALL | BUILD | CHECK | ||||||||
| breastCancerNKI 1.33.0 (landing page) Markus Schroeder
| nebbiolo2 | Linux (Ubuntu 20.04.4 LTS) / x86_64 | OK | OK | WARNINGS | ||||||||
| Package: breastCancerNKI |
| Version: 1.33.0 |
| Command: /home/biocbuild/bbs-3.15-data-experiment/R/bin/R CMD check --install=check:breastCancerNKI.install-out.txt --library=/home/biocbuild/bbs-3.15-data-experiment/R/library --no-vignettes --timings breastCancerNKI_1.33.0.tar.gz |
| StartedAt: 2022-02-17 07:05:20 -0500 (Thu, 17 Feb 2022) |
| EndedAt: 2022-02-17 07:07:30 -0500 (Thu, 17 Feb 2022) |
| EllapsedTime: 129.8 seconds |
| RetCode: 0 |
| Status: WARNINGS |
| CheckDir: breastCancerNKI.Rcheck |
| Warnings: 1 |
##############################################################################
##############################################################################
###
### Running command:
###
### /home/biocbuild/bbs-3.15-data-experiment/R/bin/R CMD check --install=check:breastCancerNKI.install-out.txt --library=/home/biocbuild/bbs-3.15-data-experiment/R/library --no-vignettes --timings breastCancerNKI_1.33.0.tar.gz
###
##############################################################################
##############################################################################
* using log directory ‘/home/biocbuild/bbs-3.15-data-experiment/meat/breastCancerNKI.Rcheck’
* using R Under development (unstable) (2022-01-05 r81451)
* using platform: x86_64-pc-linux-gnu (64-bit)
* using session charset: UTF-8
* using option ‘--no-vignettes’
* checking for file ‘breastCancerNKI/DESCRIPTION’ ... OK
* checking extension type ... Package
* this is package ‘breastCancerNKI’ version ‘1.33.0’
* checking package namespace information ... OK
* checking package dependencies ... OK
* checking if this is a source package ... OK
* checking if there is a namespace ... OK
* checking for hidden files and directories ... OK
* checking for portable file names ... OK
* checking for sufficient/correct file permissions ... OK
* checking whether package ‘breastCancerNKI’ can be installed ... OK
* checking installed package size ... NOTE
installed size is 16.0Mb
sub-directories of 1Mb or more:
data 15.9Mb
* checking package directory ... OK
* checking DESCRIPTION meta-information ... OK
* checking top-level files ... OK
* checking for left-over files ... OK
* checking index information ... OK
* checking package subdirectories ... OK
* checking whether the package can be loaded ... OK
* checking whether the package can be loaded with stated dependencies ... OK
* checking whether the package can be unloaded cleanly ... OK
* checking whether the namespace can be loaded with stated dependencies ... OK
* checking whether the namespace can be unloaded cleanly ... OK
* checking Rd files ... OK
* checking Rd metadata ... OK
* checking Rd cross-references ... OK
* checking for missing documentation entries ... OK
* checking for code/documentation mismatches ... OK
* checking Rd \usage sections ... OK
* checking Rd contents ... OK
* checking for unstated dependencies in examples ... OK
* checking contents of ‘data’ directory ... OK
* checking data for non-ASCII characters ... OK
* checking data for ASCII and uncompressed saves ... WARNING
Note: significantly better compression could be obtained
by using R CMD build --resave-data
old_size new_size compress
nki.rda 15.9Mb 10.8Mb xz
* checking examples ... OK
* checking PDF version of manual ... OK
* DONE
Status: 1 WARNING, 1 NOTE
See
‘/home/biocbuild/bbs-3.15-data-experiment/meat/breastCancerNKI.Rcheck/00check.log’
for details.
breastCancerNKI.Rcheck/00install.out
############################################################################## ############################################################################## ### ### Running command: ### ### /home/biocbuild/bbs-3.15-data-experiment/R/bin/R CMD INSTALL breastCancerNKI ### ############################################################################## ############################################################################## * installing to library ‘/home/biocbuild/bbs-3.15-data-experiment/R/library’ * installing *source* package ‘breastCancerNKI’ ... ** using staged installation ** data ** help *** installing help indices ** building package indices ** testing if installed package can be loaded from temporary location ** testing if installed package can be loaded from final location ** testing if installed package keeps a record of temporary installation path * DONE (breastCancerNKI)
breastCancerNKI.Rcheck/breastCancerNKI-Ex.timings
| name | user | system | elapsed | |
| nki | 1.661 | 0.100 | 1.761 | |