| Back to Build/check report for BioC 3.15 experimental data |
|
This page was generated on 2022-10-18 14:50:14 -0400 (Tue, 18 Oct 2022).
| Hostname | OS | Arch (*) | R version | Installed pkgs |
|---|---|---|---|---|
| nebbiolo1 | Linux (Ubuntu 20.04.5 LTS) | x86_64 | 4.2.1 (2022-06-23) -- "Funny-Looking Kid" | 4386 |
| Click on any hostname to see more info about the system (e.g. compilers) (*) as reported by 'uname -p', except on Windows and Mac OS X | ||||
|
To the developers/maintainers of the TCGAWorkflowData package: Make sure to use the following settings in order to reproduce any error or warning you see on this page. |
| Package 382/410 | Hostname | OS / Arch | INSTALL | BUILD | CHECK | ||||||||
| TCGAWorkflowData 1.20.0 (landing page) Tiago Chedraoui Silva
| nebbiolo1 | Linux (Ubuntu 20.04.5 LTS) / x86_64 | OK | OK | WARNINGS | ||||||||
| Package: TCGAWorkflowData |
| Version: 1.20.0 |
| Command: /home/biocbuild/bbs-3.15-bioc/R/bin/R CMD check --install=check:TCGAWorkflowData.install-out.txt --library=/home/biocbuild/bbs-3.15-bioc/R/library --no-vignettes --timings TCGAWorkflowData_1.20.0.tar.gz |
| StartedAt: 2022-10-18 11:48:05 -0400 (Tue, 18 Oct 2022) |
| EndedAt: 2022-10-18 11:53:42 -0400 (Tue, 18 Oct 2022) |
| EllapsedTime: 337.1 seconds |
| RetCode: 0 |
| Status: WARNINGS |
| CheckDir: TCGAWorkflowData.Rcheck |
| Warnings: 1 |
##############################################################################
##############################################################################
###
### Running command:
###
### /home/biocbuild/bbs-3.15-bioc/R/bin/R CMD check --install=check:TCGAWorkflowData.install-out.txt --library=/home/biocbuild/bbs-3.15-bioc/R/library --no-vignettes --timings TCGAWorkflowData_1.20.0.tar.gz
###
##############################################################################
##############################################################################
* using log directory ‘/home/biocbuild/bbs-3.15-data-experiment/meat/TCGAWorkflowData.Rcheck’
* using R version 4.2.1 (2022-06-23)
* using platform: x86_64-pc-linux-gnu (64-bit)
* using session charset: UTF-8
* using option ‘--no-vignettes’
* checking for file ‘TCGAWorkflowData/DESCRIPTION’ ... OK
* this is package ‘TCGAWorkflowData’ version ‘1.20.0’
* checking package namespace information ... OK
* checking package dependencies ... OK
* checking if this is a source package ... OK
* checking if there is a namespace ... OK
* checking for hidden files and directories ... OK
* checking for portable file names ... OK
* checking for sufficient/correct file permissions ... OK
* checking whether package ‘TCGAWorkflowData’ can be installed ... OK
* checking installed package size ... NOTE
installed size is 77.6Mb
sub-directories of 1Mb or more:
data 77.5Mb
* checking package directory ... OK
* checking ‘build’ directory ... OK
* checking DESCRIPTION meta-information ... OK
* checking top-level files ... OK
* checking for left-over files ... OK
* checking index information ... OK
* checking package subdirectories ... OK
* checking R files for non-ASCII characters ... OK
* checking R files for syntax errors ... OK
* checking whether the package can be loaded ... OK
* checking whether the package can be loaded with stated dependencies ... OK
* checking whether the package can be unloaded cleanly ... OK
* checking whether the namespace can be loaded with stated dependencies ... OK
* checking whether the namespace can be unloaded cleanly ... OK
* checking dependencies in R code ... OK
* checking S3 generic/method consistency ... OK
* checking replacement functions ... OK
* checking foreign function calls ... OK
* checking R code for possible problems ... OK
* checking Rd files ... OK
* checking Rd metadata ... OK
* checking Rd cross-references ... OK
* checking for missing documentation entries ... WARNING
Undocumented data sets:
‘commonCNV’
All user-level objects in a package should have documentation entries.
See chapter ‘Writing R documentation files’ in the ‘Writing R
Extensions’ manual.
* checking for code/documentation mismatches ... OK
* checking Rd \usage sections ... OK
* checking Rd contents ... OK
* checking for unstated dependencies in examples ... OK
* checking contents of ‘data’ directory ... OK
* checking data for non-ASCII characters ... OK
* checking data for ASCII and uncompressed saves ... OK
* checking files in ‘vignettes’ ... OK
* checking examples ... OK
Examples with CPU (user + system) or elapsed time > 5s
user system elapsed
TCGAWorkflowData 27.763 0.536 28.299
GBMmut 10.819 0.240 11.059
tmp.biogrid 10.277 0.304 10.581
LGGmut 8.686 0.080 8.767
mut 8.414 0.308 8.723
* checking for unstated dependencies in ‘tests’ ... OK
* checking tests ...
Running ‘testthat.R’
OK
* checking for unstated dependencies in vignettes ... OK
* checking package vignettes in ‘inst/doc’ ... OK
* checking running R code from vignettes ... SKIPPED
* checking re-building of vignette outputs ... SKIPPED
* checking PDF version of manual ... OK
* DONE
Status: 1 WARNING, 1 NOTE
See
‘/home/biocbuild/bbs-3.15-data-experiment/meat/TCGAWorkflowData.Rcheck/00check.log’
for details.
TCGAWorkflowData.Rcheck/00install.out
############################################################################## ############################################################################## ### ### Running command: ### ### /home/biocbuild/bbs-3.15-bioc/R/bin/R CMD INSTALL TCGAWorkflowData ### ############################################################################## ############################################################################## * installing to library ‘/home/biocbuild/bbs-3.15-bioc/R/library’ * installing *source* package ‘TCGAWorkflowData’ ... ** using staged installation ** R ** data ** byte-compile and prepare package for lazy loading ** help *** installing help indices ** building package indices ** installing vignettes ** testing if installed package can be loaded from temporary location ** testing if installed package can be loaded from final location ** testing if installed package keeps a record of temporary installation path * DONE (TCGAWorkflowData)
TCGAWorkflowData.Rcheck/tests/testthat.Rout
R version 4.2.1 (2022-06-23) -- "Funny-Looking Kid"
Copyright (C) 2022 The R Foundation for Statistical Computing
Platform: x86_64-pc-linux-gnu (64-bit)
R is free software and comes with ABSOLUTELY NO WARRANTY.
You are welcome to redistribute it under certain conditions.
Type 'license()' or 'licence()' for distribution details.
R is a collaborative project with many contributors.
Type 'contributors()' for more information and
'citation()' on how to cite R or R packages in publications.
Type 'demo()' for some demos, 'help()' for on-line help, or
'help.start()' for an HTML browser interface to help.
Type 'q()' to quit R.
> library(testthat)
> library(TCGAWorkflowData)
>
> test_check("TCGAWorkflowData")
[ FAIL 0 | WARN 0 | SKIP 1 | PASS 0 ]
══ Skipped tests ═══════════════════════════════════════════════════════════════
• empty test (1)
[ FAIL 0 | WARN 0 | SKIP 1 | PASS 0 ]
>
> proc.time()
user system elapsed
31.731 1.101 32.815
TCGAWorkflowData.Rcheck/TCGAWorkflowData-Ex.timings
| name | user | system | elapsed | |
| GBMmut | 10.819 | 0.240 | 11.059 | |
| LGGmut | 8.686 | 0.080 | 8.767 | |
| TCGAWorkflowData | 27.763 | 0.536 | 28.299 | |
| cnvMatrix | 0.005 | 0.000 | 0.006 | |
| exp | 0.614 | 0.016 | 0.631 | |
| exp.elmer | 0.435 | 0.000 | 0.436 | |
| gbm.exp | 0.321 | 0.004 | 0.325 | |
| gbm.samples | 0.435 | 0.016 | 0.451 | |
| genes | 0.131 | 0.008 | 0.139 | |
| genes_GR | 0.134 | 0.004 | 0.138 | |
| gistic.allbygene | 0.005 | 0.000 | 0.005 | |
| gistic.thresholedbygene | 0.001 | 0.004 | 0.005 | |
| histone.marks | 1.274 | 0.036 | 1.309 | |
| lgg.exp | 0.317 | 0.012 | 0.329 | |
| lgg.samples | 1.080 | 0.020 | 1.099 | |
| markersMatrix | 1.994 | 0.028 | 2.022 | |
| met | 0.435 | 0.000 | 0.435 | |
| met.elmer | 0.436 | 0.004 | 0.440 | |
| mut | 8.414 | 0.308 | 8.723 | |
| tmp.biogrid | 10.277 | 0.304 | 10.581 | |