| Back to Build/check report for BioC 3.15 experimental data |
|
This page was generated on 2022-10-18 14:50:13 -0400 (Tue, 18 Oct 2022).
| Hostname | OS | Arch (*) | R version | Installed pkgs |
|---|---|---|---|---|
| nebbiolo1 | Linux (Ubuntu 20.04.5 LTS) | x86_64 | 4.2.1 (2022-06-23) -- "Funny-Looking Kid" | 4386 |
| Click on any hostname to see more info about the system (e.g. compilers) (*) as reported by 'uname -p', except on Windows and Mac OS X | ||||
|
To the developers/maintainers of the MSstatsBioData package: Make sure to use the following settings in order to reproduce any error or warning you see on this page. |
| Package 248/410 | Hostname | OS / Arch | INSTALL | BUILD | CHECK | ||||||||
Meena Choi
| nebbiolo1 | Linux (Ubuntu 20.04.5 LTS) / x86_64 | OK | ERROR | skipped | ||||||||
| Package: MSstatsBioData |
| Version: 1.18.0 |
| Command: /home/biocbuild/bbs-3.15-bioc/R/bin/R CMD build --keep-empty-dirs --no-resave-data MSstatsBioData |
| StartedAt: 2022-10-18 10:32:48 -0400 (Tue, 18 Oct 2022) |
| EndedAt: 2022-10-18 10:32:54 -0400 (Tue, 18 Oct 2022) |
| EllapsedTime: 6.4 seconds |
| RetCode: 1 |
| Status: ERROR |
| PackageFile: None |
| PackageFileSize: NA |
##############################################################################
##############################################################################
###
### Running command:
###
### /home/biocbuild/bbs-3.15-bioc/R/bin/R CMD build --keep-empty-dirs --no-resave-data MSstatsBioData
###
##############################################################################
##############################################################################
* checking for file ‘MSstatsBioData/DESCRIPTION’ ... OK
* preparing ‘MSstatsBioData’:
* checking DESCRIPTION meta-information ... OK
* installing the package to build vignettes
* creating vignettes ... ERROR
--- re-building ‘MSstatsBioData.Rmd’ using knitr
Loading required package: MSstatsBioData
Warning: Package 'MSstatsBioData' is deprecated and will be removed from Bioconductor version 3.16
Loading required package: MSstats
Attaching package: 'MSstats'
The following object is masked from 'package:grDevices':
savePlot
Quitting from lines 83-91 (MSstatsBioData.Rmd)
Error: processing vignette 'MSstatsBioData.Rmd' failed with diagnostics:
unused argument (cutoffCensored = "minFeature")
--- failed re-building ‘MSstatsBioData.Rmd’
SUMMARY: processing the following file failed:
‘MSstatsBioData.Rmd’
Error: Vignette re-building failed.
Execution halted