| Back to Build/check report for BioC 3.15 experimental data |
|
This page was generated on 2022-10-18 14:50:12 -0400 (Tue, 18 Oct 2022).
| Hostname | OS | Arch (*) | R version | Installed pkgs |
|---|---|---|---|---|
| nebbiolo1 | Linux (Ubuntu 20.04.5 LTS) | x86_64 | 4.2.1 (2022-06-23) -- "Funny-Looking Kid" | 4386 |
| Click on any hostname to see more info about the system (e.g. compilers) (*) as reported by 'uname -p', except on Windows and Mac OS X | ||||
|
To the developers/maintainers of the ListerEtAlBSseq package: Make sure to use the following settings in order to reproduce any error or warning you see on this page. |
| Package 201/410 | Hostname | OS / Arch | INSTALL | BUILD | CHECK | ||||||||
| ListerEtAlBSseq 1.28.0 (landing page) Kamal Kishore
| nebbiolo1 | Linux (Ubuntu 20.04.5 LTS) / x86_64 | OK | OK | WARNINGS | ||||||||
| Package: ListerEtAlBSseq |
| Version: 1.28.0 |
| Command: /home/biocbuild/bbs-3.15-bioc/R/bin/R CMD check --install=check:ListerEtAlBSseq.install-out.txt --library=/home/biocbuild/bbs-3.15-bioc/R/library --no-vignettes --timings ListerEtAlBSseq_1.28.0.tar.gz |
| StartedAt: 2022-10-18 11:28:17 -0400 (Tue, 18 Oct 2022) |
| EndedAt: 2022-10-18 11:30:19 -0400 (Tue, 18 Oct 2022) |
| EllapsedTime: 122.6 seconds |
| RetCode: 0 |
| Status: WARNINGS |
| CheckDir: ListerEtAlBSseq.Rcheck |
| Warnings: 2 |
##############################################################################
##############################################################################
###
### Running command:
###
### /home/biocbuild/bbs-3.15-bioc/R/bin/R CMD check --install=check:ListerEtAlBSseq.install-out.txt --library=/home/biocbuild/bbs-3.15-bioc/R/library --no-vignettes --timings ListerEtAlBSseq_1.28.0.tar.gz
###
##############################################################################
##############################################################################
* using log directory ‘/home/biocbuild/bbs-3.15-data-experiment/meat/ListerEtAlBSseq.Rcheck’
* using R version 4.2.1 (2022-06-23)
* using platform: x86_64-pc-linux-gnu (64-bit)
* using session charset: UTF-8
* using option ‘--no-vignettes’
* checking for file ‘ListerEtAlBSseq/DESCRIPTION’ ... OK
* this is package ‘ListerEtAlBSseq’ version ‘1.28.0’
* checking package namespace information ... OK
* checking package dependencies ... OK
* checking if this is a source package ... OK
* checking if there is a namespace ... OK
* checking for hidden files and directories ... OK
* checking for portable file names ... OK
* checking for sufficient/correct file permissions ... OK
* checking whether package ‘ListerEtAlBSseq’ can be installed ... WARNING
Found the following significant warnings:
Warning: Package 'methylPipe' is deprecated and will be removed from
See ‘/home/biocbuild/bbs-3.15-data-experiment/meat/ListerEtAlBSseq.Rcheck/00install.out’ for details.
* checking installed package size ... NOTE
installed size is 659.5Mb
sub-directories of 1Mb or more:
data 3.0Mb
extdata 656.4Mb
* checking package directory ... OK
* checking DESCRIPTION meta-information ... NOTE
Malformed Description field: should contain one or more complete sentences.
Non-standard license specification:
Artistic 2.0
Standardizable: TRUE
Standardized license specification:
Artistic-2.0
* checking top-level files ... OK
* checking for left-over files ... OK
* checking index information ... OK
* checking package subdirectories ... OK
* checking whether the package can be loaded ... OK
* checking whether the package can be loaded with stated dependencies ... OK
* checking whether the package can be unloaded cleanly ... OK
* checking whether the namespace can be loaded with stated dependencies ... OK
* checking whether the namespace can be unloaded cleanly ... OK
* checking Rd files ... OK
* checking Rd metadata ... OK
* checking Rd cross-references ... OK
* checking for missing documentation entries ... OK
* checking for code/documentation mismatches ... OK
* checking Rd \usage sections ... OK
* checking Rd contents ... OK
* checking for unstated dependencies in examples ... OK
* checking contents of ‘data’ directory ... OK
* checking data for non-ASCII characters ... OK
* checking data for ASCII and uncompressed saves ... OK
* checking files in ‘vignettes’ ... WARNING
Files in the 'vignettes' directory but no files in 'inst/doc':
‘ListerEtAlBSseq.rnw’
Files named as vignettes but with no recognized vignette engine:
‘vignettes/ListerEtAlBSseq.rnw’
(Is a VignetteBuilder field missing?)
* checking examples ... OK
* checking PDF version of manual ... OK
* DONE
Status: 2 WARNINGs, 2 NOTEs
See
‘/home/biocbuild/bbs-3.15-data-experiment/meat/ListerEtAlBSseq.Rcheck/00check.log’
for details.
ListerEtAlBSseq.Rcheck/00install.out
############################################################################## ############################################################################## ### ### Running command: ### ### /home/biocbuild/bbs-3.15-bioc/R/bin/R CMD INSTALL ListerEtAlBSseq ### ############################################################################## ############################################################################## * installing to library ‘/home/biocbuild/bbs-3.15-bioc/R/library’ * installing *source* package ‘ListerEtAlBSseq’ ... ** using staged installation ** data ** inst ** help *** installing help indices ** building package indices ** installing vignettes ** testing if installed package can be loaded from temporary location Warning: Package 'methylPipe' is deprecated and will be removed from Bioconductor version 3.16 ** testing if installed package can be loaded from final location Warning: Package 'methylPipe' is deprecated and will be removed from Bioconductor version 3.16 ** testing if installed package keeps a record of temporary installation path * DONE (ListerEtAlBSseq)
ListerEtAlBSseq.Rcheck/ListerEtAlBSseq-Ex.timings
| name | user | system | elapsed | |
| H1.WGBS | 0.193 | 0.036 | 0.233 | |
| IMR90.WGBS | 0.267 | 0.008 | 0.280 | |