| Back to Build/check report for BioC 3.15 experimental data |
|
This page was generated on 2022-10-18 14:50:11 -0400 (Tue, 18 Oct 2022).
| Hostname | OS | Arch (*) | R version | Installed pkgs |
|---|---|---|---|---|
| nebbiolo1 | Linux (Ubuntu 20.04.5 LTS) | x86_64 | 4.2.1 (2022-06-23) -- "Funny-Looking Kid" | 4386 |
| Click on any hostname to see more info about the system (e.g. compilers) (*) as reported by 'uname -p', except on Windows and Mac OS X | ||||
|
To the developers/maintainers of the BloodCancerMultiOmics2017 package: Make sure to use the following settings in order to reproduce any error or warning you see on this page. |
| Package 32/410 | Hostname | OS / Arch | INSTALL | BUILD | CHECK | ||||||||
| BloodCancerMultiOmics2017 1.16.0 (landing page) Malgorzata Oles
| nebbiolo1 | Linux (Ubuntu 20.04.5 LTS) / x86_64 | OK | OK | WARNINGS | ||||||||
| Package: BloodCancerMultiOmics2017 |
| Version: 1.16.0 |
| Command: /home/biocbuild/bbs-3.15-bioc/R/bin/R CMD check --install=check:BloodCancerMultiOmics2017.install-out.txt --library=/home/biocbuild/bbs-3.15-bioc/R/library --no-vignettes --timings BloodCancerMultiOmics2017_1.16.0.tar.gz |
| StartedAt: 2022-10-18 11:11:05 -0400 (Tue, 18 Oct 2022) |
| EndedAt: 2022-10-18 11:13:54 -0400 (Tue, 18 Oct 2022) |
| EllapsedTime: 169.3 seconds |
| RetCode: 0 |
| Status: WARNINGS |
| CheckDir: BloodCancerMultiOmics2017.Rcheck |
| Warnings: 1 |
##############################################################################
##############################################################################
###
### Running command:
###
### /home/biocbuild/bbs-3.15-bioc/R/bin/R CMD check --install=check:BloodCancerMultiOmics2017.install-out.txt --library=/home/biocbuild/bbs-3.15-bioc/R/library --no-vignettes --timings BloodCancerMultiOmics2017_1.16.0.tar.gz
###
##############################################################################
##############################################################################
* using log directory ‘/home/biocbuild/bbs-3.15-data-experiment/meat/BloodCancerMultiOmics2017.Rcheck’
* using R version 4.2.1 (2022-06-23)
* using platform: x86_64-pc-linux-gnu (64-bit)
* using session charset: UTF-8
* using option ‘--no-vignettes’
* checking for file ‘BloodCancerMultiOmics2017/DESCRIPTION’ ... OK
* checking extension type ... Package
* this is package ‘BloodCancerMultiOmics2017’ version ‘1.16.0’
* package encoding: UTF-8
* checking package namespace information ... OK
* checking package dependencies ... OK
* checking if this is a source package ... OK
* checking if there is a namespace ... OK
* checking for hidden files and directories ... OK
* checking for portable file names ... OK
* checking for sufficient/correct file permissions ... OK
* checking whether package ‘BloodCancerMultiOmics2017’ can be installed ... OK
* checking installed package size ... NOTE
installed size is 74.1Mb
sub-directories of 1Mb or more:
data 66.2Mb
extdata 7.6Mb
* checking package directory ... OK
* checking ‘build’ directory ... OK
* checking DESCRIPTION meta-information ... OK
* checking top-level files ... OK
* checking for left-over files ... OK
* checking index information ... OK
* checking package subdirectories ... OK
* checking R files for non-ASCII characters ... OK
* checking R files for syntax errors ... OK
* checking whether the package can be loaded ... OK
* checking whether the package can be loaded with stated dependencies ... OK
* checking whether the package can be unloaded cleanly ... OK
* checking whether the namespace can be loaded with stated dependencies ... OK
* checking whether the namespace can be unloaded cleanly ... OK
* checking dependencies in R code ... OK
* checking S3 generic/method consistency ... OK
* checking replacement functions ... OK
* checking foreign function calls ... OK
* checking R code for possible problems ... NOTE
survplot: no visible binding for global variable ‘s’
survplot: no visible binding for global variable ‘cox’
Undefined global functions or variables:
cox s
* checking Rd files ... OK
* checking Rd metadata ... OK
* checking Rd cross-references ... OK
* checking for missing documentation entries ... OK
* checking for code/documentation mismatches ... OK
* checking Rd \usage sections ... OK
* checking Rd contents ... OK
* checking for unstated dependencies in examples ... OK
* checking contents of ‘data’ directory ... OK
* checking data for non-ASCII characters ... OK
* checking LazyData ... WARNING
LazyData DB of 66.4 MB without LazyDataCompression set
See §1.1.6 of 'Writing R Extensions'
* checking data for ASCII and uncompressed saves ... OK
* checking files in ‘vignettes’ ... OK
* checking examples ... OK
* checking for unstated dependencies in vignettes ... OK
* checking package vignettes in ‘inst/doc’ ... OK
* checking running R code from vignettes ... SKIPPED
* checking re-building of vignette outputs ... SKIPPED
* checking PDF version of manual ... OK
* DONE
Status: 1 WARNING, 2 NOTEs
See
‘/home/biocbuild/bbs-3.15-data-experiment/meat/BloodCancerMultiOmics2017.Rcheck/00check.log’
for details.
BloodCancerMultiOmics2017.Rcheck/00install.out
############################################################################## ############################################################################## ### ### Running command: ### ### /home/biocbuild/bbs-3.15-bioc/R/bin/R CMD INSTALL BloodCancerMultiOmics2017 ### ############################################################################## ############################################################################## * installing to library ‘/home/biocbuild/bbs-3.15-bioc/R/library’ * installing *source* package ‘BloodCancerMultiOmics2017’ ... ** using staged installation ** R ** data *** moving datasets to lazyload DB ** inst ** byte-compile and prepare package for lazy loading ** help *** installing help indices ** building package indices ** installing vignettes ** testing if installed package can be loaded from temporary location ** testing if installed package can be loaded from final location ** testing if installed package keeps a record of temporary installation path * DONE (BloodCancerMultiOmics2017)
BloodCancerMultiOmics2017.Rcheck/BloodCancerMultiOmics2017-Ex.timings
| name | user | system | elapsed | |
| addNrisk | 0.058 | 0.003 | 0.064 | |
| col2hex | 0 | 0 | 0 | |
| deckel | 0.001 | 0.000 | 0.001 | |
| exp10div | 0 | 0 | 0 | |
| giveDrugLabel | 0.004 | 0.000 | 0.003 | |
| log10div | 0 | 0 | 0 | |
| meltWholeDF | 0.004 | 0.000 | 0.004 | |
| moround | 0.001 | 0.000 | 0.000 | |
| nrisk | 0.016 | 0.000 | 0.016 | |
| percentAxisScale | 0 | 0 | 0 | |
| pheatmapwh | 0.573 | 0.055 | 0.629 | |
| safeMatch | 0.001 | 0.000 | 0.001 | |
| scientific_10 | 0 | 0 | 0 | |
| smunlist | 0 | 0 | 0 | |
| stripConc | 0.000 | 0.001 | 0.000 | |
| survplot | 0.063 | 0.006 | 0.069 | |
| toCaps | 0.001 | 0.001 | 0.000 | |
| whichInGrob | 0.066 | 0.003 | 0.070 | |