| Back to Build/check report for BioC 3.14 annotations | 
 | 
This page was generated on 2022-04-13 06:00:07 -0400 (Wed, 13 Apr 2022).
| Hostname | OS | Arch (*) | R version | Installed pkgs | 
|---|---|---|---|---|
| nebbiolo2 | Linux (Ubuntu 20.04.4 LTS) | x86_64 | 4.1.3 (2022-03-10) -- "One Push-Up" | 4324 | 
| Click on any hostname to see more info about the system (e.g. compilers) (*) as reported by 'uname -p', except on Windows and Mac OS X | ||||
| To the developers/maintainers of the alternativeSplicingEvents.hg19 package: Make sure to use the following settings in order to reproduce any error or warning you see on this page. | 
| Package 8/33 | Hostname | OS / Arch | INSTALL | BUILD | CHECK | ||||||||
| alternativeSplicingEvents.hg19 1.1.0  (landing page) Nuno Agostinho 
 | nebbiolo2 | Linux (Ubuntu 20.04.4 LTS) / x86_64 | OK | OK | OK |  | |||||||
| Package: alternativeSplicingEvents.hg19 | 
| Version: 1.1.0 | 
| Command: /home/biocbuild/bbs-3.14-bioc/R/bin/R CMD check --install=check:alternativeSplicingEvents.hg19.install-out.txt --library=/home/biocbuild/bbs-3.14-bioc/R/library --no-vignettes --timings alternativeSplicingEvents.hg19_1.1.0.tar.gz | 
| StartedAt: 2022-04-13 03:02:43 -0400 (Wed, 13 Apr 2022) | 
| EndedAt: 2022-04-13 03:02:44 -0400 (Wed, 13 Apr 2022) | 
| EllapsedTime: 1.0 seconds | 
| RetCode: 0 | 
| Status: OK | 
| CheckDir: alternativeSplicingEvents.hg19.Rcheck | 
| Warnings: 0 | 
############################################################################## ############################################################################## ### ### Running command: ### ### /home/biocbuild/bbs-3.14-bioc/R/bin/R CMD check --install=check:alternativeSplicingEvents.hg19.install-out.txt --library=/home/biocbuild/bbs-3.14-bioc/R/library --no-vignettes --timings alternativeSplicingEvents.hg19_1.1.0.tar.gz ### ############################################################################## ############################################################################## * using log directory ‘/home/biocbuild/bbs-3.14-data-annotation/meat/alternativeSplicingEvents.hg19.Rcheck’ * using R version 4.1.3 (2022-03-10) * using platform: x86_64-pc-linux-gnu (64-bit) * using session charset: UTF-8 * using option ‘--no-vignettes’ * checking for file ‘alternativeSplicingEvents.hg19/DESCRIPTION’ ... OK * checking extension type ... ERROR Extensions with Type ‘Annotation package’ cannot be checked. * DONE Status: 1 ERROR See ‘/home/biocbuild/bbs-3.14-data-annotation/meat/alternativeSplicingEvents.hg19.Rcheck/00check.log’ for details.