| Back to Build/check report for BioC 3.14 annotations | 
 | 
This page was generated on 2022-04-13 06:00:07 -0400 (Wed, 13 Apr 2022).
| Hostname | OS | Arch (*) | R version | Installed pkgs | 
|---|---|---|---|---|
| nebbiolo2 | Linux (Ubuntu 20.04.4 LTS) | x86_64 | 4.1.3 (2022-03-10) -- "One Push-Up" | 4324 | 
| Click on any hostname to see more info about the system (e.g. compilers) (*) as reported by 'uname -p', except on Windows and Mac OS X | ||||
| To the developers/maintainers of the EuPathDB package: Make sure to use the following settings in order to reproduce any error or warning you see on this page. | 
| Package 16/33 | Hostname | OS / Arch | INSTALL | BUILD | CHECK | ||||||||
| EuPathDB 1.0.1  (landing page) Keith Hughitt 
 | nebbiolo2 | Linux (Ubuntu 20.04.4 LTS) / x86_64 | OK | ERROR | skipped | ||||||||
| Package: EuPathDB | 
| Version: 1.0.1 | 
| Command: /home/biocbuild/bbs-3.14-bioc/R/bin/R CMD build --keep-empty-dirs --no-resave-data EuPathDB | 
| StartedAt: 2022-04-13 03:01:13 -0400 (Wed, 13 Apr 2022) | 
| EndedAt: 2022-04-13 03:01:53 -0400 (Wed, 13 Apr 2022) | 
| EllapsedTime: 40.3 seconds | 
| RetCode: 1 | 
| Status: ERROR | 
| PackageFile: None | 
| PackageFileSize: NA | 
##############################################################################
##############################################################################
###
### Running command:
###
###   /home/biocbuild/bbs-3.14-bioc/R/bin/R CMD build --keep-empty-dirs --no-resave-data EuPathDB
###
##############################################################################
##############################################################################
* checking for file ‘EuPathDB/DESCRIPTION’ ... OK
* preparing ‘EuPathDB’:
* checking DESCRIPTION meta-information ... OK
* installing the package to build vignettes
* creating vignettes ... ERROR
--- re-building ‘EuPathDB.Rmd’ using rmarkdown
Quitting from lines 113-115 (EuPathDB.Rmd) 
Error: processing vignette 'EuPathDB.Rmd' failed with diagnostics:
AH65089 is an OrgDb resource.
  orgDb resources are generated for specific biocversions.
  Requested resource works with biocversion: 3.8
  To find a resource appropriate for your biocversion try the following query:
      query(ah,'Leishmania major strain Friedlin genome wide annotations')
--- failed re-building ‘EuPathDB.Rmd’
SUMMARY: processing the following file failed:
  ‘EuPathDB.Rmd’
Error: Vignette re-building failed.
Execution halted