| Back to Multiple platform build/check report for BioC 3.14 |
|
This page was generated on 2022-04-13 12:08:47 -0400 (Wed, 13 Apr 2022).
| Hostname | OS | Arch (*) | R version | Installed pkgs |
|---|---|---|---|---|
| nebbiolo2 | Linux (Ubuntu 20.04.4 LTS) | x86_64 | 4.1.3 (2022-03-10) -- "One Push-Up" | 4324 |
| tokay2 | Windows Server 2012 R2 Standard | x64 | 4.1.3 (2022-03-10) -- "One Push-Up" | 4077 |
| machv2 | macOS 10.14.6 Mojave | x86_64 | 4.1.3 (2022-03-10) -- "One Push-Up" | 4137 |
| Click on any hostname to see more info about the system (e.g. compilers) (*) as reported by 'uname -p', except on Windows and Mac OS X | ||||
|
To the developers/maintainers of the seqsetvis package: - Please allow up to 24 hours (and sometimes 48 hours) for your latest push to git@git.bioconductor.org:packages/seqsetvis.git to reflect on this report. See How and When does the builder pull? When will my changes propagate? for more information. - Make sure to use the following settings in order to reproduce any error or warning you see on this page. |
| Package 1771/2083 | Hostname | OS / Arch | INSTALL | BUILD | CHECK | BUILD BIN | ||||||||
| seqsetvis 1.14.4 (landing page) Joseph R Boyd
| nebbiolo2 | Linux (Ubuntu 20.04.4 LTS) / x86_64 | OK | OK | WARNINGS | |||||||||
| tokay2 | Windows Server 2012 R2 Standard / x64 | OK | OK | WARNINGS | OK | |||||||||
| machv2 | macOS 10.14.6 Mojave / x86_64 | OK | OK | WARNINGS | OK | |||||||||
| Package: seqsetvis |
| Version: 1.14.4 |
| Command: /Library/Frameworks/R.framework/Resources/bin/R CMD check --install=check:seqsetvis.install-out.txt --library=/Library/Frameworks/R.framework/Resources/library --no-vignettes --timings seqsetvis_1.14.4.tar.gz |
| StartedAt: 2022-04-12 18:27:45 -0400 (Tue, 12 Apr 2022) |
| EndedAt: 2022-04-12 18:43:00 -0400 (Tue, 12 Apr 2022) |
| EllapsedTime: 914.5 seconds |
| RetCode: 0 |
| Status: WARNINGS |
| CheckDir: seqsetvis.Rcheck |
| Warnings: 1 |
##############################################################################
##############################################################################
###
### Running command:
###
### /Library/Frameworks/R.framework/Resources/bin/R CMD check --install=check:seqsetvis.install-out.txt --library=/Library/Frameworks/R.framework/Resources/library --no-vignettes --timings seqsetvis_1.14.4.tar.gz
###
##############################################################################
##############################################################################
* using log directory ‘/Users/biocbuild/bbs-3.14-bioc/meat/seqsetvis.Rcheck’
* using R version 4.1.3 (2022-03-10)
* using platform: x86_64-apple-darwin17.0 (64-bit)
* using session charset: UTF-8
* using option ‘--no-vignettes’
* checking for file ‘seqsetvis/DESCRIPTION’ ... OK
* checking extension type ... Package
* this is package ‘seqsetvis’ version ‘1.14.4’
* package encoding: UTF-8
* checking package namespace information ... OK
* checking package dependencies ... OK
* checking if this is a source package ... OK
* checking if there is a namespace ... OK
* checking for hidden files and directories ... OK
* checking for portable file names ... OK
* checking for sufficient/correct file permissions ... OK
* checking whether package ‘seqsetvis’ can be installed ... OK
* checking installed package size ... OK
* checking package directory ... OK
* checking ‘build’ directory ... OK
* checking DESCRIPTION meta-information ... OK
* checking top-level files ... OK
* checking for left-over files ... OK
* checking index information ... OK
* checking package subdirectories ... OK
* checking R files for non-ASCII characters ... OK
* checking R files for syntax errors ... OK
* checking whether the package can be loaded ... OK
* checking whether the package can be loaded with stated dependencies ... OK
* checking whether the package can be unloaded cleanly ... OK
* checking whether the namespace can be loaded with stated dependencies ... OK
* checking whether the namespace can be unloaded cleanly ... OK
* checking dependencies in R code ... OK
* checking S3 generic/method consistency ... OK
* checking replacement functions ... OK
* checking foreign function calls ... OK
* checking R code for possible problems ... OK
* checking Rd files ... OK
* checking Rd metadata ... OK
* checking Rd cross-references ... OK
* checking for missing documentation entries ... OK
* checking for code/documentation mismatches ... WARNING
Codoc mismatches from documentation object 'harmonize_seqlengths':
harmonize_seqlengths
Code: function(query_gr, bam_file, force_fix = FALSE)
Docs: function(gr, bam_file)
Argument names in code not in docs:
query_gr force_fix
Argument names in docs not in code:
gr
Mismatches in argument names:
Position: 1 Code: query_gr Docs: gr
* checking Rd \usage sections ... OK
* checking Rd contents ... OK
* checking for unstated dependencies in examples ... OK
* checking contents of ‘data’ directory ... OK
* checking data for non-ASCII characters ... OK
* checking LazyData ... OK
* checking data for ASCII and uncompressed saves ... OK
* checking files in ‘vignettes’ ... OK
* checking examples ... OK
Examples with CPU (user + system) or elapsed time > 5s
user system elapsed
ssvFetchBam 14.414 0.183 14.607
ssvSignalBandedQuantiles 8.147 0.047 8.202
* checking for unstated dependencies in ‘tests’ ... OK
* checking tests ...
Running ‘testthat.R’
OK
* checking for unstated dependencies in vignettes ... OK
* checking package vignettes in ‘inst/doc’ ... OK
* checking running R code from vignettes ... SKIPPED
* checking re-building of vignette outputs ... SKIPPED
* checking PDF version of manual ... OK
* DONE
Status: 1 WARNING
See
‘/Users/biocbuild/bbs-3.14-bioc/meat/seqsetvis.Rcheck/00check.log’
for details.
seqsetvis.Rcheck/00install.out
############################################################################## ############################################################################## ### ### Running command: ### ### /Library/Frameworks/R.framework/Resources/bin/R CMD INSTALL seqsetvis ### ############################################################################## ############################################################################## * installing to library ‘/Library/Frameworks/R.framework/Versions/4.1/Resources/library’ * installing *source* package ‘seqsetvis’ ... ** using staged installation ** R ** data *** moving datasets to lazyload DB ** inst ** byte-compile and prepare package for lazy loading ** help *** installing help indices ** building package indices ** installing vignettes ** testing if installed package can be loaded from temporary location ** testing if installed package can be loaded from final location ** testing if installed package keeps a record of temporary installation path * DONE (seqsetvis)
seqsetvis.Rcheck/tests/testthat.Rout
R version 4.1.3 (2022-03-10) -- "One Push-Up" Copyright (C) 2022 The R Foundation for Statistical Computing Platform: x86_64-apple-darwin17.0 (64-bit) R is free software and comes with ABSOLUTELY NO WARRANTY. You are welcome to redistribute it under certain conditions. Type 'license()' or 'licence()' for distribution details. R is a collaborative project with many contributors. Type 'contributors()' for more information and 'citation()' on how to cite R or R packages in publications. Type 'demo()' for some demos, 'help()' for on-line help, or 'help.start()' for an HTML browser interface to help. Type 'q()' to quit R. > > ## load dependencies > library(testthat) > library(seqsetvis) Loading required package: ggplot2 > library(data.table) > > ## test package > test_check(package = "seqsetvis") [ FAIL 0 | WARN 0 | SKIP 0 | PASS 1176 ] > > proc.time() user system elapsed 485.954 3.457 489.782
seqsetvis.Rcheck/seqsetvis-Ex.timings
| name | user | system | elapsed | |
| add_cluster_annotation | 2.825 | 0.083 | 2.912 | |
| append_ynorm | 0.054 | 0.007 | 0.061 | |
| applySpline | 0.715 | 0.042 | 0.757 | |
| assemble_heatmap_cluster_bars | 0.963 | 0.008 | 0.974 | |
| calc_norm_factors | 0.021 | 0.001 | 0.022 | |
| centerAtMax | 0.631 | 0.009 | 0.640 | |
| centerFixedSizeGRanges | 0.275 | 0.010 | 0.285 | |
| centerGRangesAtMax | 0.944 | 0.009 | 0.954 | |
| clusteringKmeans | 0.020 | 0.002 | 0.022 | |
| clusteringKmeansNestedHclust | 0.039 | 0.003 | 0.041 | |
| col2hex | 0.002 | 0.000 | 0.002 | |
| collapse_gr | 1.638 | 0.024 | 1.662 | |
| convert_collapsed_coord | 0.344 | 0.008 | 0.353 | |
| crossCorrByRle | 0.758 | 0.011 | 0.772 | |
| easyLoad_FUN | 0.096 | 0.001 | 0.098 | |
| easyLoad_IDRmerged | 0.149 | 0.002 | 0.153 | |
| easyLoad_bed | 0.228 | 0.001 | 0.229 | |
| easyLoad_broadPeak | 0.082 | 0.001 | 0.084 | |
| easyLoad_narrowPeak | 0.074 | 0.001 | 0.075 | |
| easyLoad_seacr | 0.053 | 0.002 | 0.054 | |
| expandCigar | 0.285 | 0.018 | 0.304 | |
| fragLen_calcStranded | 3.350 | 0.039 | 3.393 | |
| fragLen_fromMacs2Xls | 0.003 | 0.001 | 0.003 | |
| getReadLength | 0.111 | 0.010 | 0.122 | |
| ggellipse | 0.811 | 0.005 | 0.817 | |
| harmonize_seqlengths | 0.170 | 0.008 | 0.178 | |
| make_clustering_matrix | 0.011 | 0.001 | 0.011 | |
| merge_clusters | 4.891 | 0.052 | 4.995 | |
| prepare_fetch_GRanges | 0.076 | 0.002 | 0.078 | |
| prepare_fetch_GRanges_names | 0.248 | 0.003 | 0.251 | |
| prepare_fetch_GRanges_width | 0.077 | 0.002 | 0.078 | |
| quantileGRangesWidth | 0.002 | 0.000 | 0.002 | |
| reorder_clusters_hclust | 3.164 | 0.020 | 3.188 | |
| reorder_clusters_manual | 1.347 | 0.023 | 1.375 | |
| reorder_clusters_stepdown | 2.508 | 0.012 | 2.525 | |
| reverse_clusters | 2.473 | 0.013 | 2.488 | |
| safeBrew | 0.032 | 0.004 | 0.036 | |
| split_cluster | 1.973 | 0.012 | 1.987 | |
| ssvConsensusIntervalSets | 0.837 | 0.009 | 0.846 | |
| ssvFactorizeMembTable | 0.034 | 0.003 | 0.037 | |
| ssvFeatureBars | 0.937 | 0.005 | 0.942 | |
| ssvFeatureBinaryHeatmap | 0.662 | 0.006 | 0.669 | |
| ssvFeatureEuler | 0.644 | 0.006 | 0.650 | |
| ssvFeaturePie | 0.633 | 0.004 | 0.638 | |
| ssvFeatureUpset | 3.360 | 0.010 | 3.373 | |
| ssvFeatureVenn | 0.758 | 0.004 | 0.763 | |
| ssvFetchBam | 14.414 | 0.183 | 14.607 | |
| ssvFetchBamPE | 4.684 | 0.130 | 4.906 | |
| ssvFetchBigwig | 3.662 | 0.016 | 3.704 | |
| ssvFetchGRanges | 2.050 | 0.005 | 2.087 | |
| ssvFetchSignal | 3.510 | 0.042 | 3.554 | |
| ssvMakeMembTable-methods | 1.320 | 0.011 | 1.333 | |
| ssvOverlapIntervalSets | 0.592 | 0.009 | 0.603 | |
| ssvSignalBandedQuantiles | 8.147 | 0.047 | 8.202 | |
| ssvSignalClustering | 3.019 | 0.017 | 3.061 | |
| ssvSignalHeatmap.ClusterBars | 2.748 | 0.015 | 2.808 | |
| ssvSignalHeatmap | 2.661 | 0.039 | 2.744 | |
| ssvSignalLineplot | 3.787 | 0.011 | 3.803 | |
| ssvSignalLineplotAgg | 1.588 | 0.007 | 1.598 | |
| ssvSignalScatterplot | 1.174 | 0.006 | 1.182 | |
| viewGRangesWinSample_dt | 2.586 | 0.032 | 2.619 | |
| viewGRangesWinSummary_dt | 2.472 | 0.042 | 2.517 | |
| within_clust_sort | 1.831 | 0.006 | 1.838 | |