| Back to Multiple platform build/check report for BioC 3.14 |
|
This page was generated on 2022-04-13 12:05:32 -0400 (Wed, 13 Apr 2022).
| Hostname | OS | Arch (*) | R version | Installed pkgs |
|---|---|---|---|---|
| nebbiolo2 | Linux (Ubuntu 20.04.4 LTS) | x86_64 | 4.1.3 (2022-03-10) -- "One Push-Up" | 4324 |
| tokay2 | Windows Server 2012 R2 Standard | x64 | 4.1.3 (2022-03-10) -- "One Push-Up" | 4077 |
| machv2 | macOS 10.14.6 Mojave | x86_64 | 4.1.3 (2022-03-10) -- "One Push-Up" | 4137 |
| Click on any hostname to see more info about the system (e.g. compilers) (*) as reported by 'uname -p', except on Windows and Mac OS X | ||||
|
To the developers/maintainers of the lumi package: - Please allow up to 24 hours (and sometimes 48 hours) for your latest push to git@git.bioconductor.org:packages/lumi.git to reflect on this report. See How and When does the builder pull? When will my changes propagate? for more information. - Make sure to use the following settings in order to reproduce any error or warning you see on this page. |
| Package 1020/2083 | Hostname | OS / Arch | INSTALL | BUILD | CHECK | BUILD BIN | ||||||||
| lumi 2.46.0 (landing page) Lei Huang
| nebbiolo2 | Linux (Ubuntu 20.04.4 LTS) / x86_64 | OK | OK | WARNINGS | |||||||||
| tokay2 | Windows Server 2012 R2 Standard / x64 | OK | OK | WARNINGS | OK | |||||||||
| machv2 | macOS 10.14.6 Mojave / x86_64 | OK | OK | WARNINGS | OK | |||||||||
| Package: lumi |
| Version: 2.46.0 |
| Command: /home/biocbuild/bbs-3.14-bioc/R/bin/R CMD check --install=check:lumi.install-out.txt --library=/home/biocbuild/bbs-3.14-bioc/R/library --no-vignettes --timings lumi_2.46.0.tar.gz |
| StartedAt: 2022-04-12 08:01:11 -0400 (Tue, 12 Apr 2022) |
| EndedAt: 2022-04-12 08:07:22 -0400 (Tue, 12 Apr 2022) |
| EllapsedTime: 370.3 seconds |
| RetCode: 0 |
| Status: WARNINGS |
| CheckDir: lumi.Rcheck |
| Warnings: 3 |
##############################################################################
##############################################################################
###
### Running command:
###
### /home/biocbuild/bbs-3.14-bioc/R/bin/R CMD check --install=check:lumi.install-out.txt --library=/home/biocbuild/bbs-3.14-bioc/R/library --no-vignettes --timings lumi_2.46.0.tar.gz
###
##############################################################################
##############################################################################
* using log directory ‘/home/biocbuild/bbs-3.14-bioc/meat/lumi.Rcheck’
* using R version 4.1.3 (2022-03-10)
* using platform: x86_64-pc-linux-gnu (64-bit)
* using session charset: UTF-8
* using option ‘--no-vignettes’
* checking for file ‘lumi/DESCRIPTION’ ... OK
* checking extension type ... Package
* this is package ‘lumi’ version ‘2.46.0’
* checking package namespace information ... OK
* checking package dependencies ... OK
* checking if this is a source package ... OK
* checking if there is a namespace ... OK
* checking for hidden files and directories ... OK
* checking for portable file names ... OK
* checking for sufficient/correct file permissions ... OK
* checking whether package ‘lumi’ can be installed ... OK
* checking installed package size ... OK
* checking package directory ... OK
* checking DESCRIPTION meta-information ... OK
* checking top-level files ... OK
* checking for left-over files ... OK
* checking index information ... OK
* checking package subdirectories ... OK
* checking R files for non-ASCII characters ... OK
* checking R files for syntax errors ... OK
* checking whether the package can be loaded ... OK
* checking whether the package can be loaded with stated dependencies ... OK
* checking whether the package can be unloaded cleanly ... OK
* checking whether the namespace can be loaded with stated dependencies ... OK
* checking whether the namespace can be unloaded cleanly ... OK
* checking dependencies in R code ... WARNING
'::' or ':::' imports not declared from:
‘IRanges’ ‘bigmemoryExtras’
* checking S3 generic/method consistency ... OK
* checking replacement functions ... OK
* checking foreign function calls ... OK
* checking R code for possible problems ... OK
* checking Rd files ... OK
* checking Rd metadata ... OK
* checking Rd cross-references ... WARNING
Unknown package ‘bigmemoryExtras’ in Rd xrefs
Missing link or links in documentation object 'lumiN.Rd':
‘[vsn]{vsn}’
See section 'Cross-references' in the 'Writing R Extensions' manual.
* checking for missing documentation entries ... OK
* checking for code/documentation mismatches ... OK
* checking Rd \usage sections ... OK
* checking Rd contents ... OK
* checking for unstated dependencies in examples ... OK
* checking contents of ‘data’ directory ... OK
* checking data for non-ASCII characters ... OK
* checking data for ASCII and uncompressed saves ... OK
* checking files in ‘vignettes’ ... WARNING
Files in the 'vignettes' directory but no files in 'inst/doc':
‘IlluminaAnnotation.R’, ‘IlluminaAnnotation.pdf’, ‘lumi.R’,
‘lumi.pdf’, ‘lumi_VST_evaluation.R’, ‘lumi_VST_evaluation.pdf’,
‘methylationAnalysis.R’, ‘methylationAnalysis.pdf’
Package has no Sweave vignette sources and no VignetteBuilder field.
* checking examples ... OK
Examples with CPU (user + system) or elapsed time > 5s
user system elapsed
lumiMethyStatus 38.108 0.572 38.681
MAplot-methods 5.449 0.207 5.656
* checking PDF version of manual ... OK
* DONE
Status: 3 WARNINGs
See
‘/home/biocbuild/bbs-3.14-bioc/meat/lumi.Rcheck/00check.log’
for details.
lumi.Rcheck/00install.out
############################################################################## ############################################################################## ### ### Running command: ### ### /home/biocbuild/bbs-3.14-bioc/R/bin/R CMD INSTALL lumi ### ############################################################################## ############################################################################## * installing to library ‘/home/biocbuild/bbs-3.14-bioc/R/library’ * installing *source* package ‘lumi’ ... ** using staged installation ** R ** data ** inst ** byte-compile and prepare package for lazy loading No methods found in package ‘RSQLite’ for request: ‘dbListFields’ when loading ‘lumi’ ** help *** installing help indices ** building package indices ** installing vignettes ** testing if installed package can be loaded from temporary location No methods found in package ‘RSQLite’ for request: ‘dbListFields’ when loading ‘lumi’ ** testing if installed package can be loaded from final location No methods found in package ‘RSQLite’ for request: ‘dbListFields’ when loading ‘lumi’ ** testing if installed package keeps a record of temporary installation path * DONE (lumi)
lumi.Rcheck/lumi-Ex.timings
| name | user | system | elapsed | |
| LumiBatch-class | 0.879 | 0.125 | 1.003 | |
| MAplot-methods | 5.449 | 0.207 | 5.656 | |
| addAnnotationInfo | 0.049 | 0.000 | 0.050 | |
| addControlData2lumi | 0 | 0 | 0 | |
| addNuID2lumi | 0.001 | 0.000 | 0.000 | |
| adjColorBias.quantile | 0.617 | 0.023 | 0.640 | |
| adjColorBias.ssn | 0.336 | 0.017 | 0.352 | |
| bgAdjust | 0.068 | 0.004 | 0.072 | |
| bgAdjustMethylation | 0.128 | 0.000 | 0.128 | |
| boxplot-MethyLumiM-methods | 0.394 | 0.019 | 0.415 | |
| boxplot-methods | 0.084 | 0.001 | 0.084 | |
| boxplotColorBias | 0.111 | 0.004 | 0.115 | |
| density-methods | 0.081 | 0.000 | 0.081 | |
| detectOutlier | 0.089 | 0.000 | 0.090 | |
| detectionCall | 0.137 | 0.004 | 0.141 | |
| estimateBeta | 0.132 | 0.000 | 0.132 | |
| estimateIntensity | 0.149 | 0.008 | 0.157 | |
| estimateLumiCV | 1.214 | 0.076 | 1.290 | |
| estimateM | 0.377 | 0.000 | 0.377 | |
| estimateMethylationBG | 0.101 | 0.000 | 0.101 | |
| example.lumi | 0.077 | 0.004 | 0.081 | |
| example.lumiMethy | 0.045 | 0.003 | 0.049 | |
| example.methyTitration | 0.172 | 0.004 | 0.176 | |
| gammaFitEM | 1.854 | 0.027 | 1.882 | |
| getChipInfo | 3.450 | 0.117 | 3.573 | |
| getControlData | 0.002 | 0.000 | 0.002 | |
| getControlProbe | 0.001 | 0.000 | 0.001 | |
| getControlType | 0.001 | 0.000 | 0.001 | |
| getNuIDMappingInfo | 0.868 | 0.043 | 0.912 | |
| hist-methods | 0.108 | 0.004 | 0.112 | |
| id2seq | 0.000 | 0.000 | 0.001 | |
| inverseVST | 0.420 | 0.034 | 0.456 | |
| is.nuID | 0.001 | 0.001 | 0.001 | |
| lumiB | 0.101 | 0.000 | 0.102 | |
| lumiExpresso | 0.239 | 0.008 | 0.247 | |
| lumiMethyB | 0.051 | 0.012 | 0.063 | |
| lumiMethyC | 0.861 | 0.004 | 0.866 | |
| lumiMethyN | 0.103 | 0.003 | 0.107 | |
| lumiMethyStatus | 38.108 | 0.572 | 38.681 | |
| lumiN | 0.353 | 0.012 | 0.365 | |
| lumiQ | 0.264 | 0.000 | 0.264 | |
| lumiR | 0 | 0 | 0 | |
| lumiR.batch | 0 | 0 | 0 | |
| lumiT | 0.302 | 0.003 | 0.306 | |
| methylationCall | 1.977 | 0.013 | 1.990 | |
| normalizeMethylation.quantile | 0.155 | 0.000 | 0.154 | |
| normalizeMethylation.ssn | 0.120 | 0.000 | 0.119 | |
| nuID2EntrezID | 0.679 | 0.003 | 0.683 | |
| nuID2IlluminaID | 3.421 | 0.029 | 3.448 | |
| nuID2RefSeqID | 0.934 | 0.008 | 0.941 | |
| nuID2probeID | 3.091 | 0.003 | 3.095 | |
| nuID2targetID | 3.076 | 0.008 | 3.084 | |
| pairs-methods | 0.788 | 0.011 | 0.800 | |
| plot-methods | 1.777 | 0.036 | 1.813 | |
| plotCDF | 0.139 | 0.016 | 0.155 | |
| plotColorBias1D | 0.226 | 0.008 | 0.234 | |
| plotColorBias2D | 0.151 | 0.000 | 0.151 | |
| plotControlData | 0.001 | 0.000 | 0.001 | |
| plotDensity | 0.109 | 0.000 | 0.109 | |
| plotGammaFit | 2.856 | 0.007 | 2.864 | |
| plotHousekeepingGene | 0.001 | 0.000 | 0.001 | |
| plotSampleRelation | 0.382 | 0.012 | 0.393 | |
| plotStringencyGene | 0.001 | 0.000 | 0.001 | |
| plotVST | 0.350 | 0.008 | 0.358 | |
| probeID2nuID | 3.093 | 0.016 | 3.109 | |
| produceGEOPlatformFile | 0 | 0 | 0 | |
| produceGEOSubmissionFile | 0 | 0 | 0 | |
| produceMethylationGEOSubmissionFile | 0 | 0 | 0 | |
| seq2id | 0 | 0 | 0 | |
| targetID2nuID | 3.164 | 0.020 | 3.184 | |
| vst | 0.235 | 0.007 | 0.243 | |