| Back to Multiple platform build/check report for BioC 3.14 |
|
This page was generated on 2022-04-13 12:05:25 -0400 (Wed, 13 Apr 2022).
| Hostname | OS | Arch (*) | R version | Installed pkgs |
|---|---|---|---|---|
| nebbiolo2 | Linux (Ubuntu 20.04.4 LTS) | x86_64 | 4.1.3 (2022-03-10) -- "One Push-Up" | 4324 |
| tokay2 | Windows Server 2012 R2 Standard | x64 | 4.1.3 (2022-03-10) -- "One Push-Up" | 4077 |
| machv2 | macOS 10.14.6 Mojave | x86_64 | 4.1.3 (2022-03-10) -- "One Push-Up" | 4137 |
| Click on any hostname to see more info about the system (e.g. compilers) (*) as reported by 'uname -p', except on Windows and Mac OS X | ||||
|
To the developers/maintainers of the ggbio package: - Please allow up to 24 hours (and sometimes 48 hours) for your latest push to git@git.bioconductor.org:packages/ggbio.git to reflect on this report. See How and When does the builder pull? When will my changes propagate? for more information. - Make sure to use the following settings in order to reproduce any error or warning you see on this page. |
| Package 775/2083 | Hostname | OS / Arch | INSTALL | BUILD | CHECK | BUILD BIN | ||||||||
| ggbio 1.42.0 (landing page) Michael Lawrence
| nebbiolo2 | Linux (Ubuntu 20.04.4 LTS) / x86_64 | OK | OK | WARNINGS | |||||||||
| tokay2 | Windows Server 2012 R2 Standard / x64 | OK | OK | WARNINGS | OK | |||||||||
| machv2 | macOS 10.14.6 Mojave / x86_64 | OK | OK | WARNINGS | OK | |||||||||
| Package: ggbio |
| Version: 1.42.0 |
| Command: /home/biocbuild/bbs-3.14-bioc/R/bin/R CMD check --install=check:ggbio.install-out.txt --library=/home/biocbuild/bbs-3.14-bioc/R/library --no-vignettes --timings ggbio_1.42.0.tar.gz |
| StartedAt: 2022-04-12 07:37:34 -0400 (Tue, 12 Apr 2022) |
| EndedAt: 2022-04-12 07:47:08 -0400 (Tue, 12 Apr 2022) |
| EllapsedTime: 574.3 seconds |
| RetCode: 0 |
| Status: WARNINGS |
| CheckDir: ggbio.Rcheck |
| Warnings: 2 |
##############################################################################
##############################################################################
###
### Running command:
###
### /home/biocbuild/bbs-3.14-bioc/R/bin/R CMD check --install=check:ggbio.install-out.txt --library=/home/biocbuild/bbs-3.14-bioc/R/library --no-vignettes --timings ggbio_1.42.0.tar.gz
###
##############################################################################
##############################################################################
* using log directory ‘/home/biocbuild/bbs-3.14-bioc/meat/ggbio.Rcheck’
* using R version 4.1.3 (2022-03-10)
* using platform: x86_64-pc-linux-gnu (64-bit)
* using session charset: UTF-8
* using option ‘--no-vignettes’
* checking for file ‘ggbio/DESCRIPTION’ ... OK
* this is package ‘ggbio’ version ‘1.42.0’
* checking package namespace information ... OK
* checking package dependencies ... OK
* checking if this is a source package ... OK
* checking if there is a namespace ... OK
* checking for hidden files and directories ... OK
* checking for portable file names ... OK
* checking for sufficient/correct file permissions ... OK
* checking whether package ‘ggbio’ can be installed ... OK
* checking installed package size ... OK
* checking package directory ... OK
* checking ‘build’ directory ... OK
* checking DESCRIPTION meta-information ... OK
* checking top-level files ... OK
* checking for left-over files ... OK
* checking index information ... OK
* checking package subdirectories ... OK
* checking R files for non-ASCII characters ... OK
* checking R files for syntax errors ... OK
* checking whether the package can be loaded ... OK
* checking whether the package can be loaded with stated dependencies ... OK
* checking whether the package can be unloaded cleanly ... OK
* checking whether the namespace can be loaded with stated dependencies ... OK
* checking whether the namespace can be unloaded cleanly ... OK
* checking dependencies in R code ... NOTE
':::' call which should be '::': 'ggplot2:::set_last_plot'
See the note in ?`:::` about the use of this operator.
Unexported objects imported by ':::' calls:
'S4Vectors:::top_prenv' 'ggplot2:::add_ggplot' 'ggplot2:::cunion'
'ggplot2:::rename_aes' 'ggplot2:::rescale01'
See the note in ?`:::` about the use of this operator.
There are ::: calls to the package's namespace in its code. A package
almost never needs to use ::: for its own objects:
'do.ggcall'
* checking S3 generic/method consistency ... OK
* checking replacement functions ... OK
* checking foreign function calls ... OK
* checking R code for possible problems ... NOTE
.combineNames: no visible binding for global variable
'.layout_circle.stats'
Ideogram: no visible global function definition for 'data'
Ideogram: no visible binding for global variable 'ideoCyto'
getNR: no visible global function definition for 'se'
getNR: no visible global function definition for 'indexProbesProcessed'
getNR: no visible global function definition for 'coefs'
scale_x_sequnit: no visible binding for global variable '.x'
autoplot,ExpressionSet: no visible binding for global variable
'variable'
autoplot,RangedSummarizedExperiment: no visible binding for global
variable 'variable'
autoplot,VCF: no visible binding for global variable 'stepping'
autoplot,VCF: no visible binding for global variable 'value'
autoplot,VRanges: no visible binding for global variable 'midpoint'
autoplot,Views: no visible binding for global variable 'x'
autoplot,Views: no visible binding for global variable 'value'
geom_alignment,BamFile: no visible binding for global variable 'fl'
geom_alignment,BamFile: no visible binding for global variable
'stepping'
height,GGbio: no visible binding for global variable 'mt'
height,Tracked: no visible binding for global variable 'mt'
height,gg: no visible binding for global variable 'mt'
layout_karyogram,GRanges: no visible binding for global variable
'gieStain'
layout_karyogram,GRanges: no visible binding for global variable 'x'
layout_karyogram,GRanges: no visible binding for global variable 'xend'
layout_karyogram,GRanges: no visible binding for global variable 'y2'
layout_karyogram,GRanges: no visible binding for global variable
'yend2'
layout_karyogram,GRanges: no visible binding for global variable 'name'
plotFragLength,character-GRanges: no visible binding for global
variable '.fragLength'
plotSpliceSum,character-EnsDb: possible error in GRangesFilter(which,
condition = "overlapping"): unused argument (condition =
"overlapping")
stat_mismatch,GRanges: no visible binding for global variable 'sts'
stat_mismatch,GRanges: no visible binding for global variable 'eds'
stat_mismatch,GRanges: no visible binding for global variable 'read'
Undefined global functions or variables:
.fragLength .layout_circle.stats .x coefs data eds fl gieStain
ideoCyto indexProbesProcessed midpoint mt name read se stepping sts
value variable x xend y2 yend2
Consider adding
importFrom("utils", "data")
to your NAMESPACE file.
* checking Rd files ... OK
* checking Rd metadata ... OK
* checking Rd cross-references ... OK
* checking for missing documentation entries ... WARNING
Undocumented S4 methods:
generic '+' and siglist 'Tracks,ANY'
generic '+' and siglist 'Tracks,Tracks'
generic '+' and siglist 'Tracks,cartesian'
generic '+' and siglist 'Tracks,position_c'
generic '+' and siglist 'Tracks,theme'
generic '+' and siglist 'Tracks,zoom'
All user-level objects in a package (including S4 classes and methods)
should have documentation entries.
See chapter ‘Writing R documentation files’ in the ‘Writing R
Extensions’ manual.
* checking for code/documentation mismatches ... WARNING
Codoc mismatches from documentation object 'geom_alignment':
\S4method{geom_alignment}{GRanges}
Code: function(data, ..., xlab, ylab, main, facets = NULL, stat =
c("stepping", "identity"), range.geom = c("rect",
"arrowrect"), gap.geom = c("chevron", "arrow",
"segment"), rect.height = NULL, group.selfish = TRUE)
Docs: function(data, ..., xlab, ylab, main, facets = NULL, stat =
c("stepping", "identity"), range.geom = c("rect",
"arrowrect"), gap.geom = c("chevron", "arrow",
"segment"), rect.height = NULL, group.selfish = TRUE,
label = TRUE)
Argument names in docs not in code:
label
Codoc mismatches from documentation object 'ggsave':
ggsave
Code: function(filename, plot = last_plot(), device = NULL, path =
NULL, scale = 1, width = NA, height = NA, units =
c("in", "cm", "mm"), dpi = 300, limitsize = TRUE, ...)
Docs: function(filename, plot = last_plot(), device =
default_device(filename), path = NULL, scale = 1,
width = par("din")[1], height = par("din")[2], units =
c("in", "cm", "mm"), dpi = 300, limitsize = TRUE, ...)
Mismatches in argument default values:
Name: 'device' Code: NULL Docs: default_device(filename)
Name: 'width' Code: NA Docs: par("din")[1]
Name: 'height' Code: NA Docs: par("din")[2]
* checking Rd \usage sections ... OK
* checking Rd contents ... OK
* checking for unstated dependencies in examples ... OK
* checking line endings in Makefiles ... OK
* checking for GNU extensions in Makefiles ... OK
* checking include directives in Makefiles ... OK
* checking files in ‘vignettes’ ... OK
* checking examples ... OK
Examples with CPU (user + system) or elapsed time > 5s
user system elapsed
autoplot-method 77.226 1.255 78.511
geom_alignment-method 37.252 0.588 38.823
layout_karyogram-method 21.656 0.132 23.208
plotRangesLinkedToData 17.777 0.236 20.043
tracks 16.687 0.024 16.712
stat_aggregate-method 10.872 0.032 12.275
plotGrandLinear 10.219 0.060 11.321
stat_reduce-method 9.871 0.120 11.089
ggplot-method 7.159 0.048 7.207
geom_arrow-method 6.791 0.016 7.531
stat_bin-method 5.685 0.008 6.305
layout_circle-method 5.534 0.016 5.550
* checking for unstated dependencies in ‘tests’ ... OK
* checking tests ...
Running ‘test-all.R’
OK
* checking for unstated dependencies in vignettes ... OK
* checking package vignettes in ‘inst/doc’ ... OK
* checking running R code from vignettes ... SKIPPED
* checking re-building of vignette outputs ... SKIPPED
* checking PDF version of manual ... OK
* DONE
Status: 2 WARNINGs, 2 NOTEs
See
‘/home/biocbuild/bbs-3.14-bioc/meat/ggbio.Rcheck/00check.log’
for details.
ggbio.Rcheck/00install.out
############################################################################## ############################################################################## ### ### Running command: ### ### /home/biocbuild/bbs-3.14-bioc/R/bin/R CMD INSTALL ggbio ### ############################################################################## ############################################################################## * installing to library ‘/home/biocbuild/bbs-3.14-bioc/R/library’ * installing *source* package ‘ggbio’ ... ** using staged installation ** R ** inst ** byte-compile and prepare package for lazy loading Creating a new generic function for 'rescale' in package 'ggbio' Creating a new generic function for 'xlim' in package 'ggbio' Creating a new generic function for 'geom_rect' in package 'ggbio' Creating a new generic function for 'geom_segment' in package 'ggbio' Creating a new generic function for 'geom_bar' in package 'ggbio' Creating a new generic function for 'stat_identity' in package 'ggbio' Creating a new generic function for 'stat_bin' in package 'ggbio' ** help *** installing help indices ** building package indices ** installing vignettes ** testing if installed package can be loaded from temporary location ** testing if installed package can be loaded from final location ** testing if installed package keeps a record of temporary installation path * DONE (ggbio)
ggbio.Rcheck/tests/test-all.Rout
R version 4.1.3 (2022-03-10) -- "One Push-Up"
Copyright (C) 2022 The R Foundation for Statistical Computing
Platform: x86_64-pc-linux-gnu (64-bit)
R is free software and comes with ABSOLUTELY NO WARRANTY.
You are welcome to redistribute it under certain conditions.
Type 'license()' or 'licence()' for distribution details.
R is a collaborative project with many contributors.
Type 'contributors()' for more information and
'citation()' on how to cite R or R packages in publications.
Type 'demo()' for some demos, 'help()' for on-line help, or
'help.start()' for an HTML browser interface to help.
Type 'q()' to quit R.
> library(testthat)
> test_check("ggbio")
Loading required package: ggbio
Loading required package: BiocGenerics
Attaching package: 'BiocGenerics'
The following objects are masked from 'package:stats':
IQR, mad, sd, var, xtabs
The following objects are masked from 'package:base':
Filter, Find, Map, Position, Reduce, anyDuplicated, append,
as.data.frame, basename, cbind, colnames, dirname, do.call,
duplicated, eval, evalq, get, grep, grepl, intersect, is.unsorted,
lapply, mapply, match, mget, order, paste, pmax, pmax.int, pmin,
pmin.int, rank, rbind, rownames, sapply, setdiff, sort, table,
tapply, union, unique, unsplit, which.max, which.min
Loading required package: ggplot2
Need specific help about ggbio? try mailing
the maintainer or visit https://lawremi.github.io/ggbio/
Attaching package: 'ggbio'
The following objects are masked from 'package:ggplot2':
geom_bar, geom_rect, geom_segment, ggsave, stat_bin, stat_identity,
xlim
[ FAIL 0 | WARN 0 | SKIP 0 | PASS 0 ]
>
> proc.time()
user system elapsed
15.312 0.799 16.094
ggbio.Rcheck/ggbio-Ex.timings
| name | user | system | elapsed | |
| arrangeGrobByParsingLegend | 1.740 | 0.212 | 1.952 | |
| autoplot-method | 77.226 | 1.255 | 78.511 | |
| geom_alignment-method | 37.252 | 0.588 | 38.823 | |
| geom_arch-method | 2.262 | 0.020 | 2.408 | |
| geom_arrow-method | 6.791 | 0.016 | 7.531 | |
| geom_arrowrect-method | 4.238 | 0.004 | 4.497 | |
| geom_bar-method | 0.859 | 0.008 | 0.866 | |
| geom_chevron-method | 4.406 | 0.000 | 4.406 | |
| geom_rect-method | 2.860 | 0.016 | 2.876 | |
| geom_segment-method | 2.857 | 0.000 | 2.857 | |
| ggbio-class | 0.006 | 0.000 | 0.005 | |
| ggplot-method | 7.159 | 0.048 | 7.207 | |
| layout_circle-method | 5.534 | 0.016 | 5.550 | |
| layout_karyogram-method | 21.656 | 0.132 | 23.208 | |
| plotFragLength | 0 | 0 | 0 | |
| plotGrandLinear | 10.219 | 0.060 | 11.321 | |
| plotRangesLinkedToData | 17.777 | 0.236 | 20.043 | |
| plotSingleChrom | 0 | 0 | 0 | |
| plotSpliceSum | 0 | 0 | 0 | |
| plotStackedOverview | 0 | 0 | 0 | |
| rescale-method | 0.187 | 0.000 | 0.187 | |
| scale_fill_fold_change | 0.47 | 0.00 | 0.47 | |
| scale_fill_giemsa | 4.900 | 0.024 | 4.956 | |
| scale_x_sequnit | 0.332 | 0.000 | 0.331 | |
| stat_aggregate-method | 10.872 | 0.032 | 12.275 | |
| stat_bin-method | 5.685 | 0.008 | 6.305 | |
| stat_coverage-method | 1.947 | 0.036 | 1.984 | |
| stat_gene-method | 0 | 0 | 0 | |
| stat_identity-method | 3.449 | 0.051 | 3.548 | |
| stat_reduce-method | 9.871 | 0.120 | 11.089 | |
| stat_slice-method | 2.380 | 0.004 | 2.383 | |
| stat_stepping-method | 2.247 | 0.000 | 2.247 | |
| stat_table-method | 1.411 | 0.004 | 1.415 | |
| theme | 1.207 | 0.004 | 1.211 | |
| tracks | 16.687 | 0.024 | 16.712 | |