| Back to Multiple platform build/check report for BioC 3.14 |
|
This page was generated on 2022-04-13 12:06:24 -0400 (Wed, 13 Apr 2022).
| Hostname | OS | Arch (*) | R version | Installed pkgs |
|---|---|---|---|---|
| nebbiolo2 | Linux (Ubuntu 20.04.4 LTS) | x86_64 | 4.1.3 (2022-03-10) -- "One Push-Up" | 4324 |
| tokay2 | Windows Server 2012 R2 Standard | x64 | 4.1.3 (2022-03-10) -- "One Push-Up" | 4077 |
| machv2 | macOS 10.14.6 Mojave | x86_64 | 4.1.3 (2022-03-10) -- "One Push-Up" | 4137 |
| Click on any hostname to see more info about the system (e.g. compilers) (*) as reported by 'uname -p', except on Windows and Mac OS X | ||||
|
To the developers/maintainers of the crossmeta package: - Please allow up to 24 hours (and sometimes 48 hours) for your latest push to git@git.bioconductor.org:packages/crossmeta.git to reflect on this report. See How and When does the builder pull? When will my changes propagate? for more information. - Make sure to use the following settings in order to reproduce any error or warning you see on this page. |
| Package 420/2083 | Hostname | OS / Arch | INSTALL | BUILD | CHECK | BUILD BIN | ||||||||
| crossmeta 1.20.0 (landing page) Alex Pickering
| nebbiolo2 | Linux (Ubuntu 20.04.4 LTS) / x86_64 | OK | OK | WARNINGS | |||||||||
| tokay2 | Windows Server 2012 R2 Standard / x64 | OK | OK | WARNINGS | OK | |||||||||
| machv2 | macOS 10.14.6 Mojave / x86_64 | OK | OK | WARNINGS | OK | |||||||||
| Package: crossmeta |
| Version: 1.20.0 |
| Command: C:\Users\biocbuild\bbs-3.14-bioc\R\bin\R.exe CMD check --force-multiarch --install=check:crossmeta.install-out.txt --library=C:\Users\biocbuild\bbs-3.14-bioc\R\library --no-vignettes --timings crossmeta_1.20.0.tar.gz |
| StartedAt: 2022-04-12 17:59:42 -0400 (Tue, 12 Apr 2022) |
| EndedAt: 2022-04-12 18:03:15 -0400 (Tue, 12 Apr 2022) |
| EllapsedTime: 213.4 seconds |
| RetCode: 0 |
| Status: WARNINGS |
| CheckDir: crossmeta.Rcheck |
| Warnings: 1 |
##############################################################################
##############################################################################
###
### Running command:
###
### C:\Users\biocbuild\bbs-3.14-bioc\R\bin\R.exe CMD check --force-multiarch --install=check:crossmeta.install-out.txt --library=C:\Users\biocbuild\bbs-3.14-bioc\R\library --no-vignettes --timings crossmeta_1.20.0.tar.gz
###
##############################################################################
##############################################################################
* using log directory 'C:/Users/biocbuild/bbs-3.14-bioc/meat/crossmeta.Rcheck'
* using R version 4.1.3 (2022-03-10)
* using platform: x86_64-w64-mingw32 (64-bit)
* using session charset: ISO8859-1
* using option '--no-vignettes'
* checking for file 'crossmeta/DESCRIPTION' ... OK
* this is package 'crossmeta' version '1.20.0'
* package encoding: UTF-8
* checking package namespace information ... OK
* checking package dependencies ... OK
* checking if this is a source package ... OK
* checking if there is a namespace ... OK
* checking for hidden files and directories ... OK
* checking for portable file names ... OK
* checking whether package 'crossmeta' can be installed ... OK
* checking installed package size ... OK
* checking package directory ... OK
* checking 'build' directory ... OK
* checking DESCRIPTION meta-information ... OK
* checking top-level files ... OK
* checking for left-over files ... OK
* checking index information ... OK
* checking package subdirectories ... OK
* checking R files for non-ASCII characters ... OK
* checking R files for syntax errors ... OK
* loading checks for arch 'i386'
** checking whether the package can be loaded ... OK
** checking whether the package can be loaded with stated dependencies ... OK
** checking whether the package can be unloaded cleanly ... OK
** checking whether the namespace can be loaded with stated dependencies ... OK
** checking whether the namespace can be unloaded cleanly ... OK
* loading checks for arch 'x64'
** checking whether the package can be loaded ... OK
** checking whether the package can be loaded with stated dependencies ... OK
** checking whether the package can be unloaded cleanly ... OK
** checking whether the namespace can be loaded with stated dependencies ... OK
** checking whether the namespace can be unloaded cleanly ... OK
* checking dependencies in R code ... NOTE
Namespaces in Imports field not imported from:
'RColorBrewer' 'statmod'
All declared Imports should be used.
Unexported object imported by a ':::' call: 'GEOquery:::parseGSEMatrix'
See the note in ?`:::` about the use of this operator.
There are ::: calls to the package's namespace in its code. A package
almost never needs to use ::: for its own objects:
'getDirListing' 'getGEO' 'getGEOSuppFiles'
* checking S3 generic/method consistency ... OK
* checking replacement functions ... OK
* checking foreign function calls ... OK
* checking R code for possible problems ... OK
* checking Rd files ... OK
* checking Rd metadata ... OK
* checking Rd cross-references ... OK
* checking for missing documentation entries ... OK
* checking for code/documentation mismatches ... OK
* checking Rd \usage sections ... WARNING
Documented arguments not in \usage in documentation object 'add_vsd':
'pbulk' 'vsd_path'
Functions with \usage entries need to have the appropriate \alias
entries, and all their arguments documented.
The \usage entries must correspond to syntactically valid R code.
See chapter 'Writing R documentation files' in the 'Writing R
Extensions' manual.
* checking Rd contents ... OK
* checking for unstated dependencies in examples ... OK
* checking contents of 'data' directory ... OK
* checking data for non-ASCII characters ... OK
* checking LazyData ... OK
* checking data for ASCII and uncompressed saves ... OK
* checking R/sysdata.rda ... OK
* checking files in 'vignettes' ... OK
* checking examples ...
** running examples for arch 'i386' ... OK
Examples with CPU (user + system) or elapsed time > 5s
user system elapsed
diff_expr 14.70 1.03 15.89
setup_prev 7.21 0.49 10.18
es_meta 5.79 0.34 6.14
** running examples for arch 'x64' ... OK
Examples with CPU (user + system) or elapsed time > 5s
user system elapsed
diff_expr 14.53 0.42 14.96
setup_prev 6.76 0.12 6.90
* checking for unstated dependencies in 'tests' ... OK
* checking tests ...
** running tests for arch 'i386' ...
Running 'testthat.R'
OK
** running tests for arch 'x64' ...
Running 'testthat.R'
OK
* checking for unstated dependencies in vignettes ... OK
* checking package vignettes in 'inst/doc' ... OK
* checking running R code from vignettes ... SKIPPED
* checking re-building of vignette outputs ... SKIPPED
* checking PDF version of manual ... OK
* DONE
Status: 1 WARNING, 1 NOTE
See
'C:/Users/biocbuild/bbs-3.14-bioc/meat/crossmeta.Rcheck/00check.log'
for details.
crossmeta.Rcheck/00install.out
##############################################################################
##############################################################################
###
### Running command:
###
### C:\cygwin\bin\curl.exe -O http://155.52.207.166/BBS/3.14/bioc/src/contrib/crossmeta_1.20.0.tar.gz && rm -rf crossmeta.buildbin-libdir && mkdir crossmeta.buildbin-libdir && C:\Users\biocbuild\bbs-3.14-bioc\R\bin\R.exe CMD INSTALL --merge-multiarch --build --library=crossmeta.buildbin-libdir crossmeta_1.20.0.tar.gz && C:\Users\biocbuild\bbs-3.14-bioc\R\bin\R.exe CMD INSTALL crossmeta_1.20.0.zip && rm crossmeta_1.20.0.tar.gz crossmeta_1.20.0.zip
###
##############################################################################
##############################################################################
% Total % Received % Xferd Average Speed Time Time Time Current
Dload Upload Total Spent Left Speed
0 0 0 0 0 0 0 0 --:--:-- --:--:-- --:--:-- 0
0 3876k 0 15987 0 0 133k 0 0:00:29 --:--:-- 0:00:29 133k
32 3876k 32 1246k 0 0 1119k 0 0:00:03 0:00:01 0:00:02 1120k
78 3876k 78 3045k 0 0 1441k 0 0:00:02 0:00:02 --:--:-- 1441k
100 3876k 100 3876k 0 0 1578k 0 0:00:02 0:00:02 --:--:-- 1578k
install for i386
* installing *source* package 'crossmeta' ...
** using staged installation
** R
** data
*** moving datasets to lazyload DB
** inst
** byte-compile and prepare package for lazy loading
** help
*** installing help indices
converting help for package 'crossmeta'
finding HTML links ... done
addContrastInput html
add_adjusted html
add_sources html
add_vsd html
bulkAnnot html
bulkAnnotInput html
bulkForm html
bulkFormInput html
bulkPage html
bulkPageUI html
bulkTable html
bulkTableOuput html
ch2_subset html
clean_y html
delContrastsInput html
diff_expr html
es_meta html
exprs.MA html
filter_genes html
fit_ebayes html
fit_lm html
fix_illum_headers html
finding level-2 HTML links ... done
format_dl_annot html
format_up_annot html
get_ch2_mod html
get_group_levels html
get_palette html
get_raw html
get_sva_mods html
get_top_table html
get_vsd html
gs.names html
gslist html
ilmn.nnum html
iqr_replicates html
is_invertible html
load_agil_plat html
load_diff html
load_illum_plat html
load_plat html
load_raw html
match_prev_eset html
open_raw_illum html
phenoData.ch2 html
prefix_illum_headers html
query_ref html
remove_autonamed html
run_limma html
run_limma_setup html
run_lmfit html
run_select_contrasts html
run_sva html
setup_prev html
symbol_annot html
to_eset html
to_ma html
validate_up_annot html
which_max_iqr html
xls_to_txt html
** building package indices
** installing vignettes
** testing if installed package can be loaded from temporary location
** testing if installed package can be loaded from final location
** testing if installed package keeps a record of temporary installation path
install for x64
* installing *source* package 'crossmeta' ...
** testing if installed package can be loaded
* MD5 sums
packaged installation of 'crossmeta' as crossmeta_1.20.0.zip
* DONE (crossmeta)
* installing to library 'C:/Users/biocbuild/bbs-3.14-bioc/R/library'
package 'crossmeta' successfully unpacked and MD5 sums checked
|
crossmeta.Rcheck/tests_i386/testthat.Rout
R version 4.1.3 (2022-03-10) -- "One Push-Up"
Copyright (C) 2022 The R Foundation for Statistical Computing
Platform: i386-w64-mingw32/i386 (32-bit)
R is free software and comes with ABSOLUTELY NO WARRANTY.
You are welcome to redistribute it under certain conditions.
Type 'license()' or 'licence()' for distribution details.
R is a collaborative project with many contributors.
Type 'contributors()' for more information and
'citation()' on how to cite R or R packages in publications.
Type 'demo()' for some demos, 'help()' for on-line help, or
'help.start()' for an HTML browser interface to help.
Type 'q()' to quit R.
> library(testthat)
> library(crossmeta)
>
> test_check("crossmeta")
GSE1_disease-healthy (# p < 0.05): 0
GSE1_disease-healthy (# p < 0.05): 2
Illumina samples matched by pdata column.
Illumina samples matched by pdata column.
Illumina samples matched by pdata column.
Illumina samples matched by pdata column.
Illumina samples matched by column names.
Illumina samples matched by pdata column.
Illumina samples matched by pdata column.
Illumina samples matched by pdata column.
Illumina samples matched by pdata column.
Array 1 corrected
Array 2 corrected
Array 3 corrected
Array 4 corrected
Array 5 corrected
Array 6 corrected
Array 7 corrected
Array 8 corrected
Array 9 corrected
Array 10 corrected
Array 11 corrected
Array 12 corrected
Array 13 corrected
Array 14 corrected
Array 15 corrected
Array 16 corrected
Array 1 corrected
Array 2 corrected
Array 3 corrected
Array 4 corrected
Array 5 corrected
Array 6 corrected
Array 7 corrected
Array 8 corrected
Array 9 corrected
Array 10 corrected
Array 11 corrected
Array 12 corrected
Array 13 corrected
Array 14 corrected
Array 15 corrected
Array 16 corrected
Apoa1_ApoAI...-C57BL.6 (# p < 0.05): 20
Array 1 corrected
Array 2 corrected
Array 3 corrected
Array 4 corrected
Array 5 corrected
Array 6 corrected
Array 7 corrected
Array 8 corrected
Array 9 corrected
Array 10 corrected
Array 11 corrected
Array 12 corrected
Array 13 corrected
Array 14 corrected
Array 15 corrected
Array 16 corrected
Array 1 corrected
Array 2 corrected
Array 3 corrected
Array 4 corrected
Array 5 corrected
Array 6 corrected
Array 7 corrected
Array 8 corrected
Array 9 corrected
Array 10 corrected
Array 11 corrected
Array 12 corrected
Array 13 corrected
Array 14 corrected
Array 15 corrected
Array 16 corrected
[ FAIL 0 | WARN 0 | SKIP 0 | PASS 21 ]
>
> proc.time()
user system elapsed
27.56 0.73 28.53
|
crossmeta.Rcheck/tests_x64/testthat.Rout
R version 4.1.3 (2022-03-10) -- "One Push-Up"
Copyright (C) 2022 The R Foundation for Statistical Computing
Platform: x86_64-w64-mingw32/x64 (64-bit)
R is free software and comes with ABSOLUTELY NO WARRANTY.
You are welcome to redistribute it under certain conditions.
Type 'license()' or 'licence()' for distribution details.
R is a collaborative project with many contributors.
Type 'contributors()' for more information and
'citation()' on how to cite R or R packages in publications.
Type 'demo()' for some demos, 'help()' for on-line help, or
'help.start()' for an HTML browser interface to help.
Type 'q()' to quit R.
> library(testthat)
> library(crossmeta)
>
> test_check("crossmeta")
GSE1_disease-healthy (# p < 0.05): 0
GSE1_disease-healthy (# p < 0.05): 2
Illumina samples matched by pdata column.
Illumina samples matched by pdata column.
Illumina samples matched by pdata column.
Illumina samples matched by pdata column.
Illumina samples matched by column names.
Illumina samples matched by pdata column.
Illumina samples matched by pdata column.
Illumina samples matched by pdata column.
Illumina samples matched by pdata column.
Array 1 corrected
Array 2 corrected
Array 3 corrected
Array 4 corrected
Array 5 corrected
Array 6 corrected
Array 7 corrected
Array 8 corrected
Array 9 corrected
Array 10 corrected
Array 11 corrected
Array 12 corrected
Array 13 corrected
Array 14 corrected
Array 15 corrected
Array 16 corrected
Array 1 corrected
Array 2 corrected
Array 3 corrected
Array 4 corrected
Array 5 corrected
Array 6 corrected
Array 7 corrected
Array 8 corrected
Array 9 corrected
Array 10 corrected
Array 11 corrected
Array 12 corrected
Array 13 corrected
Array 14 corrected
Array 15 corrected
Array 16 corrected
Apoa1_ApoAI...-C57BL.6 (# p < 0.05): 20
Array 1 corrected
Array 2 corrected
Array 3 corrected
Array 4 corrected
Array 5 corrected
Array 6 corrected
Array 7 corrected
Array 8 corrected
Array 9 corrected
Array 10 corrected
Array 11 corrected
Array 12 corrected
Array 13 corrected
Array 14 corrected
Array 15 corrected
Array 16 corrected
Array 1 corrected
Array 2 corrected
Array 3 corrected
Array 4 corrected
Array 5 corrected
Array 6 corrected
Array 7 corrected
Array 8 corrected
Array 9 corrected
Array 10 corrected
Array 11 corrected
Array 12 corrected
Array 13 corrected
Array 14 corrected
Array 15 corrected
Array 16 corrected
[ FAIL 0 | WARN 0 | SKIP 0 | PASS 21 ]
>
> proc.time()
user system elapsed
25.79 0.46 26.25
|
|
crossmeta.Rcheck/examples_i386/crossmeta-Ex.timings
|
crossmeta.Rcheck/examples_x64/crossmeta-Ex.timings
|