| Back to Multiple platform build/check report for BioC 3.14 |
|
This page was generated on 2022-04-13 12:06:20 -0400 (Wed, 13 Apr 2022).
| Hostname | OS | Arch (*) | R version | Installed pkgs |
|---|---|---|---|---|
| nebbiolo2 | Linux (Ubuntu 20.04.4 LTS) | x86_64 | 4.1.3 (2022-03-10) -- "One Push-Up" | 4324 |
| tokay2 | Windows Server 2012 R2 Standard | x64 | 4.1.3 (2022-03-10) -- "One Push-Up" | 4077 |
| machv2 | macOS 10.14.6 Mojave | x86_64 | 4.1.3 (2022-03-10) -- "One Push-Up" | 4137 |
| Click on any hostname to see more info about the system (e.g. compilers) (*) as reported by 'uname -p', except on Windows and Mac OS X | ||||
|
To the developers/maintainers of the clippda package: - Please allow up to 24 hours (and sometimes 48 hours) for your latest push to git@git.bioconductor.org:packages/clippda.git to reflect on this report. See How and When does the builder pull? When will my changes propagate? for more information. - Make sure to use the following settings in order to reproduce any error or warning you see on this page. |
| Package 327/2083 | Hostname | OS / Arch | INSTALL | BUILD | CHECK | BUILD BIN | ||||||||
| clippda 1.44.0 (landing page) Stephen Nyangoma
| nebbiolo2 | Linux (Ubuntu 20.04.4 LTS) / x86_64 | OK | OK | WARNINGS | |||||||||
| tokay2 | Windows Server 2012 R2 Standard / x64 | OK | OK | WARNINGS | OK | |||||||||
| machv2 | macOS 10.14.6 Mojave / x86_64 | OK | OK | WARNINGS | OK | |||||||||
| Package: clippda |
| Version: 1.44.0 |
| Command: C:\Users\biocbuild\bbs-3.14-bioc\R\bin\R.exe CMD check --force-multiarch --install=check:clippda.install-out.txt --library=C:\Users\biocbuild\bbs-3.14-bioc\R\library --no-vignettes --timings clippda_1.44.0.tar.gz |
| StartedAt: 2022-04-12 17:22:50 -0400 (Tue, 12 Apr 2022) |
| EndedAt: 2022-04-12 17:29:20 -0400 (Tue, 12 Apr 2022) |
| EllapsedTime: 389.5 seconds |
| RetCode: 0 |
| Status: WARNINGS |
| CheckDir: clippda.Rcheck |
| Warnings: 1 |
##############################################################################
##############################################################################
###
### Running command:
###
### C:\Users\biocbuild\bbs-3.14-bioc\R\bin\R.exe CMD check --force-multiarch --install=check:clippda.install-out.txt --library=C:\Users\biocbuild\bbs-3.14-bioc\R\library --no-vignettes --timings clippda_1.44.0.tar.gz
###
##############################################################################
##############################################################################
* using log directory 'C:/Users/biocbuild/bbs-3.14-bioc/meat/clippda.Rcheck'
* using R version 4.1.3 (2022-03-10)
* using platform: x86_64-w64-mingw32 (64-bit)
* using session charset: ISO8859-1
* using option '--no-vignettes'
* checking for file 'clippda/DESCRIPTION' ... OK
* this is package 'clippda' version '1.44.0'
* checking package namespace information ... NOTE
Namespaces with empty importFrom:
'Biobase' 'tools'
* checking package dependencies ... NOTE
Depends: includes the non-default packages:
'limma', 'statmod', 'rgl', 'lattice', 'scatterplot3d', 'Biobase',
'tools'
Adding so many packages to the search path is excessive and importing
selectively is preferable.
* checking if this is a source package ... OK
* checking if there is a namespace ... OK
* checking for hidden files and directories ... OK
* checking for portable file names ... OK
* checking whether package 'clippda' can be installed ... OK
* checking installed package size ... OK
* checking package directory ... OK
* checking 'build' directory ... OK
* checking DESCRIPTION meta-information ... OK
* checking top-level files ... OK
* checking for left-over files ... OK
* checking index information ... OK
* checking package subdirectories ... WARNING
Invalid citation information in 'inst/CITATION':
Error in bibentry(bibtype = entry, textVersion = textVersion, header = header, footer = footer, ...): argument "textVersion" is missing, with no default
* checking R files for non-ASCII characters ... OK
* checking R files for syntax errors ... OK
* loading checks for arch 'i386'
** checking whether the package can be loaded ... OK
** checking whether the package can be loaded with stated dependencies ... OK
** checking whether the package can be unloaded cleanly ... OK
** checking whether the namespace can be loaded with stated dependencies ... OK
** checking whether the namespace can be unloaded cleanly ... OK
* loading checks for arch 'x64'
** checking whether the package can be loaded ... OK
** checking whether the package can be loaded with stated dependencies ... OK
** checking whether the package can be unloaded cleanly ... OK
** checking whether the namespace can be loaded with stated dependencies ... OK
** checking whether the namespace can be unloaded cleanly ... OK
* checking dependencies in R code ... NOTE
'library' or 'require' calls to packages already attached by Depends:
'lattice' 'limma' 'rgl' 'scatterplot3d' 'statmod'
Please remove these calls from your code.
Packages in Depends field not imported from:
'lattice' 'rgl'
These packages need to be imported from (in the NAMESPACE file)
for when this namespace is loaded but not attached.
* checking S3 generic/method consistency ... OK
* checking replacement functions ... OK
* checking foreign function calls ... OK
* checking R code for possible problems ... NOTE
ZvaluescasesVcontrolsPlots: no visible global function definition for
'lines'
ZvaluescasesVcontrolsPlots: no visible global function definition for
'legend'
ZvaluesfrommultinomPlots: no visible global function definition for
'rmultinom'
ZvaluesfrommultinomPlots: no visible global function definition for
'density'
ZvaluesfrommultinomPlots: no visible global function definition for
'lines'
ZvaluesfrommultinomPlots: no visible global function definition for
'legend'
ZvaluesfrommultinomPlots: no visible global function definition for
'cloud'
ZvaluesfrommultinomPlots: no visible global function definition for
'var'
Undefined global functions or variables:
cloud density legend lines rmultinom var
Consider adding
importFrom("graphics", "legend", "lines")
importFrom("stats", "density", "rmultinom", "var")
to your NAMESPACE file.
* checking Rd files ... OK
* checking Rd metadata ... OK
* checking Rd cross-references ... OK
* checking for missing documentation entries ... OK
* checking for code/documentation mismatches ... OK
* checking Rd \usage sections ... OK
* checking Rd contents ... OK
* checking for unstated dependencies in examples ... OK
* checking contents of 'data' directory ... OK
* checking data for non-ASCII characters ... OK
* checking data for ASCII and uncompressed saves ... OK
* checking files in 'vignettes' ... OK
* checking examples ...
** running examples for arch 'i386' ... OK
Examples with CPU (user + system) or elapsed time > 5s
user system elapsed
clippda-package 75.00 0.40 75.41
sampleSize 43.67 0.22 43.89
sampleSizeParameters 22.12 0.16 22.28
sample_technicalVariance 5.85 0.06 5.91
** running examples for arch 'x64' ... OK
Examples with CPU (user + system) or elapsed time > 5s
user system elapsed
clippda-package 73.50 0.27 73.77
sampleSize 39.17 0.07 39.26
sampleSizeParameters 21.61 0.05 21.66
sample_technicalVariance 6.13 0.09 6.22
* checking for unstated dependencies in vignettes ... OK
* checking package vignettes in 'inst/doc' ... OK
* checking running R code from vignettes ... SKIPPED
* checking re-building of vignette outputs ... SKIPPED
* checking PDF version of manual ... OK
* DONE
Status: 1 WARNING, 4 NOTEs
See
'C:/Users/biocbuild/bbs-3.14-bioc/meat/clippda.Rcheck/00check.log'
for details.
clippda.Rcheck/00install.out
##############################################################################
##############################################################################
###
### Running command:
###
### C:\cygwin\bin\curl.exe -O http://155.52.207.166/BBS/3.14/bioc/src/contrib/clippda_1.44.0.tar.gz && rm -rf clippda.buildbin-libdir && mkdir clippda.buildbin-libdir && C:\Users\biocbuild\bbs-3.14-bioc\R\bin\R.exe CMD INSTALL --merge-multiarch --build --library=clippda.buildbin-libdir clippda_1.44.0.tar.gz && C:\Users\biocbuild\bbs-3.14-bioc\R\bin\R.exe CMD INSTALL clippda_1.44.0.zip && rm clippda_1.44.0.tar.gz clippda_1.44.0.zip
###
##############################################################################
##############################################################################
% Total % Received % Xferd Average Speed Time Time Time Current
Dload Upload Total Spent Left Speed
0 0 0 0 0 0 0 0 --:--:-- --:--:-- --:--:-- 0
100 420k 100 420k 0 0 477k 0 --:--:-- --:--:-- --:--:-- 477k
100 420k 100 420k 0 0 477k 0 --:--:-- --:--:-- --:--:-- 476k
install for i386
* installing *source* package 'clippda' ...
** using staged installation
** R
** data
** inst
** byte-compile and prepare package for lazy loading
** help
*** installing help indices
converting help for package 'clippda'
finding HTML links ... done
ZvaluescasesVcontrolsPlots html
ZvaluesfrommultinomPlots html
aclinicalProteomicsData-class html
aclinicalProteomicsData-methods html
betweensampleVariance-methods html
betweensampleVariance html
checkNo.replicates html
clippda-package html
f html
fisherInformation-methods html
fisherInformation html
liverRawData html
liver_pheno html
liverdata html
mostSimilarTwo html
negativeIntensitiesCorrection html
phenoDataFrame html
pheno_urine html
preProcRepeatedPeakData html
proteomicsExprsData-methods html
proteomicsExprsData html
proteomicspData-methods html
proteomicspData html
replicateCorrelations-methods html
replicateCorrelations html
sampleClusteredData html
sampleSize-methods html
sampleSize html
sampleSize3DscatterPlots html
sampleSizeContourPlots html
sampleSizeParameters-methods html
sampleSizeParameters html
sample_technicalVariance-methods html
sample_technicalVariance html
show-methods html
spectrumFilter html
ztwo html
** building package indices
** installing vignettes
** testing if installed package can be loaded from temporary location
** testing if installed package can be loaded from final location
** testing if installed package keeps a record of temporary installation path
install for x64
* installing *source* package 'clippda' ...
** testing if installed package can be loaded
* MD5 sums
packaged installation of 'clippda' as clippda_1.44.0.zip
* DONE (clippda)
* installing to library 'C:/Users/biocbuild/bbs-3.14-bioc/R/library'
package 'clippda' successfully unpacked and MD5 sums checked
|
clippda.Rcheck/examples_i386/clippda-Ex.timings
|
clippda.Rcheck/examples_x64/clippda-Ex.timings
|