| Back to Multiple platform build/check report for BioC 3.14 |
|
This page was generated on 2022-04-13 12:07:24 -0400 (Wed, 13 Apr 2022).
| Hostname | OS | Arch (*) | R version | Installed pkgs |
|---|---|---|---|---|
| nebbiolo2 | Linux (Ubuntu 20.04.4 LTS) | x86_64 | 4.1.3 (2022-03-10) -- "One Push-Up" | 4324 |
| tokay2 | Windows Server 2012 R2 Standard | x64 | 4.1.3 (2022-03-10) -- "One Push-Up" | 4077 |
| machv2 | macOS 10.14.6 Mojave | x86_64 | 4.1.3 (2022-03-10) -- "One Push-Up" | 4137 |
| Click on any hostname to see more info about the system (e.g. compilers) (*) as reported by 'uname -p', except on Windows and Mac OS X | ||||
|
To the developers/maintainers of the SpidermiR package: - Please allow up to 24 hours (and sometimes 48 hours) for your latest push to git@git.bioconductor.org:packages/SpidermiR.git to reflect on this report. See How and When does the builder pull? When will my changes propagate? for more information. - Make sure to use the following settings in order to reproduce any error or warning you see on this page. |
| Package 1857/2083 | Hostname | OS / Arch | INSTALL | BUILD | CHECK | BUILD BIN | ||||||||
| SpidermiR 1.24.0 (landing page) Claudia Cava
| nebbiolo2 | Linux (Ubuntu 20.04.4 LTS) / x86_64 | OK | OK | OK | |||||||||
| tokay2 | Windows Server 2012 R2 Standard / x64 | OK | OK | ERROR | OK | |||||||||
| machv2 | macOS 10.14.6 Mojave / x86_64 | OK | OK | OK | OK | |||||||||
| Package: SpidermiR |
| Version: 1.24.0 |
| Command: C:\Users\biocbuild\bbs-3.14-bioc\R\bin\R.exe CMD check --force-multiarch --install=check:SpidermiR.install-out.txt --library=C:\Users\biocbuild\bbs-3.14-bioc\R\library --no-vignettes --timings SpidermiR_1.24.0.tar.gz |
| StartedAt: 2022-04-13 03:24:00 -0400 (Wed, 13 Apr 2022) |
| EndedAt: 2022-04-13 03:27:36 -0400 (Wed, 13 Apr 2022) |
| EllapsedTime: 216.0 seconds |
| RetCode: 1 |
| Status: ERROR |
| CheckDir: SpidermiR.Rcheck |
| Warnings: NA |
##############################################################################
##############################################################################
###
### Running command:
###
### C:\Users\biocbuild\bbs-3.14-bioc\R\bin\R.exe CMD check --force-multiarch --install=check:SpidermiR.install-out.txt --library=C:\Users\biocbuild\bbs-3.14-bioc\R\library --no-vignettes --timings SpidermiR_1.24.0.tar.gz
###
##############################################################################
##############################################################################
* using log directory 'C:/Users/biocbuild/bbs-3.14-bioc/meat/SpidermiR.Rcheck'
* using R version 4.1.3 (2022-03-10)
* using platform: x86_64-w64-mingw32 (64-bit)
* using session charset: ISO8859-1
* using option '--no-vignettes'
* checking for file 'SpidermiR/DESCRIPTION' ... OK
* checking extension type ... Package
* this is package 'SpidermiR' version '1.24.0'
* checking package namespace information ... OK
* checking package dependencies ... OK
* checking if this is a source package ... OK
* checking if there is a namespace ... OK
* checking for hidden files and directories ... OK
* checking for portable file names ... OK
* checking whether package 'SpidermiR' can be installed ... OK
* checking installed package size ... OK
* checking package directory ... OK
* checking DESCRIPTION meta-information ... OK
* checking top-level files ... OK
* checking for left-over files ... OK
* checking index information ... OK
* checking package subdirectories ... OK
* checking R files for non-ASCII characters ... OK
* checking R files for syntax errors ... OK
* loading checks for arch 'i386'
** checking whether the package can be loaded ... OK
** checking whether the package can be loaded with stated dependencies ... OK
** checking whether the package can be unloaded cleanly ... OK
** checking whether the namespace can be loaded with stated dependencies ... OK
** checking whether the namespace can be unloaded cleanly ... OK
* loading checks for arch 'x64'
** checking whether the package can be loaded ... OK
** checking whether the package can be loaded with stated dependencies ... OK
** checking whether the package can be unloaded cleanly ... OK
** checking whether the namespace can be loaded with stated dependencies ... OK
** checking whether the namespace can be unloaded cleanly ... OK
* checking dependencies in R code ... NOTE
Namespaces in Imports field not imported from:
'MAGeCKFlute' 'TCGAbiolinks' 'ggplot2' 'gplots' 'grDevices'
'gridExtra' 'lattice' 'latticeExtra'
All declared Imports should be used.
* checking S3 generic/method consistency ... OK
* checking replacement functions ... OK
* checking foreign function calls ... OK
* checking R code for possible problems ... OK
* checking Rd files ... OK
* checking Rd metadata ... OK
* checking Rd cross-references ... OK
* checking for missing documentation entries ... OK
* checking for code/documentation mismatches ... OK
* checking Rd \usage sections ... OK
* checking Rd contents ... OK
* checking for unstated dependencies in examples ... OK
* checking examples ...
** running examples for arch 'i386' ... ERROR
Running examples in 'SpidermiR-Ex.R' failed
The error most likely occurred in:
> base::assign(".ptime", proc.time(), pos = "CheckExEnv")
> ### Name: SpidermiRdownload_miRNAextra_cir
> ### Title: Download miRNA validated database
> ### Aliases: SpidermiRdownload_miRNAextra_cir
>
> ### ** Examples
>
> list<-SpidermiRdownload_miRNAextra_cir(miRNAextra_cir)
Warning in file(file, "rt") :
InternetOpenUrl failed: 'A connection with the server could not be established'
Error in file(file, "rt") : cannot open the connection
Calls: SpidermiRdownload_miRNAextra_cir -> read.delim -> read.table -> file
Execution halted
** running examples for arch 'x64' ... ERROR
Running examples in 'SpidermiR-Ex.R' failed
The error most likely occurred in:
> base::assign(".ptime", proc.time(), pos = "CheckExEnv")
> ### Name: SpidermiRdownload_miRNAextra_cir
> ### Title: Download miRNA validated database
> ### Aliases: SpidermiRdownload_miRNAextra_cir
>
> ### ** Examples
>
> list<-SpidermiRdownload_miRNAextra_cir(miRNAextra_cir)
Warning in file(file, "rt") :
InternetOpenUrl failed: 'A connection with the server could not be established'
Error in file(file, "rt") : cannot open the connection
Calls: SpidermiRdownload_miRNAextra_cir -> read.delim -> read.table -> file
Execution halted
* checking PDF version of manual ... OK
* DONE
Status: 2 ERRORs, 1 NOTE
See
'C:/Users/biocbuild/bbs-3.14-bioc/meat/SpidermiR.Rcheck/00check.log'
for details.
SpidermiR.Rcheck/00install.out
##############################################################################
##############################################################################
###
### Running command:
###
### C:\cygwin\bin\curl.exe -O http://155.52.207.166/BBS/3.14/bioc/src/contrib/SpidermiR_1.24.0.tar.gz && rm -rf SpidermiR.buildbin-libdir && mkdir SpidermiR.buildbin-libdir && C:\Users\biocbuild\bbs-3.14-bioc\R\bin\R.exe CMD INSTALL --merge-multiarch --build --library=SpidermiR.buildbin-libdir SpidermiR_1.24.0.tar.gz && C:\Users\biocbuild\bbs-3.14-bioc\R\bin\R.exe CMD INSTALL SpidermiR_1.24.0.zip && rm SpidermiR_1.24.0.tar.gz SpidermiR_1.24.0.zip
###
##############################################################################
##############################################################################
% Total % Received % Xferd Average Speed Time Time Time Current
Dload Upload Total Spent Left Speed
0 0 0 0 0 0 0 0 --:--:-- --:--:-- --:--:-- 0
53 9673 53 5192 0 0 63104 0 --:--:-- --:--:-- --:--:-- 63317
100 9673 100 9673 0 0 23347 0 --:--:-- --:--:-- --:--:-- 23364
install for i386
* installing *source* package 'SpidermiR' ...
** using staged installation
** R
** inst
** byte-compile and prepare package for lazy loading
** help
*** installing help indices
converting help for package 'SpidermiR'
finding HTML links ... done
SpidermiRanalyze_degree_centrality html
SpidermiRanalyze_direct_net html
SpidermiRanalyze_direct_subnetwork html
SpidermiRanalyze_subnetwork_neigh html
SpidermiRdownload_drug_gene html
SpidermiRdownload_miRNAextra_cir html
SpidermiRdownload_miRNAprediction html
SpidermiRdownload_miRNAvalidate html
SpidermiRdownload_net html
SpidermiRprepare_NET html
SpidermiRquery_disease html
SpidermiRquery_networks_type html
SpidermiRquery_spec_networks html
SpidermiRquery_species html
** building package indices
** testing if installed package can be loaded from temporary location
** testing if installed package can be loaded from final location
** testing if installed package keeps a record of temporary installation path
install for x64
* installing *source* package 'SpidermiR' ...
** testing if installed package can be loaded
* MD5 sums
packaged installation of 'SpidermiR' as SpidermiR_1.24.0.zip
* DONE (SpidermiR)
* installing to library 'C:/Users/biocbuild/bbs-3.14-bioc/R/library'
package 'SpidermiR' successfully unpacked and MD5 sums checked
|
SpidermiR.Rcheck/examples_i386/SpidermiR-Ex.timings
|
SpidermiR.Rcheck/examples_x64/SpidermiR-Ex.timings
|