| Back to Multiple platform build/check report for BioC 3.14 |
|
This page was generated on 2022-04-13 12:08:28 -0400 (Wed, 13 Apr 2022).
| Hostname | OS | Arch (*) | R version | Installed pkgs |
|---|---|---|---|---|
| nebbiolo2 | Linux (Ubuntu 20.04.4 LTS) | x86_64 | 4.1.3 (2022-03-10) -- "One Push-Up" | 4324 |
| tokay2 | Windows Server 2012 R2 Standard | x64 | 4.1.3 (2022-03-10) -- "One Push-Up" | 4077 |
| machv2 | macOS 10.14.6 Mojave | x86_64 | 4.1.3 (2022-03-10) -- "One Push-Up" | 4137 |
| Click on any hostname to see more info about the system (e.g. compilers) (*) as reported by 'uname -p', except on Windows and Mac OS X | ||||
|
To the developers/maintainers of the OmnipathR package: - Please allow up to 24 hours (and sometimes 48 hours) for your latest push to git@git.bioconductor.org:packages/OmnipathR.git to reflect on this report. See How and When does the builder pull? When will my changes propagate? for more information. - Make sure to use the following settings in order to reproduce any error or warning you see on this page. |
| Package 1330/2083 | Hostname | OS / Arch | INSTALL | BUILD | CHECK | BUILD BIN | ||||||||
| OmnipathR 3.2.9 (landing page) Denes Turei
| nebbiolo2 | Linux (Ubuntu 20.04.4 LTS) / x86_64 | OK | OK | ERROR | |||||||||
| tokay2 | Windows Server 2012 R2 Standard / x64 | OK | ERROR | skipped | skipped | |||||||||
| machv2 | macOS 10.14.6 Mojave / x86_64 | OK | OK | ERROR | OK | |||||||||
| Package: OmnipathR |
| Version: 3.2.9 |
| Command: /Library/Frameworks/R.framework/Resources/bin/R CMD check --install=check:OmnipathR.install-out.txt --library=/Library/Frameworks/R.framework/Resources/library --no-vignettes --timings OmnipathR_3.2.9.tar.gz |
| StartedAt: 2022-04-12 16:19:35 -0400 (Tue, 12 Apr 2022) |
| EndedAt: 2022-04-12 16:31:11 -0400 (Tue, 12 Apr 2022) |
| EllapsedTime: 696.8 seconds |
| RetCode: 1 |
| Status: ERROR |
| CheckDir: OmnipathR.Rcheck |
| Warnings: NA |
##############################################################################
##############################################################################
###
### Running command:
###
### /Library/Frameworks/R.framework/Resources/bin/R CMD check --install=check:OmnipathR.install-out.txt --library=/Library/Frameworks/R.framework/Resources/library --no-vignettes --timings OmnipathR_3.2.9.tar.gz
###
##############################################################################
##############################################################################
* using log directory ‘/Users/biocbuild/bbs-3.14-bioc/meat/OmnipathR.Rcheck’
* using R version 4.1.3 (2022-03-10)
* using platform: x86_64-apple-darwin17.0 (64-bit)
* using session charset: UTF-8
* using option ‘--no-vignettes’
* checking for file ‘OmnipathR/DESCRIPTION’ ... OK
* checking extension type ... Package
* this is package ‘OmnipathR’ version ‘3.2.9’
* package encoding: UTF-8
* checking package namespace information ... OK
* checking package dependencies ... OK
* checking if this is a source package ... OK
* checking if there is a namespace ... OK
* checking for hidden files and directories ... OK
* checking for portable file names ... OK
* checking for sufficient/correct file permissions ... OK
* checking whether package ‘OmnipathR’ can be installed ... OK
* checking installed package size ... OK
* checking package directory ... OK
* checking ‘build’ directory ... OK
* checking DESCRIPTION meta-information ... OK
* checking top-level files ... OK
* checking for left-over files ... OK
* checking index information ... OK
* checking package subdirectories ... OK
* checking R files for non-ASCII characters ... OK
* checking R files for syntax errors ... OK
* checking whether the package can be loaded ... OK
* checking whether the package can be loaded with stated dependencies ... OK
* checking whether the package can be unloaded cleanly ... OK
* checking whether the namespace can be loaded with stated dependencies ... OK
* checking whether the namespace can be unloaded cleanly ... OK
* checking dependencies in R code ... OK
* checking S3 generic/method consistency ... OK
* checking replacement functions ... OK
* checking foreign function calls ... OK
* checking R code for possible problems ... NOTE
[2022-04-12 16:20:13] [INFO] [OmnipathR] Initialized cache: `/Users/biocbuild/Library/Caches/OmnipathR`.
[2022-04-12 16:20:14] [INFO] [OmnipathR] Welcome to OmnipathR!
[2022-04-12 16:20:14] [TRACE] [OmnipathR] Cache locked: FALSE
get_connections: no visible binding for global variable ‘description’
get_connections: no visible binding for global variable ‘con_id’
Undefined global functions or variables:
con_id description
* checking Rd files ... OK
* checking Rd metadata ... OK
* checking Rd cross-references ... OK
* checking for missing documentation entries ... OK
* checking for code/documentation mismatches ... OK
* checking Rd \usage sections ... OK
* checking Rd contents ... OK
* checking for unstated dependencies in examples ... OK
* checking R/sysdata.rda ... OK
* checking files in ‘vignettes’ ... OK
* checking examples ... ERROR
Running examples in ‘OmnipathR-Ex.R’ failed
The error most likely occurred in:
> base::assign(".ptime", proc.time(), pos = "CheckExEnv")
> ### Name: nichenet_lr_network
> ### Title: Builds a NicheNet ligand-receptor network
> ### Aliases: nichenet_lr_network
>
> ### ** Examples
>
> # load everything with the default parameters:
> lr_network <- nichenet_lr_network()
[2022-04-12 16:28:32] [SUCCESS] [OmnipathR] Starting to build NicheNet ligand-receptor network
[2022-04-12 16:28:32] [INFO] [OmnipathR] Loading resource `omnipath`.
[2022-04-12 16:28:33] [TRACE] [OmnipathR] Loaded data from RDS `/Users/biocbuild/Library/Caches/OmnipathR/3098404926bc0cf155d043ff0c6efe64e3424b74-1.rds`.
[2022-04-12 16:28:33] [INFO] [OmnipathR] Loaded from cache: `https://omnipathdb.org/interactions?genesymbols=yes&datasets=omnipath,pathwayextra,kinaseextra,ligrecextra&organisms=9606&fields=datasets,sources,references,curation_effort&license=academic`
[2022-04-12 16:28:35] [SUCCESS] [OmnipathR] Loaded 80237 interactions from cache.
[2022-04-12 16:28:35] [TRACE] [OmnipathR] Loaded data from RDS `/Users/biocbuild/Library/Caches/OmnipathR/1ac430724a20c137fc374a8499adabb468a12835-1.rds`.
[2022-04-12 16:28:35] [INFO] [OmnipathR] Loaded from cache: `https://omnipathdb.org/intercell?scope=generic&causality=trans&license=academic`
[2022-04-12 16:28:35] [SUCCESS] [OmnipathR] Loaded 27928 intercellular communication role records from cache.
[2022-04-12 16:28:36] [TRACE] [OmnipathR] Loaded data from RDS `/Users/biocbuild/Library/Caches/OmnipathR/552757063f9934c7b745a9c4247c3b5282a66c88-1.rds`.
[2022-04-12 16:28:36] [INFO] [OmnipathR] Loaded from cache: `https://omnipathdb.org/intercell?scope=generic&causality=rec&license=academic`
[2022-04-12 16:28:36] [SUCCESS] [OmnipathR] Loaded 43967 intercellular communication role records from cache.
[2022-04-12 16:30:20] [TRACE] [OmnipathR] Loaded data from RDS `/Users/biocbuild/Library/Caches/OmnipathR/88868f24833199a6a4a8e27980fa32cd50c1c600-1.rds`.
[2022-04-12 16:30:20] [INFO] [OmnipathR] Loaded from cache: `https://omnipathdb.org/intercell?license=academic`
[2022-04-12 16:30:21] [SUCCESS] [OmnipathR] Loaded 323572 intercellular communication role records from cache.
[2022-04-12 16:30:23] [TRACE] [OmnipathR] Loaded data from RDS `/Users/biocbuild/Library/Caches/OmnipathR/9ecbbba7b7129c316d69501f7af5c2aced05a498-1.rds`.
[2022-04-12 16:30:23] [INFO] [OmnipathR] Loaded from cache: `https://omnipathdb.org/intercell?aspect=locational&parent=secreted,plasma_membrane_transmembrane,plasma_membrane_peripheral&license=academic`
[2022-04-12 16:30:23] [SUCCESS] [OmnipathR] Loaded 21325 intercellular communication role records from cache.
[2022-04-12 16:30:24] [INFO] [OmnipathR] Loading resource `guide2pharma`.
[2022-04-12 16:30:24] [TRACE] [OmnipathR] Looking up in cache: `https://www.guidetopharmacology.org/DATA/interactions.tsv`.
[2022-04-12 16:30:25] [TRACE] [OmnipathR] Loaded data from RDS `/Users/biocbuild/Library/Caches/OmnipathR/6b853e2c431d0829466878e2e619ca4ec878523b-1.rds`.
[2022-04-12 16:30:25] [SUCCESS] [OmnipathR] Unknown source: downloaded 21146 records
Error in `filter()`:
! Problem while computing `..1 = target_species == "Human" &
ligand_species == "Human"`.
✖ Input `..1` must be of size 21146 or 1, not size 0.
Backtrace:
▆
1. ├─OmnipathR::nichenet_lr_network()
2. │ └─... %>% do.call(nichenet_network, .)
3. ├─base::do.call(nichenet_network, .)
4. ├─OmnipathR `<fn>`(...)
5. │ └─... %T>% ...
6. ├─tibble::as_tibble(.)
7. ├─dplyr::filter(., !is.na(from) & !is.na(to))
8. ├─dplyr::filter(., from != to)
9. ├─dplyr::bind_rows(.)
10. │ └─rlang::list2(...)
11. ├─purrr::map2(...)
12. │ └─OmnipathR .f(.x[[i]], .y[[i]], ...)
13. │ └─... %>% do.call(args)
14. ├─base::do.call(., args)
15. ├─OmnipathR `<fn>`()
16. │ └─... %>% ...
17. ├─OmnipathR:::nichenet_common_postprocess(...)
18. │ └─... %>% mutate(source = source, database = database)
19. ├─dplyr::mutate(., source = source, database = database)
20. ├─dplyr::distinct(.)
21. ├─dplyr::select(., from = !!from_col, to = !!to_col)
22. ├─dplyr::filter(...)
23. ├─dplyr:::filter.data.frame(...)
24. │ └─dplyr:::filter_rows(.data, ..., caller_env = caller_env())
25. │ └─dplyr:::filter_eval(dots, mask = mask, error_call = error_call)
26. │ ├─base::withCallingHandlers(...)
27. │ └─mask$eval_all_filter(dots, env_filter)
28. ├─dplyr:::dplyr_internal_error(...)
29. │ └─rlang::abort(class = c(class, "dplyr:::internal_error"), dplyr_error_data = data)
30. │ └─rlang:::signal_abort(cnd, .file)
31. │ └─base::signalCondition(cnd)
32. └─dplyr `<fn>`(`<dpl:::__>`)
33. └─rlang::abort(bullets, call = error_call, parent = skip_internal_condition(e))
Execution halted
* checking for unstated dependencies in ‘tests’ ... OK
* checking tests ...
Running ‘testthat.R’
OK
* checking for unstated dependencies in vignettes ... OK
* checking package vignettes in ‘inst/doc’ ... OK
* checking running R code from vignettes ... SKIPPED
* checking re-building of vignette outputs ... SKIPPED
* checking PDF version of manual ... OK
* DONE
Status: 1 ERROR, 1 NOTE
See
‘/Users/biocbuild/bbs-3.14-bioc/meat/OmnipathR.Rcheck/00check.log’
for details.
OmnipathR.Rcheck/00install.out
############################################################################## ############################################################################## ### ### Running command: ### ### /Library/Frameworks/R.framework/Resources/bin/R CMD INSTALL OmnipathR ### ############################################################################## ############################################################################## * installing to library ‘/Library/Frameworks/R.framework/Versions/4.1/Resources/library’ * installing *source* package ‘OmnipathR’ ... ** using staged installation ** R ** inst ** byte-compile and prepare package for lazy loading ** help *** installing help indices *** copying figures ** building package indices ** installing vignettes ** testing if installed package can be loaded from temporary location [2022-04-12 03:54:43] [INFO] [OmnipathR] Initialized cache: `/Users/biocbuild/Library/Caches/OmnipathR`. [2022-04-12 03:54:43] [INFO] [OmnipathR] Welcome to OmnipathR! [2022-04-12 03:54:43] [TRACE] [OmnipathR] Cache locked: FALSE ** testing if installed package can be loaded from final location [2022-04-12 03:54:45] [INFO] [OmnipathR] Initialized cache: `/Users/biocbuild/Library/Caches/OmnipathR`. [2022-04-12 03:54:46] [INFO] [OmnipathR] Welcome to OmnipathR! [2022-04-12 03:54:46] [TRACE] [OmnipathR] Cache locked: FALSE ** testing if installed package keeps a record of temporary installation path * DONE (OmnipathR)
OmnipathR.Rcheck/tests/testthat.Rout
R version 4.1.3 (2022-03-10) -- "One Push-Up"
Copyright (C) 2022 The R Foundation for Statistical Computing
Platform: x86_64-apple-darwin17.0 (64-bit)
R is free software and comes with ABSOLUTELY NO WARRANTY.
You are welcome to redistribute it under certain conditions.
Type 'license()' or 'licence()' for distribution details.
R is a collaborative project with many contributors.
Type 'contributors()' for more information and
'citation()' on how to cite R or R packages in publications.
Type 'demo()' for some demos, 'help()' for on-line help, or
'help.start()' for an HTML browser interface to help.
Type 'q()' to quit R.
> #!/usr/bin/env Rscript
>
> #
> # This file is part of the `OmnipathR` R package
> #
> # Copyright
> # 2018-2021
> # Saez Lab, Uniklinik RWTH Aachen, Heidelberg University
> #
> # File author(s): Alberto Valdeolivas
> # Dénes Türei (turei.denes@gmail.com)
> # Attila Gábor
> #
> # Distributed under the MIT (Expat) License.
> # See accompanying file `LICENSE` or find a copy at
> # https://directory.fsf.org/wiki/License:Expat
> #
> # Website: https://saezlab.github.io/omnipathr
> # Git repo: https://github.com/saezlab/OmnipathR
> #
>
>
> library(testthat)
> library(OmnipathR)
[2022-04-12 16:30:30] [INFO] [OmnipathR] Initialized cache: `/Users/biocbuild/Library/Caches/OmnipathR`.
[2022-04-12 16:30:30] [INFO] [OmnipathR] Welcome to OmnipathR!
[2022-04-12 16:30:30] [TRACE] [OmnipathR] Cache locked: FALSE
>
> test_check('OmnipathR')
[ FAIL 0 | WARN 0 | SKIP 0 | PASS 34 ]
>
> proc.time()
user system elapsed
12.645 0.699 27.766
OmnipathR.Rcheck/OmnipathR-Ex.timings
| name | user | system | elapsed | |
| OmnipathR | 0.000 | 0.001 | 0.000 | |
| all_uniprots | 0.265 | 0.011 | 0.278 | |
| ancestors | 7.962 | 0.397 | 8.373 | |
| annotated_network | 0.559 | 0.021 | 1.750 | |
| annotation_categories | 40.533 | 0.051 | 40.614 | |
| bioplex1 | 0.113 | 0.005 | 0.117 | |
| bioplex2 | 0.228 | 0.006 | 0.233 | |
| bioplex3 | 0.366 | 0.008 | 0.375 | |
| bioplex_all | 32.973 | 1.207 | 34.215 | |
| bioplex_hct116_1 | 0.281 | 0.004 | 0.285 | |
| bma_motif_es | 0.219 | 0.010 | 0.889 | |
| bma_motif_vs | 0.191 | 0.006 | 0.780 | |
| consensuspathdb_download | 0.000 | 0.001 | 0.000 | |
| consensuspathdb_raw_table | 7.544 | 0.120 | 7.673 | |
| descendants | 2.882 | 0.035 | 2.918 | |
| enzsub_graph | 1.266 | 0.019 | 1.871 | |
| evex_download | 81.586 | 1.625 | 82.417 | |
| filter_by_resource | 3.209 | 0.011 | 3.222 | |
| filter_intercell_network | 88.775 | 0.829 | 89.692 | |
| find_all_paths | 7.189 | 1.211 | 8.405 | |
| get_annotation_resources | 0.087 | 0.003 | 0.675 | |
| get_complex_genes | 0.725 | 0.005 | 0.731 | |
| get_complex_resources | 0.088 | 0.003 | 0.674 | |
| get_db | 0.401 | 0.074 | 0.476 | |
| get_enzsub_resources | 0.096 | 0.003 | 0.682 | |
| get_interaction_resources | 0.083 | 0.005 | 0.672 | |
| get_intercell_categories | 0.060 | 0.020 | 0.082 | |
| get_intercell_generic_categories | 0.051 | 0.004 | 0.054 | |
| get_intercell_resources | 0.093 | 0.003 | 0.681 | |
| get_ontology_db | 0.360 | 0.002 | 0.362 | |
| get_resources | 0.093 | 0.004 | 0.680 | |
| get_signed_ptms | 2.820 | 0.013 | 3.418 | |
| giant_component | 5.955 | 0.031 | 5.990 | |
| go_annot_download | 4.950 | 0.042 | 4.996 | |
| go_annot_slim | 0.000 | 0.000 | 0.001 | |
| go_ontology_download | 0.280 | 0.004 | 0.285 | |
| guide2pharma_download | 0.137 | 0.004 | 0.142 | |
| harmonizome_download | 0.164 | 0.014 | 0.176 | |
| hpo_download | 1.833 | 0.010 | 1.843 | |
| htridb_download | 0.153 | 0.004 | 0.157 | |
| import_all_interactions | 0.955 | 0.009 | 1.957 | |
| import_dorothea_interactions | 1.368 | 0.033 | 1.985 | |
| import_intercell_network | 5.867 | 0.044 | 5.922 | |
| import_kinaseextra_interactions | 0.545 | 0.006 | 1.159 | |
| import_ligrecextra_interactions | 0.300 | 0.005 | 0.888 | |
| import_lncrna_mrna_interactions | 0.306 | 0.004 | 0.967 | |
| import_mirnatarget_interactions | 0.374 | 0.005 | 0.964 | |
| import_omnipath_annotations | 0.126 | 0.004 | 0.713 | |
| import_omnipath_complexes | 0.178 | 0.005 | 0.766 | |
| import_omnipath_enzsub | 0.840 | 0.005 | 1.429 | |
| import_omnipath_interactions | 0.373 | 0.005 | 0.961 | |
| import_omnipath_intercell | 0.168 | 0.014 | 0.323 | |
| import_pathwayextra_interactions | 0.245 | 0.005 | 0.867 | |
| import_post_translational_interactions | 0.272 | 0.005 | 0.860 | |
| import_tf_mirna_interactions | 0.222 | 0.004 | 0.810 | |
| import_tf_target_interactions | 0.878 | 0.006 | 1.468 | |
| import_transcriptional_interactions | 1.176 | 0.007 | 1.769 | |
| inbiomap_download | 0.000 | 0.001 | 0.001 | |
| inbiomap_raw | 0.000 | 0.000 | 0.001 | |
| interaction_graph | 0.484 | 0.005 | 1.072 | |
| intercell_categories | 0.073 | 0.003 | 0.075 | |
| intercell_consensus_filter | 0.996 | 0.013 | 1.009 | |
| is_ontology_id | 0.000 | 0.000 | 0.001 | |
| kegg_info | 0.067 | 0.003 | 0.071 | |
| kegg_open | 0.003 | 0.004 | 0.008 | |
| kegg_pathway_annotations | 0 | 0 | 0 | |
| kegg_pathway_download | 1.507 | 0.175 | 1.685 | |
| kegg_pathway_list | 0.209 | 0.004 | 0.213 | |
| kegg_pathways_download | 0 | 0 | 0 | |
| kegg_picture | 0.242 | 0.018 | 2.198 | |
| kegg_process | 0.236 | 0.002 | 0.239 | |
| load_db | 0.491 | 0.010 | 0.543 | |
| nichenet_build_model | 3.035 | 0.046 | 3.084 | |
| nichenet_expression_data | 3.053 | 0.033 | 3.089 | |
| nichenet_gr_network | 7.579 | 0.393 | 7.986 | |
| nichenet_gr_network_evex | 82.351 | 1.298 | 82.965 | |
| nichenet_gr_network_harmonizome | 3.018 | 0.300 | 3.170 | |
| nichenet_gr_network_htridb | 0.110 | 0.004 | 0.115 | |
| nichenet_gr_network_omnipath | 13.197 | 0.588 | 13.843 | |
| nichenet_gr_network_pathwaycommons | 4.625 | 0.043 | 4.686 | |
| nichenet_gr_network_regnetwork | 1.677 | 0.163 | 1.677 | |
| nichenet_gr_network_remap | 0.000 | 0.001 | 0.000 | |
| nichenet_gr_network_trrust | 0.317 | 0.086 | 0.405 | |
| nichenet_ligand_activities | 0 | 0 | 0 | |
| nichenet_ligand_target_links | 0 | 0 | 0 | |
| nichenet_ligand_target_matrix | 0 | 0 | 0 | |